{"id":10399,"date":"2022-02-22T21:31:25","date_gmt":"2022-02-22T21:31:25","guid":{"rendered":"https:\/\/conadi.gob.gt\/web\/?page_id=10399"},"modified":"2022-03-24T16:11:18","modified_gmt":"2022-03-24T16:11:18","slug":"acceso-a-la-informacion-publica-2021","status":"publish","type":"page","link":"https:\/\/conadi.gob.gt\/web\/acceso-a-la-informacion-publica-2021\/","title":{"rendered":"Acceso a la Informaci\u00f3n P\u00fablica 2021"},"content":{"rendered":"<p><span style=\"color: #000000; font-size: 12pt;\"><strong>*Atenci\u00f3n de 8:00 a 16:30 horas de lunes a viernes\u00a0<\/strong><\/span><\/p>\n<p><span style=\"color: #000000; font-size: 12pt;\"><strong>*1a. avenida 4-19 Zona 1\u00a0 \u00a0<\/strong><\/span><\/p>\n<p><span style=\"color: #000000; font-size: 12pt;\"><strong>*PBX: 25016800 ext.2052\u00a0 E-mail:<\/strong><\/span><span style=\"color: #000000; font-size: 12pt;\"><strong>\u00a0informacion.publica@conadi.gob.gt<\/strong><\/span><\/p>\n<table style=\"height: 88px;\" width=\"489\">\n<tbody>\n<tr>\n<td colspan=\"4\" width=\"481\">\n<p style=\"text-align: center;\"><strong><em>INFORMACI\u00d3N P\u00daBLICA DE OFICIO A\u00d1OS ANTERIORES<\/em><\/strong><\/p>\n<\/td>\n<\/tr>\n<tr>\n<td width=\"120\">\n<p style=\"text-align: center;\"><strong><a href=\"https:\/\/conadi.gob.gt\/web\/acceso-a-la-informacion\/\">2015 \u2013 2017<\/a><\/strong><strong>\u00a0<\/strong><\/p>\n<\/td>\n<td style=\"text-align: center;\" width=\"120\"><strong><a href=\"https:\/\/conadi.gob.gt\/web\/acceso-a-la-informacion-2019\/\">2018 \u2013 2019<\/a><\/strong><strong style=\"font-size: revert; font-family: inherit; color: initial;\">\u00a0<\/strong><\/td>\n<td style=\"text-align: center;\" width=\"120\"><strong><a href=\"https:\/\/conadi.gob.gt\/web\/acceso-a-la-informacion-2019-2020\/\">2020<\/a><\/strong><strong>\u00a0<\/strong><\/td>\n<td width=\"120\">\n<p style=\"text-align: center;\">\n<\/td>\n<\/tr>\n<\/tbody>\n<\/table>\n<table style=\"height: 108px;\" width=\"479\">\n<tbody>\n<tr>\n<td colspan=\"4\" width=\"478\">\n<p style=\"text-align: center;\"><strong><em><span style=\"font-size: 10pt;\">DECRETO 57-2008 LEY DE ACCESO A LA INFORMACI\u00d3N P\u00daBLICA<\/span><\/em><\/strong><\/p>\n<\/td>\n<\/tr>\n<tr>\n<td width=\"163\">\n<p style=\"text-align: center;\"><strong><span style=\"font-size: 10pt;\"><a href=\"https:\/\/drive.google.com\/file\/d\/1e2Q3u2PhESuhJjJdn06LkSntK_UmsjKZ\/view?usp=sharing\">LENGUA DE SE\u00d1AS\u00a0<\/a><\/span><\/strong><\/p>\n<\/td>\n<td style=\"text-align: center;\" width=\"78\"><strong><span style=\"font-size: 10pt;\"><a href=\"https:\/\/conadi.gob.gt\/web\/wp-content\/uploads\/2020\/08\/DECRETO-57-2008-LEY-DE-ACCESO-A-LA-INFORMACI\u00d3N-P\u00daBLICA.docx\">\u00a0WORD<\/a><\/span><\/strong><\/td>\n<td style=\"text-align: center;\" width=\"121\"><strong><span style=\"font-size: 10pt;\"><a href=\"https:\/\/conadi.gob.gt\/web\/wp-content\/uploads\/2020\/08\/DECRETO-57-2008-LEY-DE-ACCESO-A-LA-INFORMACI\u00d3N-P\u00daBLICA.pdf\">\u00a0PDF<\/a><\/span><\/strong><\/td>\n<td width=\"116\">\n<p style=\"text-align: center;\"><strong><span style=\"font-size: 10pt;\"><a href=\"https:\/\/drive.google.com\/file\/d\/1kqt9B8yAh_1_uRkMG58rPeitDX4HbEEk\/view?usp=sharing\">AUDIO<\/a><\/span><\/strong><\/p>\n<\/td>\n<\/tr>\n<\/tbody>\n<\/table>\n<p><span style=\"color: #ff0000;\"><strong>NOTA: <\/strong><\/span>PARA TENER UN MEJOR ACCESO A LOS DOCUMENTOS EN FORMATO ACCESIBLE WORD Y EXCEL, SE SUGIERE UTILIZAR LOS NAVEGADORES WEB MICROSOFT EDGE O FIREFOX.<\/p>\n<h1><em><span style=\"font-size: 14pt;\"><strong>Informaci\u00f3n p\u00fablica de oficio a\u00f1o 2021:<\/strong><\/span><\/em><\/h1>\n<p><span style=\"font-size: 14pt;\"><strong>Art\u00edculo 10<\/strong><\/span><\/p>\n<p><span style=\"font-size: 12pt;\"><em><strong><a href=\"https:\/\/conadi.gob.gt\/web\/inciso-1-estructura-organica\/\">1.<\/a>\u00a0<\/strong><\/em><\/span><span style=\"font-size: 12pt;\"><em><a href=\"https:\/\/conadi.gob.gt\/web\/inciso-1-estructura-organica\/\">Estructura org\u00e1nica, funciones y marco normativo<\/a><\/em><\/span><\/p>\n<p><span style=\"font-size: 12pt;\"><a href=\"https:\/\/conadi.gob.gt\/web\/inciso-2-direccion-y-telefono-de-la-entidad-y-de-todas-las-dependencias-que-la-conforman\/\"><em><strong>2.<\/strong>\u00a0Direcci\u00f3n y Tel\u00e9fonos\u00a0<\/em><\/a><\/span><\/p>\n<p><span style=\"font-size: 12pt;\"><a href=\"https:\/\/conadi.gob.gt\/web\/inciso-3-directorio-de-empleados-y-servidores-publicos\/\"><em><strong>3.<\/strong>\u00a0Directorio de Empleados y Servidores P\u00fablicos<\/em><\/a><\/span><\/p>\n<p><span style=\"font-size: 12pt;\"><a href=\"https:\/\/conadi.gob.gt\/web\/inciso-4-numero-y-nombre-de-funcionarios-servidores-publicos-empleados-y-asesores-que-laboran-en-la-institucion-incluyendo-salarios\/\"><em><strong>4.<\/strong>\u00a0Remuneraciones<\/em><\/a><\/span><\/p>\n<p><span style=\"font-size: 12pt;\"><a href=\"https:\/\/conadi.gob.gt\/web\/inciso-5-la-mision-y-objetivos-de-la-institucion-su-plan-operativo-anual-y-los-resultados-en-el-cumplimiento-de-los-mismos\/\"><em><strong>5.<\/strong>\u00a0Misi\u00f3n, Objetivos y POA de la instituci\u00f3n<\/em><\/a><\/span><\/p>\n<p><span style=\"font-size: 12pt;\"><a href=\"https:\/\/conadi.gob.gt\/web\/inciso-6-manuales-de-procedimientos-tanto-administrativos-como-operativos\/\"><em><strong>6.<\/strong>\u00a0Manuales de procedimientos<\/em><\/a><\/span><\/p>\n<p><span style=\"font-size: 12pt;\"><a href=\"https:\/\/conadi.gob.gt\/web\/inciso-7-la-informacion-sobre-el-presupuesto-de-ingresos-y-egresos-asignado-a-cada-ejercicio-fiscal-incluyendo-modificaciones\/\"><em><strong>7.<\/strong>\u00a0Presupuesto de ingresos y egresos\u00a0<\/em><\/a><\/span><\/p>\n<p><span style=\"font-size: 12pt;\"><a href=\"https:\/\/conadi.gob.gt\/web\/inciso-8-los-informes-mensuales-de-ejecucion-presupuestaria\/\"><em><strong>8.\u00a0<\/strong>Ejecuci\u00f3n presupuestaria\u00a0<\/em><\/a><\/span><\/p>\n<p><span style=\"font-size: 12pt;\"><a href=\"https:\/\/conadi.gob.gt\/web\/inciso-9-depositos-constituidos-con-fondos-publicos\/\"><em><strong>9.<\/strong>\u00a0Dep\u00f3sitos\u00a0 con fondos p\u00fablicos\u00a0\u00a0<\/em><\/a><\/span><\/p>\n<p><span style=\"font-size: 12pt;\"><a href=\"https:\/\/conadi.gob.gt\/web\/inciso-10-procesos-de-cotizacion-y-licitacion\/\"><em><strong>10.<\/strong>\u00a0Procesos de cotizaci\u00f3n y licitaci\u00f3n\u00a0<\/em><\/a><\/span><\/p>\n<p><span style=\"font-size: 12pt;\"><a href=\"https:\/\/conadi.gob.gt\/web\/inciso-11-contrataciones-de-bienes-y-servicios\/\"><em><strong>11. <\/strong>Contrataciones de bienes y servicios\u00a0<\/em><\/a><\/span><\/p>\n<p><span style=\"font-size: 12pt;\"><a href=\"https:\/\/conadi.gob.gt\/web\/inciso-12-viajes-nacionales-e-internacionales\/\"><em><strong>12.<\/strong>\u00a0Viajes nacionales e internacionales\u00a0<\/em><\/a><\/span><\/p>\n<p><span style=\"font-size: 12pt;\"><a href=\"https:\/\/conadi.gob.gt\/web\/inciso-13-inventario-de-bienes-muebles-e-inmuebles\/\"><em><strong>13.<\/strong>\u00a0Inventario de bienes y servicios<\/em><\/a><\/span><\/p>\n<p><span style=\"font-size: 12pt;\"><em><a href=\"https:\/\/conadi.gob.gt\/web\/inciso-13-contratos-de-mantenimiento\/\"><strong>14.<\/strong>\u00a0Contratos de mantenimiento<\/a>\u00a0<\/em><\/span><\/p>\n<p><span style=\"font-size: 12pt;\"><a href=\"https:\/\/conadi.gob.gt\/web\/inciso-15-montos-asignados\/\"><em><strong>15.<\/strong>\u00a0Programas de subsidios, becas o transferencias\u00a0<\/em><\/a><\/span><\/p>\n<p><span style=\"font-size: 12pt;\"><em><a href=\"https:\/\/conadi.gob.gt\/web\/inciso-16-la-informacion-relacionada-a-los-contratos-licencias-o-concesiones-para-el-usufructo-o-explotacion-de-bienes-del-estado\/\"><strong>16.<\/strong>\u00a0Contratos, licencias y concesiones<\/a>\u00a0<\/em><\/span><\/p>\n<p><span style=\"font-size: 12pt;\"><a href=\"https:\/\/conadi.gob.gt\/web\/inciso-17-empresas-precalificadas\/\"><em><strong>17.<\/strong>\u00a0Empresas precalificadas\u00a0<\/em><\/a><\/span><\/p>\n<p><span style=\"font-size: 12pt;\"><a href=\"https:\/\/conadi.gob.gt\/web\/inciso-18-el-listado-de-las-obras-en-ejecucion-o-ejecutadas\/\"><em><strong>18.<\/strong>\u00a0Obras en ejecuci\u00f3n o ejecutadas\u00a0<\/em><\/a><\/span><\/p>\n<p><span style=\"font-size: 12pt;\"><a href=\"https:\/\/conadi.gob.gt\/web\/inciso-19-contratos-de-arrendamiento\/\"><em><strong>19.<\/strong>\u00a0Contratos de arrendamiento\u00a0<\/em><\/a><\/span><\/p>\n<p><span style=\"font-size: 12pt;\"><a href=\"https:\/\/conadi.gob.gt\/web\/inciso-20-contrataciones-por-cotizacion-y-licitacion\/\"><em><strong>20.<\/strong>\u00a0Contrataciones por cotizaci\u00f3n y licitaci\u00f3n\u00a0<\/em><\/a><\/span><\/p>\n<p><span style=\"font-size: 12pt;\"><a href=\"https:\/\/conadi.gob.gt\/web\/inciso-21-fideicomisos\/\"><em><strong>21.\u00a0<\/strong>Fideicomisos\u00a0<\/em><\/a><\/span><\/p>\n<p><span style=\"font-size: 12pt;\"><a href=\"https:\/\/conadi.gob.gt\/web\/inciso-22-compras-directas\/\"><em><strong>22.<\/strong>\u00a0Compras directas\u00a0<\/em><\/a><\/span><\/p>\n<p><span style=\"font-size: 12pt;\"><a href=\"https:\/\/conadi.gob.gt\/web\/inciso-23-informes-de-auditorias-gubernamentales-y-privadas\/\"><em><strong>23.<\/strong>\u00a0Auditorias gubernamentales o privadas\u00a0<\/em><\/a><\/span><\/p>\n<p><span style=\"font-size: 12pt;\"><a href=\"https:\/\/conadi.gob.gt\/web\/inciso-24-entidades-de-caracter-internacional-2\/\"><em><strong>24.<\/strong>\u00a0Entidades car\u00e1cter internacional<\/em><\/a><\/span><\/p>\n<p><span style=\"font-size: 12pt;\"><a href=\"https:\/\/conadi.gob.gt\/web\/inciso-25-entidades-no-gubernamentales-o-de-caracter-privado\/\"><em><strong>25.\u00a0<\/strong>Entidades no gubernamentales o privadas\u00a0<\/em><\/a><\/span><\/p>\n<p><span style=\"font-size: 12pt;\"><a href=\"https:\/\/conadi.gob.gt\/web\/inciso-26-archivo\/\"><em><strong>26.<\/strong>\u00a0Informe anual sobre funcionamiento y finalidad del archivo<\/em><\/a><\/span><\/p>\n<p><span style=\"font-size: 12pt;\"><a href=\"https:\/\/conadi.gob.gt\/web\/inciso-27-indice-de-la-informacion-clasificada\/\"><em><strong style=\"font-size: 12pt;\">27.<\/strong>\u00a0\u00cdndice\u00a0de la informaci\u00f3n clasificada\u00a0<\/em><\/a><\/span><\/p>\n<p><span style=\"font-size: 12pt;\"><a href=\"https:\/\/conadi.gob.gt\/web\/inciso-28-pertenencia-sociolinguistica\/\"><em><strong>28.<\/strong>\u00a0Informe de pertenencia socioling\u00fc\u00edstica\u00a0<\/em><\/a><\/span><\/p>\n<p><span style=\"font-size: 12pt;\"><a href=\"https:\/\/conadi.gob.gt\/web\/inciso-29-informacion-de-utilidad\/\"><em><strong>29.<\/strong>\u00a0Informaci\u00f3n adicional:\u00a0<\/em><\/a><\/span>CONVENIOS VIGENTES, OFICINAS\u00a0MUNICIPALES DE DISCAPACIDAD, MEMORIAS DE LABORES, LEYES, DECRETOS E INICIATIVAS DE LEY<\/p>\n<hr \/>\n<p><span style=\"font-size: 14pt;\"><strong>Art\u00edculo 11<\/strong><\/span><\/p>\n<p><span style=\"font-size: 12pt;\"><a href=\"https:\/\/conadi.gob.gt\/web\/articulo-11-inciso-1-el-ejercicio-de-su-presupuesto-asignado-por-ministerios-viceministerio-direcciones-generales-e-instituciones-descentralizadas\/\"><em><strong>1.\u00a0<\/strong>Ejercicio presupuestario<\/em><\/a><\/span><\/p>\n<p><span style=\"font-size: 12pt;\"><a href=\"https:\/\/conadi.gob.gt\/web\/articulo-11-inciso-2-el-listado-de-asesores\/\"><em><strong>2. <\/strong>Listado de asesores<\/em><\/a><\/span><\/p>\n<p><span style=\"font-size: 12pt;\"><a href=\"https:\/\/conadi.gob.gt\/web\/articulo-11-inciso-3-viaticos-al-exterior\/\"><em><b style=\"font-size: 12pt;\">3. <\/b>Informe de Gastos y Vi\u00e1ticos\u00a0al exterior<\/em><\/a><\/span><\/p>\n<div class=\"pvc_clear\"><\/div>\n<p id=\"pvc_stats_10399\" class=\"pvc_stats all  \" data-element-id=\"10399\" style=\"\"><i class=\"pvc-stats-icon medium\" aria-hidden=\"true\"><svg aria-hidden=\"true\" focusable=\"false\" data-prefix=\"far\" data-icon=\"chart-bar\" role=\"img\" xmlns=\"http:\/\/www.w3.org\/2000\/svg\" viewBox=\"0 0 512 512\" class=\"svg-inline--fa fa-chart-bar fa-w-16 fa-2x\"><path fill=\"currentColor\" d=\"M396.8 352h22.4c6.4 0 12.8-6.4 12.8-12.8V108.8c0-6.4-6.4-12.8-12.8-12.8h-22.4c-6.4 0-12.8 6.4-12.8 12.8v230.4c0 6.4 6.4 12.8 12.8 12.8zm-192 0h22.4c6.4 0 12.8-6.4 12.8-12.8V140.8c0-6.4-6.4-12.8-12.8-12.8h-22.4c-6.4 0-12.8 6.4-12.8 12.8v198.4c0 6.4 6.4 12.8 12.8 12.8zm96 0h22.4c6.4 0 12.8-6.4 12.8-12.8V204.8c0-6.4-6.4-12.8-12.8-12.8h-22.4c-6.4 0-12.8 6.4-12.8 12.8v134.4c0 6.4 6.4 12.8 12.8 12.8zM496 400H48V80c0-8.84-7.16-16-16-16H16C7.16 64 0 71.16 0 80v336c0 17.67 14.33 32 32 32h464c8.84 0 16-7.16 16-16v-16c0-8.84-7.16-16-16-16zm-387.2-48h22.4c6.4 0 12.8-6.4 12.8-12.8v-70.4c0-6.4-6.4-12.8-12.8-12.8h-22.4c-6.4 0-12.8 6.4-12.8 12.8v70.4c0 6.4 6.4 12.8 12.8 12.8z\" class=\"\"><\/path><\/svg><\/i> <img loading=\"lazy\" decoding=\"async\" width=\"16\" height=\"16\" alt=\"Loading\" src=\"https:\/\/conadi.gob.gt\/web\/wp-content\/plugins\/page-views-count\/ajax-loader-2x.gif\" border=0 \/><\/p>\n<div class=\"pvc_clear\"><\/div>\n","protected":false},"excerpt":{"rendered":"<p>*Atenci\u00f3n de 8:00 a 16:30 horas de lunes a viernes\u00a0 *1a. avenida 4-19 Zona 1\u00a0 \u00a0 *PBX: 25016800 ext.2052\u00a0 E-mail:\u00a0informacion.publica@conadi.gob.gt INFORMACI\u00d3N P\u00daBLICA DE OFICIO A\u00d1OS ANTERIORES 2015 \u2013 2017\u00a0 2018 \u2013 2019\u00a0 2020\u00a0 DECRETO 57-2008 LEY DE ACCESO A LA INFORMACI\u00d3N P\u00daBLICA LENGUA DE SE\u00d1AS\u00a0 \u00a0WORD \u00a0PDF AUDIO NOTA: PARA TENER UN MEJOR ACCESO A &hellip; <\/p>\n<p class=\"link-more\"><a href=\"https:\/\/conadi.gob.gt\/web\/acceso-a-la-informacion-publica-2021\/\" class=\"more-link\">Leer m\u00e1s<span class=\"screen-reader-text\"> \u00abAcceso a la Informaci\u00f3n P\u00fablica 2021\u00bb<\/span><\/a><\/p>\n<div class=\"pvc_clear\"><\/div>\n<p id=\"pvc_stats_10399\" class=\"pvc_stats all  \" data-element-id=\"10399\" style=\"\"><i class=\"pvc-stats-icon medium\" aria-hidden=\"true\"><svg aria-hidden=\"true\" focusable=\"false\" data-prefix=\"far\" data-icon=\"chart-bar\" role=\"img\" xmlns=\"http:\/\/www.w3.org\/2000\/svg\" viewBox=\"0 0 512 512\" class=\"svg-inline--fa fa-chart-bar fa-w-16 fa-2x\"><path fill=\"currentColor\" d=\"M396.8 352h22.4c6.4 0 12.8-6.4 12.8-12.8V108.8c0-6.4-6.4-12.8-12.8-12.8h-22.4c-6.4 0-12.8 6.4-12.8 12.8v230.4c0 6.4 6.4 12.8 12.8 12.8zm-192 0h22.4c6.4 0 12.8-6.4 12.8-12.8V140.8c0-6.4-6.4-12.8-12.8-12.8h-22.4c-6.4 0-12.8 6.4-12.8 12.8v198.4c0 6.4 6.4 12.8 12.8 12.8zm96 0h22.4c6.4 0 12.8-6.4 12.8-12.8V204.8c0-6.4-6.4-12.8-12.8-12.8h-22.4c-6.4 0-12.8 6.4-12.8 12.8v134.4c0 6.4 6.4 12.8 12.8 12.8zM496 400H48V80c0-8.84-7.16-16-16-16H16C7.16 64 0 71.16 0 80v336c0 17.67 14.33 32 32 32h464c8.84 0 16-7.16 16-16v-16c0-8.84-7.16-16-16-16zm-387.2-48h22.4c6.4 0 12.8-6.4 12.8-12.8v-70.4c0-6.4-6.4-12.8-12.8-12.8h-22.4c-6.4 0-12.8 6.4-12.8 12.8v70.4c0 6.4 6.4 12.8 12.8 12.8z\" class=\"\"><\/path><\/svg><\/i> <img loading=\"lazy\" decoding=\"async\" width=\"16\" height=\"16\" alt=\"Loading\" src=\"https:\/\/conadi.gob.gt\/web\/wp-content\/plugins\/page-views-count\/ajax-loader-2x.gif\" border=0 \/><\/p>\n<div class=\"pvc_clear\"><\/div>\n","protected":false},"author":8,"featured_media":0,"parent":0,"menu_order":0,"comment_status":"closed","ping_status":"closed","template":"","meta":{"inspiro_hide_title":false,"footnotes":""},"class_list":["post-10399","page","type-page","status-publish","hentry"],"_links":{"self":[{"href":"https:\/\/conadi.gob.gt\/web\/wp-json\/wp\/v2\/pages\/10399","targetHints":{"allow":["GET"]}}],"collection":[{"href":"https:\/\/conadi.gob.gt\/web\/wp-json\/wp\/v2\/pages"}],"about":[{"href":"https:\/\/conadi.gob.gt\/web\/wp-json\/wp\/v2\/types\/page"}],"author":[{"embeddable":true,"href":"https:\/\/conadi.gob.gt\/web\/wp-json\/wp\/v2\/users\/8"}],"replies":[{"embeddable":true,"href":"https:\/\/conadi.gob.gt\/web\/wp-json\/wp\/v2\/comments?post=10399"}],"version-history":[{"count":5,"href":"https:\/\/conadi.gob.gt\/web\/wp-json\/wp\/v2\/pages\/10399\/revisions"}],"predecessor-version":[{"id":10812,"href":"https:\/\/conadi.gob.gt\/web\/wp-json\/wp\/v2\/pages\/10399\/revisions\/10812"}],"wp:attachment":[{"href":"https:\/\/conadi.gob.gt\/web\/wp-json\/wp\/v2\/media?parent=10399"}],"curies":[{"name":"wp","href":"https:\/\/api.w.org\/{rel}","templated":true}]}}