{"id":12517,"date":"2023-01-24T14:18:19","date_gmt":"2023-01-24T14:18:19","guid":{"rendered":"https:\/\/conadi.gob.gt\/web\/?page_id=12517"},"modified":"2023-06-20T15:01:33","modified_gmt":"2023-06-20T15:01:33","slug":"gobierno-abierto","status":"publish","type":"page","link":"https:\/\/conadi.gob.gt\/web\/gobierno-abierto\/","title":{"rendered":"Gobierno Abierto"},"content":{"rendered":"\n<p>La Alianza para Gobierno Abierto (AGA), es una iniciativa multilateral voluntaria en la que participan m\u00e1s de 70 pa\u00edses, creada el 20 de septiembre de 2011 a trav\u00e9s de la Declaraci\u00f3n sobre Gobierno Abierto, que busca mejorar el desempe\u00f1o gubernamental, fomentar la participaci\u00f3n efectiva y mejorar la capacidad de respuesta de los gobiernos hacia sus ciudadanos, mediante la implementaci\u00f3n de estrategias en materia de transparencia, acceso a la informaci\u00f3n, participaci\u00f3n ciudadana y uso de nuevas tecnolog\u00edas, que logren generar cambios concretos y visibles.<\/p>\n\n\n\n<p>En ese sentido, la Iniciativa de Gobierno Abierto se convierte en un mecanismo propicio para la prevenci\u00f3n de la corrupci\u00f3n y transformaci\u00f3n de la gesti\u00f3n p\u00fablica, mediante un espacio de discusi\u00f3n y dialogo de representantes de instituciones p\u00fablicas y organizaciones de sociedad civil&nbsp; en la construcci\u00f3n de compromisos que forman parte del Plan de Acci\u00f3n Nacional de Gobierno Abierto.<\/p>\n\n\n\n<h4 class=\"wp-block-heading\">INCLUSI\u00d3N SOCIAL Y POBLACIONES EN CONDICIONES DE VULNERABILIDAD<\/h4>\n\n\n\n<p><strong>COMPROMISO No. 9<\/strong><\/p>\n\n\n\n<p>Revisi\u00f3n de la Pol\u00edtica Nacional de Discapacidad que incluya como producto la elaboraci\u00f3n de un documento que contenga una ante propuesta de modificaci\u00f3n a la Pol\u00edtica actual, aline\u00e1ndose a la garant\u00eda de Derechos civiles, econ\u00f3micos y sociales establecidos en la Convenci\u00f3n sobre los Derechos de Personas con Discapacidad de la Organizaci\u00f3n de Naciones Unidas \u2013 ONU \u2013<\/p>\n\n\n\n<p><a rel=\"noreferrer noopener\" href=\"https:\/\/conadi.gob.gt\/web\/wp-content\/uploads\/2023\/02\/Cronograma-de-actividades.pdf\" target=\"_blank\">Cronograma de actividades<\/a><\/p>\n\n\n\n<p><strong>HITO 01<\/strong><\/p>\n\n\n\n<ol class=\"wp-block-list\"><li><a rel=\"noreferrer noopener\" href=\"https:\/\/conadi.gob.gt\/web\/wp-content\/uploads\/2023\/02\/ACUERDO-MINISTERIAL-214-2022-MINISTERIO-DE-SALUD-PUBLICA-Y-ASISTENCIA-SOCIAL.pdf\" target=\"_blank\">ACUERDO-MINISTERIAL-214-2022<\/a><\/li><li><a rel=\"noreferrer noopener\" href=\"https:\/\/conadi.gob.gt\/web\/wp-content\/uploads\/2023\/02\/Actividad-subsector.pdf\" target=\"_blank\">Actividad subsector<\/a><\/li><li><a rel=\"noreferrer noopener\" href=\"https:\/\/conadi.gob.gt\/web\/wp-content\/uploads\/2023\/02\/AVANCES-2022-2023.pdf\" target=\"_blank\">AVANCES 2022-2023 (PDF)<\/a><\/li><li><a rel=\"noreferrer noopener\" href=\"https:\/\/conadi.gob.gt\/web\/wp-content\/uploads\/2023\/02\/AVANCES-2022-2023.docx\" target=\"_blank\">AVANCES 2022-2023 (Word)<\/a><\/li><li><a rel=\"noreferrer noopener\" href=\"https:\/\/conadi.gob.gt\/web\/wp-content\/uploads\/2023\/02\/Conversatorio-sobre-Certificacion-de-Personas-con-Discapacidad.docx\" target=\"_blank\">Conversatorio sobre Certificaci\u00f3n de Personas con Discapacidad<\/a><\/li><li><a rel=\"noreferrer noopener\" href=\"https:\/\/conadi.gob.gt\/web\/wp-content\/uploads\/2023\/02\/Informe-Conversatorio-Desafio-de-la-Inclusion.docx\" target=\"_blank\">Informe Conversatorio Desaf\u00edo de la Inclusi\u00f3n<\/a><\/li><li><a rel=\"noreferrer noopener\" href=\"https:\/\/conadi.gob.gt\/web\/wp-content\/uploads\/2023\/02\/Intercambio-de-experiencias-sobre-la-Certificacion-de-las-Personas-con-Discapacidad-Guatemala-Espana.docx\" target=\"_blank\">Intercambio de experiencias sobre la Certificaci\u00f3n de las Personas con Discapacidad Guatemala-Espa\u00f1a<\/a><\/li><li><a rel=\"noreferrer noopener\" href=\"https:\/\/conadi.gob.gt\/web\/wp-content\/uploads\/2023\/02\/Mesa-de-Trabajo-Equipo-Tecnico-CONADI-Espana.docx\" target=\"_blank\">Mesa de Trabajo Equipo T\u00e9cnico CONADI-Espa\u00f1a<\/a><\/li><li><a href=\"https:\/\/conadi.gob.gt\/web\/wp-content\/uploads\/2023\/04\/OFICIO-PRESIDENTA-CONADI-DIRIGIDO-A-GAE-EN-CUMPLIMIENTO-DE-HITO-1-EN-SU-TOTALIDAD.pdf\" target=\"_blank\" rel=\"noreferrer noopener\">OFICIO PRESIDENTA CONADI DIRIGIDO A GAE EN CUMPLIMIENTO DE HITO 1 EN SU TOTALIDAD<\/a><\/li><\/ol>\n\n\n\n<p><strong>HITO 02<\/strong><\/p>\n\n\n\n<ol class=\"wp-block-list\"><li><a rel=\"noreferrer noopener\" href=\"https:\/\/conadi.gob.gt\/web\/wp-content\/uploads\/2023\/04\/MINUTA-SOBRE-REUNION-EN-CONGRESO-DE-LA-REPUBLICA-EN-SEGUIMIENTO-DE-LEY-DE-CERTIFICACION-DE-PERSONAS-CON-DISCAPACIDAD-WORD.docx\" target=\"_blank\">MINUTA EN SEGUIMIENTO DE LEY DE CERTIFICACI\u00d3N DE PERSONAS CON DISCAPACIDAD<\/a><\/li><li><a rel=\"noreferrer noopener\" href=\"https:\/\/conadi.gob.gt\/web\/wp-content\/uploads\/2023\/05\/MINUTA-2-COMISION-DE-DERECHOS-HUMANOS-DEL-CONGRESO-DE-LA-REPUBLICA.pdf\" target=\"_blank\">MINUTA 2 COMISI\u00d3N DE DERECHOS HUMANOS DEL CONGRESO DE LA REP\u00daBLICA<\/a><\/li><li><a href=\"https:\/\/conadi.gob.gt\/web\/wp-content\/uploads\/2023\/05\/INFORME-INICIATIVA-5463-15-05-2023.pdf\" target=\"_blank\" rel=\"noreferrer noopener\">INFORME INICIATIVA 5463 15-05-2023<\/a><\/li><\/ol>\n\n\n\n<p><strong>HITO 03<\/strong><\/p>\n\n\n\n<ol class=\"wp-block-list\"><li><a rel=\"noreferrer noopener\" href=\"https:\/\/conadi.gob.gt\/web\/wp-content\/uploads\/2023\/04\/INFORME-CIF.docx\" target=\"_blank\">INFORME CIF<\/a><\/li><li><a rel=\"noreferrer noopener\" href=\"https:\/\/conadi.gob.gt\/web\/wp-content\/uploads\/2023\/04\/MINUTA-ACTIVIDAD-CERTIFICACION-27-DE-FEBRERO.docx\" target=\"_blank\">MINUTA ACTIVIDAD CERTIFICACI\u00d3N 27 DE FEBRERO<\/a><\/li><li><a rel=\"noreferrer noopener\" href=\"https:\/\/conadi.gob.gt\/web\/wp-content\/uploads\/2023\/04\/MINUTA-ACTIVIDAD-CERTIFICACION-28-DE-FEBRERO.docx\" target=\"_blank\">MINUTA ACTIVIDAD CERTIFICACI\u00d3N 28 DE FEBRERO<\/a><\/li><li><a rel=\"noreferrer noopener\" href=\"https:\/\/conadi.gob.gt\/web\/wp-content\/uploads\/2023\/04\/MINUTA-ACTIVIDAD-CERTIFICACION-1-DE-MARZO.docx\" target=\"_blank\">MINUTA ACTIVIDAD CERTIFICACI\u00d3N 1 DE MARZO<\/a><\/li><li><a rel=\"noreferrer noopener\" href=\"https:\/\/conadi.gob.gt\/web\/wp-content\/uploads\/2023\/04\/MINUTA-ACTIVIDAD-CERTIFICACION-2-DE-MARZO.docx\" target=\"_blank\">MINUTA ACTIVIDAD CERTIFICACI\u00d3N 2 DE MARZO<\/a><\/li><li><a rel=\"noreferrer noopener\" href=\"https:\/\/conadi.gob.gt\/web\/wp-content\/uploads\/2023\/04\/MINUTA-ACTIVIDAD-CERTIFICACION-3-DE-MARZO.docx\" target=\"_blank\">MINUTA ACTIVIDAD CERTIFICACI\u00d3N 3 DE MARZO<\/a><\/li><li><a href=\"https:\/\/conadi.gob.gt\/web\/wp-content\/uploads\/2023\/06\/MINUTA-ACTIVIDAD-CERTIFICACION-24-28-DE-ABRIL.docx\" target=\"_blank\" rel=\"noreferrer noopener\">MINUTA ACTIVIDAD CERTIFICACI\u00d3N 24-28 DE ABRIL<\/a><\/li><\/ol>\n\n\n\n<p><strong>HITO 04<\/strong><\/p>\n\n\n\n<ol class=\"wp-block-list\"><li><a href=\"https:\/\/conadi.gob.gt\/web\/wp-content\/uploads\/2023\/06\/INFORME-DE-ACTIVIDAD-CIF-31-DE-MAYO-CUMPLIMIENTO-HITO-04-GAE.docx\" target=\"_blank\" rel=\"noreferrer noopener\">INFORME DE ACTIVIDAD CIF 31 DE MAYO CUMPLIMIENTO HITO 04 GAE<\/a><\/li><\/ol>\n<div class=\"pvc_clear\"><\/div><p id=\"pvc_stats_12517\" class=\"pvc_stats all  \" data-element-id=\"12517\" style=\"\"><i class=\"pvc-stats-icon medium\" aria-hidden=\"true\"><svg aria-hidden=\"true\" focusable=\"false\" data-prefix=\"far\" data-icon=\"chart-bar\" role=\"img\" xmlns=\"http:\/\/www.w3.org\/2000\/svg\" viewBox=\"0 0 512 512\" class=\"svg-inline--fa fa-chart-bar fa-w-16 fa-2x\"><path fill=\"currentColor\" d=\"M396.8 352h22.4c6.4 0 12.8-6.4 12.8-12.8V108.8c0-6.4-6.4-12.8-12.8-12.8h-22.4c-6.4 0-12.8 6.4-12.8 12.8v230.4c0 6.4 6.4 12.8 12.8 12.8zm-192 0h22.4c6.4 0 12.8-6.4 12.8-12.8V140.8c0-6.4-6.4-12.8-12.8-12.8h-22.4c-6.4 0-12.8 6.4-12.8 12.8v198.4c0 6.4 6.4 12.8 12.8 12.8zm96 0h22.4c6.4 0 12.8-6.4 12.8-12.8V204.8c0-6.4-6.4-12.8-12.8-12.8h-22.4c-6.4 0-12.8 6.4-12.8 12.8v134.4c0 6.4 6.4 12.8 12.8 12.8zM496 400H48V80c0-8.84-7.16-16-16-16H16C7.16 64 0 71.16 0 80v336c0 17.67 14.33 32 32 32h464c8.84 0 16-7.16 16-16v-16c0-8.84-7.16-16-16-16zm-387.2-48h22.4c6.4 0 12.8-6.4 12.8-12.8v-70.4c0-6.4-6.4-12.8-12.8-12.8h-22.4c-6.4 0-12.8 6.4-12.8 12.8v70.4c0 6.4 6.4 12.8 12.8 12.8z\" class=\"\"><\/path><\/svg><\/i> <img loading=\"lazy\" decoding=\"async\" width=\"16\" height=\"16\" alt=\"Loading\" src=\"https:\/\/conadi.gob.gt\/web\/wp-content\/plugins\/page-views-count\/ajax-loader-2x.gif\" border=0 \/><\/p><div class=\"pvc_clear\"><\/div>","protected":false},"excerpt":{"rendered":"<p>La Alianza para Gobierno Abierto (AGA), es una iniciativa multilateral voluntaria en la que participan m\u00e1s de 70 pa\u00edses, creada el 20 de septiembre de 2011 a trav\u00e9s de la Declaraci\u00f3n sobre Gobierno Abierto, que busca mejorar el desempe\u00f1o gubernamental, fomentar la participaci\u00f3n efectiva y mejorar la capacidad de respuesta de los gobiernos hacia sus &hellip; <\/p>\n<p class=\"link-more\"><a href=\"https:\/\/conadi.gob.gt\/web\/gobierno-abierto\/\" class=\"more-link\">Leer m\u00e1s<span class=\"screen-reader-text\"> \u00abGobierno Abierto\u00bb<\/span><\/a><\/p>\n<div class=\"pvc_clear\"><\/div>\n<p id=\"pvc_stats_12517\" class=\"pvc_stats all  \" data-element-id=\"12517\" style=\"\"><i class=\"pvc-stats-icon medium\" aria-hidden=\"true\"><svg aria-hidden=\"true\" focusable=\"false\" data-prefix=\"far\" data-icon=\"chart-bar\" role=\"img\" xmlns=\"http:\/\/www.w3.org\/2000\/svg\" viewBox=\"0 0 512 512\" class=\"svg-inline--fa fa-chart-bar fa-w-16 fa-2x\"><path fill=\"currentColor\" d=\"M396.8 352h22.4c6.4 0 12.8-6.4 12.8-12.8V108.8c0-6.4-6.4-12.8-12.8-12.8h-22.4c-6.4 0-12.8 6.4-12.8 12.8v230.4c0 6.4 6.4 12.8 12.8 12.8zm-192 0h22.4c6.4 0 12.8-6.4 12.8-12.8V140.8c0-6.4-6.4-12.8-12.8-12.8h-22.4c-6.4 0-12.8 6.4-12.8 12.8v198.4c0 6.4 6.4 12.8 12.8 12.8zm96 0h22.4c6.4 0 12.8-6.4 12.8-12.8V204.8c0-6.4-6.4-12.8-12.8-12.8h-22.4c-6.4 0-12.8 6.4-12.8 12.8v134.4c0 6.4 6.4 12.8 12.8 12.8zM496 400H48V80c0-8.84-7.16-16-16-16H16C7.16 64 0 71.16 0 80v336c0 17.67 14.33 32 32 32h464c8.84 0 16-7.16 16-16v-16c0-8.84-7.16-16-16-16zm-387.2-48h22.4c6.4 0 12.8-6.4 12.8-12.8v-70.4c0-6.4-6.4-12.8-12.8-12.8h-22.4c-6.4 0-12.8 6.4-12.8 12.8v70.4c0 6.4 6.4 12.8 12.8 12.8z\" class=\"\"><\/path><\/svg><\/i> <img loading=\"lazy\" decoding=\"async\" width=\"16\" height=\"16\" alt=\"Loading\" src=\"https:\/\/conadi.gob.gt\/web\/wp-content\/plugins\/page-views-count\/ajax-loader-2x.gif\" border=0 \/><\/p>\n<div class=\"pvc_clear\"><\/div>\n","protected":false},"author":12,"featured_media":0,"parent":0,"menu_order":0,"comment_status":"closed","ping_status":"closed","template":"","meta":{"inspiro_hide_title":false,"footnotes":""},"class_list":["post-12517","page","type-page","status-publish","hentry"],"_links":{"self":[{"href":"https:\/\/conadi.gob.gt\/web\/wp-json\/wp\/v2\/pages\/12517","targetHints":{"allow":["GET"]}}],"collection":[{"href":"https:\/\/conadi.gob.gt\/web\/wp-json\/wp\/v2\/pages"}],"about":[{"href":"https:\/\/conadi.gob.gt\/web\/wp-json\/wp\/v2\/types\/page"}],"author":[{"embeddable":true,"href":"https:\/\/conadi.gob.gt\/web\/wp-json\/wp\/v2\/users\/12"}],"replies":[{"embeddable":true,"href":"https:\/\/conadi.gob.gt\/web\/wp-json\/wp\/v2\/comments?post=12517"}],"version-history":[{"count":18,"href":"https:\/\/conadi.gob.gt\/web\/wp-json\/wp\/v2\/pages\/12517\/revisions"}],"predecessor-version":[{"id":13586,"href":"https:\/\/conadi.gob.gt\/web\/wp-json\/wp\/v2\/pages\/12517\/revisions\/13586"}],"wp:attachment":[{"href":"https:\/\/conadi.gob.gt\/web\/wp-json\/wp\/v2\/media?parent=12517"}],"curies":[{"name":"wp","href":"https:\/\/api.w.org\/{rel}","templated":true}]}}

<p>La Alianza para Gobierno Abierto (AGA), es una iniciativa multilateral voluntaria en la que participan más de 70 países, creada el 20 de septiembre de 2011 a través de la Declaración sobre Gobierno Abierto, que busca mejorar el desempeño gubernamental, fomentar la participación efectiva y mejorar la capacidad de respuesta de los gobiernos hacia sus ciudadanos, mediante la implementación de estrategias en materia de transparencia, acceso a la información, participación ciudadana y uso de nuevas tecnologías, que logren generar cambios concretos y visibles.</p>



<p>En ese sentido, la Iniciativa de Gobierno Abierto se convierte en un mecanismo propicio para la prevención de la corrupción y transformación de la gestión pública, mediante un espacio de discusión y dialogo de representantes de instituciones públicas y organizaciones de sociedad civil&nbsp; en la construcción de compromisos que forman parte del Plan de Acción Nacional de Gobierno Abierto.</p>



<h4 class="wp-block-heading">INCLUSIÓN SOCIAL Y POBLACIONES EN CONDICIONES DE VULNERABILIDAD</h4>



<p><strong>COMPROMISO No. 9</strong></p>



<p>Revisión de la Política Nacional de Discapacidad que incluya como producto la elaboración de un documento que contenga una ante propuesta de modificación a la Política actual, alineándose a la garantía de Derechos civiles, económicos y sociales establecidos en la Convención sobre los Derechos de Personas con Discapacidad de la Organización de Naciones Unidas – ONU –</p>



<p><a rel="noreferrer noopener" href="https://conadi.gob.gt/web/wp-content/uploads/2023/02/Cronograma-de-actividades.pdf" target="_blank">Cronograma de actividades</a></p>



<p><strong>HITO 01</strong></p>



<ol class="wp-block-list"><li><a rel="noreferrer noopener" href="https://conadi.gob.gt/web/wp-content/uploads/2023/02/ACUERDO-MINISTERIAL-214-2022-MINISTERIO-DE-SALUD-PUBLICA-Y-ASISTENCIA-SOCIAL.pdf" target="_blank">ACUERDO-MINISTERIAL-214-2022</a></li><li><a rel="noreferrer noopener" href="https://conadi.gob.gt/web/wp-content/uploads/2023/02/Actividad-subsector.pdf" target="_blank">Actividad subsector</a></li><li><a rel="noreferrer noopener" href="https://conadi.gob.gt/web/wp-content/uploads/2023/02/AVANCES-2022-2023.pdf" target="_blank">AVANCES 2022-2023 (PDF)</a></li><li><a rel="noreferrer noopener" href="https://conadi.gob.gt/web/wp-content/uploads/2023/02/AVANCES-2022-2023.docx" target="_blank">AVANCES 2022-2023 (Word)</a></li><li><a rel="noreferrer noopener" href="https://conadi.gob.gt/web/wp-content/uploads/2023/02/Conversatorio-sobre-Certificacion-de-Personas-con-Discapacidad.docx" target="_blank">Conversatorio sobre Certificación de Personas con Discapacidad</a></li><li><a rel="noreferrer noopener" href="https://conadi.gob.gt/web/wp-content/uploads/2023/02/Informe-Conversatorio-Desafio-de-la-Inclusion.docx" target="_blank">Informe Conversatorio Desafío de la Inclusión</a></li><li><a rel="noreferrer noopener" href="https://conadi.gob.gt/web/wp-content/uploads/2023/02/Intercambio-de-experiencias-sobre-la-Certificacion-de-las-Personas-con-Discapacidad-Guatemala-Espana.docx" target="_blank">Intercambio de experiencias sobre la Certificación de las Personas con Discapacidad Guatemala-España</a></li><li><a rel="noreferrer noopener" href="https://conadi.gob.gt/web/wp-content/uploads/2023/02/Mesa-de-Trabajo-Equipo-Tecnico-CONADI-Espana.docx" target="_blank">Mesa de Trabajo Equipo Técnico CONADI-España</a></li><li><a href="https://conadi.gob.gt/web/wp-content/uploads/2023/04/OFICIO-PRESIDENTA-CONADI-DIRIGIDO-A-GAE-EN-CUMPLIMIENTO-DE-HITO-1-EN-SU-TOTALIDAD.pdf" target="_blank" rel="noreferrer noopener">OFICIO PRESIDENTA CONADI DIRIGIDO A GAE EN CUMPLIMIENTO DE HITO 1 EN SU TOTALIDAD</a></li></ol>



<p><strong>HITO 02</strong></p>



<ol class="wp-block-list"><li><a rel="noreferrer noopener" href="https://conadi.gob.gt/web/wp-content/uploads/2023/04/MINUTA-SOBRE-REUNION-EN-CONGRESO-DE-LA-REPUBLICA-EN-SEGUIMIENTO-DE-LEY-DE-CERTIFICACION-DE-PERSONAS-CON-DISCAPACIDAD-WORD.docx" target="_blank">MINUTA EN SEGUIMIENTO DE LEY DE CERTIFICACIÓN DE PERSONAS CON DISCAPACIDAD</a></li><li><a rel="noreferrer noopener" href="https://conadi.gob.gt/web/wp-content/uploads/2023/05/MINUTA-2-COMISION-DE-DERECHOS-HUMANOS-DEL-CONGRESO-DE-LA-REPUBLICA.pdf" target="_blank">MINUTA 2 COMISIÓN DE DERECHOS HUMANOS DEL CONGRESO DE LA REPÚBLICA</a></li><li><a href="https://conadi.gob.gt/web/wp-content/uploads/2023/05/INFORME-INICIATIVA-5463-15-05-2023.pdf" target="_blank" rel="noreferrer noopener">INFORME INICIATIVA 5463 15-05-2023</a></li></ol>



<p><strong>HITO 03</strong></p>



<ol class="wp-block-list"><li><a rel="noreferrer noopener" href="https://conadi.gob.gt/web/wp-content/uploads/2023/04/INFORME-CIF.docx" target="_blank">INFORME CIF</a></li><li><a rel="noreferrer noopener" href="https://conadi.gob.gt/web/wp-content/uploads/2023/04/MINUTA-ACTIVIDAD-CERTIFICACION-27-DE-FEBRERO.docx" target="_blank">MINUTA ACTIVIDAD CERTIFICACIÓN 27 DE FEBRERO</a></li><li><a rel="noreferrer noopener" href="https://conadi.gob.gt/web/wp-content/uploads/2023/04/MINUTA-ACTIVIDAD-CERTIFICACION-28-DE-FEBRERO.docx" target="_blank">MINUTA ACTIVIDAD CERTIFICACIÓN 28 DE FEBRERO</a></li><li><a rel="noreferrer noopener" href="https://conadi.gob.gt/web/wp-content/uploads/2023/04/MINUTA-ACTIVIDAD-CERTIFICACION-1-DE-MARZO.docx" target="_blank">MINUTA ACTIVIDAD CERTIFICACIÓN 1 DE MARZO</a></li><li><a rel="noreferrer noopener" href="https://conadi.gob.gt/web/wp-content/uploads/2023/04/MINUTA-ACTIVIDAD-CERTIFICACION-2-DE-MARZO.docx" target="_blank">MINUTA ACTIVIDAD CERTIFICACIÓN 2 DE MARZO</a></li><li><a rel="noreferrer noopener" href="https://conadi.gob.gt/web/wp-content/uploads/2023/04/MINUTA-ACTIVIDAD-CERTIFICACION-3-DE-MARZO.docx" target="_blank">MINUTA ACTIVIDAD CERTIFICACIÓN 3 DE MARZO</a></li><li><a href="https://conadi.gob.gt/web/wp-content/uploads/2023/06/MINUTA-ACTIVIDAD-CERTIFICACION-24-28-DE-ABRIL.docx" target="_blank" rel="noreferrer noopener">MINUTA ACTIVIDAD CERTIFICACIÓN 24-28 DE ABRIL</a></li></ol>



<p><strong>HITO 04</strong></p>



<ol class="wp-block-list"><li><a href="https://conadi.gob.gt/web/wp-content/uploads/2023/06/INFORME-DE-ACTIVIDAD-CIF-31-DE-MAYO-CUMPLIMIENTO-HITO-04-GAE.docx" target="_blank" rel="noreferrer noopener">INFORME DE ACTIVIDAD CIF 31 DE MAYO CUMPLIMIENTO HITO 04 GAE</a></li></ol>
<div class="pvc_clear"></div><p id="pvc_stats_12517" class="pvc_stats all  " data-element-id="12517" style=""><i class="pvc-stats-icon medium" aria-hidden="true"><svg aria-hidden="true" focusable="false" data-prefix="far" data-icon="chart-bar" role="img" xmlns="http://www.w3.org/2000/svg" viewBox="0 0 512 512" class="svg-inline--fa fa-chart-bar fa-w-16 fa-2x"><path fill="currentColor" d="M396.8 352h22.4c6.4 0 12.8-6.4 12.8-12.8V108.8c0-6.4-6.4-12.8-12.8-12.8h-22.4c-6.4 0-12.8 6.4-12.8 12.8v230.4c0 6.4 6.4 12.8 12.8 12.8zm-192 0h22.4c6.4 0 12.8-6.4 12.8-12.8V140.8c0-6.4-6.4-12.8-12.8-12.8h-22.4c-6.4 0-12.8 6.4-12.8 12.8v198.4c0 6.4 6.4 12.8 12.8 12.8zm96 0h22.4c6.4 0 12.8-6.4 12.8-12.8V204.8c0-6.4-6.4-12.8-12.8-12.8h-22.4c-6.4 0-12.8 6.4-12.8 12.8v134.4c0 6.4 6.4 12.8 12.8 12.8zM496 400H48V80c0-8.84-7.16-16-16-16H16C7.16 64 0 71.16 0 80v336c0 17.67 14.33 32 32 32h464c8.84 0 16-7.16 16-16v-16c0-8.84-7.16-16-16-16zm-387.2-48h22.4c6.4 0 12.8-6.4 12.8-12.8v-70.4c0-6.4-6.4-12.8-12.8-12.8h-22.4c-6.4 0-12.8 6.4-12.8 12.8v70.4c0 6.4 6.4 12.8 12.8 12.8z" class=""></path></svg></i> <img loading="lazy" decoding="async" width="16" height="16" alt="Loading" src="https://conadi.gob.gt/web/wp-content/plugins/page-views-count/ajax-loader-2x.gif" border=0 /></p><div class="pvc_clear"></div>

<p>La Alianza para Gobierno Abierto (AGA), es una iniciativa multilateral voluntaria en la que participan más de 70 países, creada el 20 de septiembre de 2011 a través de la Declaración sobre Gobierno Abierto, que busca mejorar el desempeño gubernamental, fomentar la participación efectiva y mejorar la capacidad de respuesta de los gobiernos hacia sus &hellip; </p>
<p class="link-more"><a href="https://conadi.gob.gt/web/gobierno-abierto/" class="more-link">Leer más<span class="screen-reader-text"> «Gobierno Abierto»</span></a></p>
<div class="pvc_clear"></div>
<p id="pvc_stats_12517" class="pvc_stats all  " data-element-id="12517" style=""><i class="pvc-stats-icon medium" aria-hidden="true"><svg aria-hidden="true" focusable="false" data-prefix="far" data-icon="chart-bar" role="img" xmlns="http://www.w3.org/2000/svg" viewBox="0 0 512 512" class="svg-inline--fa fa-chart-bar fa-w-16 fa-2x"><path fill="currentColor" d="M396.8 352h22.4c6.4 0 12.8-6.4 12.8-12.8V108.8c0-6.4-6.4-12.8-12.8-12.8h-22.4c-6.4 0-12.8 6.4-12.8 12.8v230.4c0 6.4 6.4 12.8 12.8 12.8zm-192 0h22.4c6.4 0 12.8-6.4 12.8-12.8V140.8c0-6.4-6.4-12.8-12.8-12.8h-22.4c-6.4 0-12.8 6.4-12.8 12.8v198.4c0 6.4 6.4 12.8 12.8 12.8zm96 0h22.4c6.4 0 12.8-6.4 12.8-12.8V204.8c0-6.4-6.4-12.8-12.8-12.8h-22.4c-6.4 0-12.8 6.4-12.8 12.8v134.4c0 6.4 6.4 12.8 12.8 12.8zM496 400H48V80c0-8.84-7.16-16-16-16H16C7.16 64 0 71.16 0 80v336c0 17.67 14.33 32 32 32h464c8.84 0 16-7.16 16-16v-16c0-8.84-7.16-16-16-16zm-387.2-48h22.4c6.4 0 12.8-6.4 12.8-12.8v-70.4c0-6.4-6.4-12.8-12.8-12.8h-22.4c-6.4 0-12.8 6.4-12.8 12.8v70.4c0 6.4 6.4 12.8 12.8 12.8z" class=""></path></svg></i> <img loading="lazy" decoding="async" width="16" height="16" alt="Loading" src="https://conadi.gob.gt/web/wp-content/plugins/page-views-count/ajax-loader-2x.gif" border=0 /></p>
<div class="pvc_clear"></div>
