{"id":12629,"date":"2023-02-08T16:46:41","date_gmt":"2023-02-08T16:46:41","guid":{"rendered":"https:\/\/conadi.gob.gt\/web\/?page_id=12629"},"modified":"2025-03-21T21:28:43","modified_gmt":"2025-03-21T21:28:43","slug":"acceso-a-la-informacion-publica-2024","status":"publish","type":"page","link":"https:\/\/conadi.gob.gt\/web\/acceso-a-la-informacion-publica-2024\/","title":{"rendered":"Acceso a la Informaci\u00f3n P\u00fablica de Oficio 2024"},"content":{"rendered":"\n<p class=\"has-text-align-center has-medium-font-size\"><strong>*Atenci\u00f3n de 8:00 a 16:30 horas de lunes a viernes&nbsp;<br \/>*1a. avenida 4-19 Zona 1&nbsp; &nbsp;<br \/>*PBX: 25016800 ext.2052&nbsp; E-mail:&nbsp;informacion.publica@conadi.gob.gt<\/strong><\/p>\n\n\n\n<figure class=\"wp-block-embed is-type-video is-provider-youtube wp-block-embed-youtube wp-embed-aspect-16-9 wp-has-aspect-ratio\"><div class=\"wp-block-embed__wrapper\">\n<iframe loading=\"lazy\" title=\"Ley de Acceso a la Informaci\u00f3n\" width=\"950\" height=\"534\" src=\"https:\/\/www.youtube.com\/embed\/cIyymve6K-s?feature=oembed\" frameborder=\"0\" allow=\"accelerometer; autoplay; clipboard-write; encrypted-media; gyroscope; picture-in-picture; web-share\" referrerpolicy=\"strict-origin-when-cross-origin\" allowfullscreen><\/iframe>\n<\/div><\/figure>\n\n\n\n<p class=\"has-text-align-center\"><strong>DECRETO 57-2008 LEY DE ACCESO A LA INFORMACI\u00d3N P\u00daBLICA EN VERSIONES<\/strong>:<\/p>\n\n\n\n<figure class=\"wp-block-table\"><table class=\"has-fixed-layout\"><tbody><tr><td class=\"has-text-align-center\" data-align=\"center\"><strong><a href=\"https:\/\/conadi.gob.gt\/web\/wp-content\/uploads\/2020\/08\/DECRETO-57-2008-LEY-DE-ACCESO-A-LA-INFORMACI%C3%93N-P%C3%9ABLICA.docx\">&nbsp;WORD<\/a><\/strong><\/td><td class=\"has-text-align-center\" data-align=\"center\"><strong><a href=\"https:\/\/conadi.gob.gt\/web\/wp-content\/uploads\/2020\/08\/DECRETO-57-2008-LEY-DE-ACCESO-A-LA-INFORMACI%C3%93N-P%C3%9ABLICA.pdf\">PDF<\/a><\/strong><\/td><\/tr><\/tbody><\/table><\/figure>\n\n\n\n<p class=\"has-text-align-center\"><strong>INFORMACI\u00d3N P\u00daBLICA DE OFICIO A\u00d1OS ANTERIORES<\/strong><\/p>\n\n\n\n<figure class=\"wp-block-table\"><table class=\"has-fixed-layout\"><tbody><tr><td class=\"has-text-align-center\" data-align=\"center\"><strong><a href=\"https:\/\/conadi.gob.gt\/web\/acceso-a-la-informacion\/\">2015 \u2013 2017<\/a>&nbsp;<\/strong><\/td><td class=\"has-text-align-center\" data-align=\"center\"><strong><a href=\"https:\/\/conadi.gob.gt\/web\/acceso-a-la-informacion-2019\/\">2018 \u2013 2019<\/a>&nbsp;<\/strong><\/td><td class=\"has-text-align-center\" data-align=\"center\"><strong><a href=\"https:\/\/conadi.gob.gt\/web\/acceso-a-la-informacion-2019-2020\/\">2020<\/a><\/strong><\/td><td class=\"has-text-align-center\" data-align=\"center\"><strong><a href=\"https:\/\/conadi.gob.gt\/web\/acceso-a-la-informacion-publica-2021\/\">2021<\/a><\/strong><\/td><td class=\"has-text-align-center\" data-align=\"center\"><a href=\"https:\/\/conadi.gob.gt\/web\/acceso-a-la-informacion-2\/\" data-type=\"URL\" data-id=\"https:\/\/conadi.gob.gt\/web\/acceso-a-la-informacion-2\/\"><strong>2022<\/strong><\/a><\/td><\/tr><tr><td class=\"has-text-align-center\" data-align=\"center\"><a href=\"https:\/\/conadi.gob.gt\/web\/informacion-publica-2023\/\"><strong>2023<\/strong><\/a><\/td><td class=\"has-text-align-center\" data-align=\"center\"><\/td><td class=\"has-text-align-center\" data-align=\"center\"><\/td><td class=\"has-text-align-center\" data-align=\"center\"><\/td><td class=\"has-text-align-center\" data-align=\"center\"><\/td><\/tr><\/tbody><\/table><\/figure>\n\n\n\n<p><em><span style=\"font-size: 14pt;\"><strong>Informaci\u00f3n p\u00fablica de oficio a\u00f1o 2024:<\/strong><\/span><\/em><\/p>\n\n\n\n<p class=\"has-text-align-left\">DECRETO 57-2008 LEY DE ACCESO A LA INFORMACI\u00d3N P\u00daBLICA, ARTICULO 15. \u00abUso y difusi\u00f3n de la informaci\u00f3n. Los interesados tendr\u00e1n responsabilidad, penal y civil por el uso, manejo o difusi\u00f3n de la informaci\u00f3n p\u00fablica a la que tengan acceso, de conformidad con esta ley y dem\u00e1s leyes aplicables\u00bb<\/p>\n\n\n\n<figure class=\"wp-block-pullquote\"><blockquote><p><strong>Base de datos en proceso de migraci\u00f3n por copia de seguridad 2024<\/strong><\/p><cite>pr\u00f3ximamente disponible <\/cite><\/blockquote><\/figure>\n\n\n\n<p><span style=\"font-size: 14pt;\"><strong>Art\u00edculo 10<\/strong><\/span><\/p>\n\n\n\n<p><span style=\"font-size: 12pt;\"><em><a href=\"https:\/\/conadi.gob.gt\/web\/1-estructura-organica-funciones-y-marco-normativo-2024\/\"><strong>1.\u00a0<\/strong>Estructura org\u00e1nica, funciones y marco normativo<\/a><\/em><\/span><\/p>\n\n\n\n<p><span style=\"font-size: 12pt;\"><em><a href=\"https:\/\/conadi.gob.gt\/web\/2-direccion-y-telefonos-de-la-entidad-2024\/\"><strong>2.<\/strong>\u00a0Direcci\u00f3n y Tel\u00e9fonos de la entidad<\/a><\/em><\/span><\/p>\n\n\n\n<p><span style=\"font-size: 12pt;\"><em><a href=\"https:\/\/conadi.gob.gt\/web\/3-directorio-de-empleados-y-servidores-publicos-2024\/\"><strong>3.<\/strong>\u00a0Directorio de empleados y servidores p\u00fablicos<\/a><\/em><\/span><\/p>\n\n\n\n<p><a href=\"https:\/\/conadi.gob.gt\/web\/4-remuneraciones-del-personal-2024\/\"><span style=\"font-size: 12pt;\"><em><strong>4.<\/strong>\u00a0Remuneraciones<\/em><\/span> del personal<\/a><\/p>\n\n\n\n<p><a href=\"https:\/\/conadi.gob.gt\/web\/5-mision-objetivos-y-plan-operativo-anual-2024\/\"><span style=\"font-size: 12pt;\"><em><strong>5.<\/strong>\u00a0Misi\u00f3n, <\/em><\/span>objetivos y Plan Operativo Anual <\/a><\/p>\n\n\n\n<p><span style=\"font-size: 12pt;\"><em><a href=\"https:\/\/conadi.gob.gt\/web\/6-manuales-de-procedimientos-2024\/\"><strong>6.<\/strong>\u00a0Manuales de procedimientos<\/a><\/em><\/span><\/p>\n\n\n\n<p><span style=\"font-size: 12pt;\"><em><a href=\"https:\/\/conadi.gob.gt\/web\/7-presupuesto-de-ingresos-y-egresos-asignados-para-cada-ejercicio-fiscal-2024\/\"><strong>7.<\/strong>\u00a0Presupuesto de ingresos y egresos asignados para cada ejercicio fiscal\u00a0<\/a><\/em><\/span><\/p>\n\n\n\n<p><a href=\"https:\/\/conadi.gob.gt\/web\/8-ejecucion-presupuestaria-mensual-2024\/\"><span style=\"font-size: 12pt;\"><em><strong>8.\u00a0<\/strong>Ejecuci\u00f3n presupuestaria\u00a0<\/em><\/span> mensual<\/a><\/p>\n\n\n\n<p><span style=\"font-size: 12pt;\"><em><a href=\"https:\/\/conadi.gob.gt\/web\/9-depositos-constituidos-con-fondos-publicos-2024\/\"><strong>9.<\/strong>\u00a0Dep\u00f3sitos\u00a0 constituidos con fondos p\u00fablicos\u00a0\u00a0<\/a><\/em><\/span><\/p>\n\n\n\n<p><span style=\"font-size: 12pt;\"><em><a href=\"https:\/\/conadi.gob.gt\/web\/10-procesos-de-cotizacion-y-licitacion-2024\/\"><strong>10.<\/strong>\u00a0Procesos de cotizaci\u00f3n y licitaci\u00f3n\u00a0<\/a><\/em><\/span><\/p>\n\n\n\n<p><span style=\"font-size: 12pt;\"><em><a href=\"https:\/\/conadi.gob.gt\/web\/11-contrataciones-de-bienes-y-servicios-2024\/\"><strong>11. <\/strong>Contrataciones de bienes y servicios\u00a0<\/a><\/em><\/span><\/p>\n\n\n\n<p><span style=\"font-size: 12pt;\"><em><a href=\"https:\/\/conadi.gob.gt\/web\/12-listado-de-viajes-nacionales-e-internacionales-2024\/\"><strong>12.<\/strong>\u00a0Listado de viajes nacionales e internacionales\u00a0<\/a><\/em><\/span><\/p>\n\n\n\n<p><a href=\"https:\/\/conadi.gob.gt\/web\/13-inventario-de-bienes-muebles-e-inmuebles-2024\/\"><span style=\"font-size: 12pt;\"><em><strong>13.<\/strong>\u00a0Inventario de bienes <\/em><\/span>muebles e inmuebles<\/a><\/p>\n\n\n\n<p><span style=\"font-size: 12pt;\"><em><a href=\"https:\/\/conadi.gob.gt\/web\/14-contratos-de-mantenimiento-de-equipo-vehiculos-inmuebles-plantas-e-instalaciones-2024\/\"><strong>14.<\/strong>\u00a0Contratos de mantenimiento de equipo, veh\u00edculos, inmuebles, plantas e instalaciones<\/a><\/em><\/span><\/p>\n\n\n\n<p><span style=\"font-size: 12pt;\"><em><a href=\"https:\/\/conadi.gob.gt\/web\/15-los-montos-asignados-y-beneficiarios-de-los-programas-de-subsidios-becas-o-transferencias-2024\/\"><strong>15.<\/strong>\u00a0Los montos asignados y beneficiarios de los programas de subsidios, becas o transferencias<\/a><\/em><\/span><\/p>\n\n\n\n<p><span style=\"font-size: 12pt;\"><em><a href=\"https:\/\/conadi.gob.gt\/web\/16-contratos-licencias-y-concesiones-2024\/\"><strong>16.<\/strong>\u00a0Contratos, licencias y concesiones\u00a0<\/a><\/em><\/span><\/p>\n\n\n\n<p><span style=\"font-size: 12pt;\"><em><a href=\"https:\/\/conadi.gob.gt\/web\/17-empresas-precalificadas-para-la-ejecucion-de-obras-publicas-2024\/\"><strong>17.<\/strong>\u00a0Empresas precalificadas para la ejecuci\u00f3n de obras p\u00fablicas\u00a0<\/a><\/em><\/span><\/p>\n\n\n\n<p><a href=\"https:\/\/conadi.gob.gt\/web\/18-obras-en-ejecucion-o-ejecutadas-con-fondos-publicos-2024\/\"><span style=\"font-size: 12pt;\"><em><strong>18.<\/strong>\u00a0<\/em><\/span>Obras en ejecuci\u00f3n o ejecutadas con fondos p\u00fablicos<\/a><\/p>\n\n\n\n<p><a href=\"https:\/\/conadi.gob.gt\/web\/19-contratos-de-arrendamiento-de-inmuebles-equipo-maquinaria-o-cualquier-otro-bien-o-servicio-2024\/\"><span style=\"font-size: 12pt;\"><em><strong>19.<\/strong>\u00a0<\/em><\/span>Contratos de arrendamiento de inmuebles, equipo, maquinaria o cualquier otro bien o servicio<\/a><\/p>\n\n\n\n<p><a href=\"https:\/\/conadi.gob.gt\/web\/20-contrataciones-procesos-de-cotizacion-y-licitacion-2024\/\"><span style=\"font-size: 12pt;\"><em><strong>20.<\/strong>\u00a0<\/em><\/span>Contrataciones, procesos de cotizaci\u00f3n y licitaci\u00f3n<\/a><\/p>\n\n\n\n<p><a href=\"https:\/\/conadi.gob.gt\/web\/21-fideicomisos-constituidos-con-fondos-publicos-2024\/\"><span style=\"font-size: 12pt;\"><em><strong>21.\u00a0<\/strong>Fideicomisos\u00a0<\/em><\/span>constituidos con fondos p\u00fablicos<\/a><\/p>\n\n\n\n<p><a href=\"https:\/\/conadi.gob.gt\/web\/22-compras-directas-realizadas-por-la-institucion-2024\/\"><span style=\"font-size: 12pt;\"><em><strong>22.<\/strong>\u00a0<\/em><\/span>Compras directas realizadas por la instituci\u00f3n<\/a><\/p>\n\n\n\n<p><span style=\"font-size: 12pt;\"><a href=\"https:\/\/conadi.gob.gt\/web\/23-informes-finales-de-auditorias-gubernamentales-o-privadas-2024\/\"><strong>23.<\/strong>\u00a0Informes finales de auditorias gubernamentales o privadas\u00a0<\/a><\/span><\/p>\n\n\n\n<p><span style=\"font-size: 12pt;\"><em><a href=\"https:\/\/conadi.gob.gt\/web\/24-entidades-de-caracter-internacional-2024\/\"><strong>24.<\/strong>\u00a0Entidades de car\u00e1cter internacional<\/a><\/em><\/span><\/p>\n\n\n\n<p><span style=\"font-size: 12pt;\"><em><a href=\"https:\/\/conadi.gob.gt\/web\/25-entidades-no-gubernamentales-o-privadas-2024\/\"><strong>25.\u00a0<\/strong>Entidades no gubernamentales o privadas\u00a0<\/a><\/em><\/span><\/p>\n\n\n\n<p><span style=\"font-size: 12pt;\"><em><a href=\"https:\/\/conadi.gob.gt\/web\/26-informe-anual-sobre-funcionamiento-y-finalidad-del-archivo-2024\/\"><strong>26.<\/strong>\u00a0Informe anual sobre funcionamiento y finalidad del archivo<\/a><\/em><\/span><\/p>\n\n\n\n<p><span style=\"font-size: 12pt;\"><em><a href=\"https:\/\/conadi.gob.gt\/web\/27-indice-de-informacion-clasificada-2024\/\"><strong style=\"font-size: 12pt;\">27.<\/strong>\u00a0\u00cdndice\u00a0de  informaci\u00f3n clasificada\u00a0<\/a><\/em><\/span><\/p>\n\n\n\n<p><span style=\"font-size: 12pt;\"><em><a href=\"https:\/\/conadi.gob.gt\/web\/28-informe-de-pertenencia-sociolinguistica-2024\/\"><strong>28.<\/strong>\u00a0Informe de pertenencia socioling\u00fc\u00edstica\u00a0<\/a><\/em><\/span><\/p>\n\n\n\n<p><span style=\"font-size: 12pt;\"><em><a href=\"https:\/\/conadi.gob.gt\/web\/29-informacion-de-utilidad-o-relevancia-2024\/\"><strong>29.<\/strong>\u00a0Informaci\u00f3n de utilidad o relevancia\u00a0<\/a><\/em><\/span>CONVENIOS, OFICINAS MUNICIPALES DE DISCAPACIDAD, MEMORIAS DE LABORES, LEYES, DECRETOS E INICIATIVAS DE LEY<\/p>\n\n\n\n<hr class=\"wp-block-separator has-alpha-channel-opacity\"\/>\n\n\n\n<p><span style=\"font-size: 14pt;\"><strong>Art\u00edculo 11<\/strong><\/span><\/p>\n\n\n\n<p><a href=\"https:\/\/conadi.gob.gt\/web\/1-ejercicio-presupuestario-asignado-2024\/\"><span style=\"font-size: 12pt;\"><em><strong>1.\u00a0<\/strong>Ejercicio presupuestario<\/em><\/span> asignado<\/a><\/p>\n\n\n\n<p><span style=\"font-size: 12pt;\"><em><a href=\"https:\/\/conadi.gob.gt\/web\/2-listado-de-asesores-con-las-respectivas-remuneraciones-2024\/\"><strong>2. <\/strong>Listado de asesores con las respectivas remuneraciones<\/a><\/em><\/span><\/p>\n\n\n\n<p><a href=\"https:\/\/conadi.gob.gt\/web\/3-informe-de-gastos-y-viaticos-al-exterior-del-pais-2024\/\"><span style=\"font-size: 12pt;\"><em><b style=\"font-size: 12pt;\">3. <\/b>Informe de Gastos y Vi\u00e1ticos\u00a0al exterior<\/em><\/span> del pa\u00eds<\/a><\/p>\n\n\n\n<hr class=\"wp-block-separator has-alpha-channel-opacity\"\/>\n\n\n\n<p><span style=\"font-size: 18pt;\"><strong>SOLICITUD DE INFORMACI\u00d3N&nbsp;<\/strong><\/span><\/p>\n\n\n\n<blockquote class=\"wp-block-quote is-layout-flow wp-block-quote-is-layout-flow\">\n<p><\/p>\n<\/blockquote>\n\n\n\n<div class=\"wp-block-contact-form-7-contact-form-selector\">[contact-form-7 id=\u00bb4106&#8243; title=\u00bbInformaci\u00f3n P\u00fablica\u00bb]<\/div>\n\n\n\n<p><\/p>\n<div class=\"pvc_clear\"><\/div><p id=\"pvc_stats_12629\" class=\"pvc_stats all  \" data-element-id=\"12629\" style=\"\"><i class=\"pvc-stats-icon medium\" aria-hidden=\"true\"><svg aria-hidden=\"true\" focusable=\"false\" data-prefix=\"far\" data-icon=\"chart-bar\" role=\"img\" xmlns=\"http:\/\/www.w3.org\/2000\/svg\" viewBox=\"0 0 512 512\" class=\"svg-inline--fa fa-chart-bar fa-w-16 fa-2x\"><path fill=\"currentColor\" d=\"M396.8 352h22.4c6.4 0 12.8-6.4 12.8-12.8V108.8c0-6.4-6.4-12.8-12.8-12.8h-22.4c-6.4 0-12.8 6.4-12.8 12.8v230.4c0 6.4 6.4 12.8 12.8 12.8zm-192 0h22.4c6.4 0 12.8-6.4 12.8-12.8V140.8c0-6.4-6.4-12.8-12.8-12.8h-22.4c-6.4 0-12.8 6.4-12.8 12.8v198.4c0 6.4 6.4 12.8 12.8 12.8zm96 0h22.4c6.4 0 12.8-6.4 12.8-12.8V204.8c0-6.4-6.4-12.8-12.8-12.8h-22.4c-6.4 0-12.8 6.4-12.8 12.8v134.4c0 6.4 6.4 12.8 12.8 12.8zM496 400H48V80c0-8.84-7.16-16-16-16H16C7.16 64 0 71.16 0 80v336c0 17.67 14.33 32 32 32h464c8.84 0 16-7.16 16-16v-16c0-8.84-7.16-16-16-16zm-387.2-48h22.4c6.4 0 12.8-6.4 12.8-12.8v-70.4c0-6.4-6.4-12.8-12.8-12.8h-22.4c-6.4 0-12.8 6.4-12.8 12.8v70.4c0 6.4 6.4 12.8 12.8 12.8z\" class=\"\"><\/path><\/svg><\/i> <img loading=\"lazy\" decoding=\"async\" width=\"16\" height=\"16\" alt=\"Loading\" src=\"https:\/\/conadi.gob.gt\/web\/wp-content\/plugins\/page-views-count\/ajax-loader-2x.gif\" border=0 \/><\/p><div class=\"pvc_clear\"><\/div>","protected":false},"excerpt":{"rendered":"<p>*Atenci\u00f3n de 8:00 a 16:30 horas de lunes a viernes&nbsp;*1a. avenida 4-19 Zona 1&nbsp; &nbsp;*PBX: 25016800 ext.2052&nbsp; E-mail:&nbsp;informacion.publica@conadi.gob.gt DECRETO 57-2008 LEY DE ACCESO A LA INFORMACI\u00d3N P\u00daBLICA EN VERSIONES: &nbsp;WORD PDF INFORMACI\u00d3N P\u00daBLICA DE OFICIO A\u00d1OS ANTERIORES 2015 \u2013 2017&nbsp; 2018 \u2013 2019&nbsp; 2020 2021 2022 2023 Informaci\u00f3n p\u00fablica de oficio a\u00f1o 2024: DECRETO 57-2008 &hellip; <\/p>\n<p class=\"link-more\"><a href=\"https:\/\/conadi.gob.gt\/web\/acceso-a-la-informacion-publica-2024\/\" class=\"more-link\">Leer m\u00e1s<span class=\"screen-reader-text\"> \u00abAcceso a la Informaci\u00f3n P\u00fablica de Oficio 2024\u00bb<\/span><\/a><\/p>\n<div class=\"pvc_clear\"><\/div>\n<p id=\"pvc_stats_12629\" class=\"pvc_stats all  \" data-element-id=\"12629\" style=\"\"><i class=\"pvc-stats-icon medium\" aria-hidden=\"true\"><svg aria-hidden=\"true\" focusable=\"false\" data-prefix=\"far\" data-icon=\"chart-bar\" role=\"img\" xmlns=\"http:\/\/www.w3.org\/2000\/svg\" viewBox=\"0 0 512 512\" class=\"svg-inline--fa fa-chart-bar fa-w-16 fa-2x\"><path fill=\"currentColor\" d=\"M396.8 352h22.4c6.4 0 12.8-6.4 12.8-12.8V108.8c0-6.4-6.4-12.8-12.8-12.8h-22.4c-6.4 0-12.8 6.4-12.8 12.8v230.4c0 6.4 6.4 12.8 12.8 12.8zm-192 0h22.4c6.4 0 12.8-6.4 12.8-12.8V140.8c0-6.4-6.4-12.8-12.8-12.8h-22.4c-6.4 0-12.8 6.4-12.8 12.8v198.4c0 6.4 6.4 12.8 12.8 12.8zm96 0h22.4c6.4 0 12.8-6.4 12.8-12.8V204.8c0-6.4-6.4-12.8-12.8-12.8h-22.4c-6.4 0-12.8 6.4-12.8 12.8v134.4c0 6.4 6.4 12.8 12.8 12.8zM496 400H48V80c0-8.84-7.16-16-16-16H16C7.16 64 0 71.16 0 80v336c0 17.67 14.33 32 32 32h464c8.84 0 16-7.16 16-16v-16c0-8.84-7.16-16-16-16zm-387.2-48h22.4c6.4 0 12.8-6.4 12.8-12.8v-70.4c0-6.4-6.4-12.8-12.8-12.8h-22.4c-6.4 0-12.8 6.4-12.8 12.8v70.4c0 6.4 6.4 12.8 12.8 12.8z\" class=\"\"><\/path><\/svg><\/i> <img loading=\"lazy\" decoding=\"async\" width=\"16\" height=\"16\" alt=\"Loading\" src=\"https:\/\/conadi.gob.gt\/web\/wp-content\/plugins\/page-views-count\/ajax-loader-2x.gif\" border=0 \/><\/p>\n<div class=\"pvc_clear\"><\/div>\n","protected":false},"author":8,"featured_media":0,"parent":0,"menu_order":0,"comment_status":"closed","ping_status":"closed","template":"","meta":{"inspiro_hide_title":false,"footnotes":""},"class_list":["post-12629","page","type-page","status-publish","hentry"],"_links":{"self":[{"href":"https:\/\/conadi.gob.gt\/web\/wp-json\/wp\/v2\/pages\/12629","targetHints":{"allow":["GET"]}}],"collection":[{"href":"https:\/\/conadi.gob.gt\/web\/wp-json\/wp\/v2\/pages"}],"about":[{"href":"https:\/\/conadi.gob.gt\/web\/wp-json\/wp\/v2\/types\/page"}],"author":[{"embeddable":true,"href":"https:\/\/conadi.gob.gt\/web\/wp-json\/wp\/v2\/users\/8"}],"replies":[{"embeddable":true,"href":"https:\/\/conadi.gob.gt\/web\/wp-json\/wp\/v2\/comments?post=12629"}],"version-history":[{"count":62,"href":"https:\/\/conadi.gob.gt\/web\/wp-json\/wp\/v2\/pages\/12629\/revisions"}],"predecessor-version":[{"id":17405,"href":"https:\/\/conadi.gob.gt\/web\/wp-json\/wp\/v2\/pages\/12629\/revisions\/17405"}],"wp:attachment":[{"href":"https:\/\/conadi.gob.gt\/web\/wp-json\/wp\/v2\/media?parent=12629"}],"curies":[{"name":"wp","href":"https:\/\/api.w.org\/{rel}","templated":true}]}}