{"id":13091,"date":"2023-04-03T15:35:16","date_gmt":"2023-04-03T15:35:16","guid":{"rendered":"https:\/\/conadi.gob.gt\/web\/?page_id=13091"},"modified":"2024-01-24T17:48:03","modified_gmt":"2024-01-24T17:48:03","slug":"re-habil-con-voz-no-43","status":"publish","type":"page","link":"https:\/\/conadi.gob.gt\/web\/re-habil-con-voz-no-43\/","title":{"rendered":"Re-H\u00e1bil con Voz No. 43"},"content":{"rendered":"\n<div class=\"wp-block-media-text alignwide is-stacked-on-mobile\"><figure class=\"wp-block-media-text__media\"><video controls src=\"https:\/\/conadi.gob.gt\/web\/wp-content\/uploads\/2024\/01\/Articulo-1-JD-23-25-2.mp4\"><\/video><\/figure><div class=\"wp-block-media-text__content\">\n<p><strong>Conociendo Junta Directiva CONADI 2023-2025. <\/strong>Por: Consejo Editorial CONADI. <br \/>Int\u00e9rprete LENSEGUA: Ang\u00e9lica Gabriel.<\/p>\n<\/div><\/div>\n\n\n\n<p><\/p>\n\n\n\n<div class=\"wp-block-media-text alignwide is-stacked-on-mobile\"><figure class=\"wp-block-media-text__media\"><video controls src=\"https:\/\/conadi.gob.gt\/web\/wp-content\/uploads\/2024\/01\/Articulo-2-mensajera-de-paz.mp4\"><\/video><\/figure><div class=\"wp-block-media-text__content\">\n<p><strong>CONADI una instituci\u00f3n mensajera de paz<\/strong>. <br \/>Por: Unidad de Comunicaci\u00f3n y Relaciones P\u00fablicas &#8211; CONADI. <br \/>Int\u00e9rprete LENSEGUA: Ang\u00e9lica Gabriel.<\/p>\n<\/div><\/div>\n\n\n\n<p><\/p>\n\n\n\n<div class=\"wp-block-media-text alignwide is-stacked-on-mobile\"><figure class=\"wp-block-media-text__media\"><video controls src=\"https:\/\/conadi.gob.gt\/web\/wp-content\/uploads\/2024\/01\/Articulo-3-paradeportivas.mp4\"><\/video><\/figure><div class=\"wp-block-media-text__content\">\n<p><strong>Promesas paradeportivas en los juegos paral\u00edmpicos 2024. <\/strong><br \/>Por: Juan Garc\u00eda, periodista con discapacidad. Int\u00e9rprete LENSEGUA: Ang\u00e9lica Gabriel.<\/p>\n<\/div><\/div>\n\n\n\n<p><\/p>\n\n\n\n<div class=\"wp-block-media-text alignwide is-stacked-on-mobile\"><figure class=\"wp-block-media-text__media\"><video controls src=\"https:\/\/conadi.gob.gt\/web\/wp-content\/uploads\/2024\/01\/Articulo-5-OMD-chacaya.mp4\"><\/video><\/figure><div class=\"wp-block-media-text__content\">\n<p><strong>Solol\u00e1 se fortalece con una Oficina Municipal de Discapacidad (OMD) en San Jos\u00e9 Chacay\u00e1. <\/strong><br \/>Por: Unidad de Comunicaci\u00f3n y Relaciones P\u00fablicas &#8211; CONADI. <br \/>Int\u00e9rprete LENSEGUA: Ang\u00e9lica Gabriel.<\/p>\n<\/div><\/div>\n\n\n\n<p><\/p>\n\n\n\n<div class=\"wp-block-media-text alignwide is-stacked-on-mobile\"><figure class=\"wp-block-media-text__media\"><video controls src=\"https:\/\/conadi.gob.gt\/web\/wp-content\/uploads\/2024\/01\/Articulo-6-cosmovision.mp4\"><\/video><\/figure><div class=\"wp-block-media-text__content\">\n<p><strong>Discapacidad desde la Cosmovisi\u00f3n de los Pueblos Originarios. <\/strong><br \/>Por: Departamento de An\u00e1lisis de la Informaci\u00f3n y Datos Estad\u00edsticos &#8211; CONADI. <br \/>Int\u00e9rprete LENSEGUA: Ang\u00e9lica Gabriel.<\/p>\n<\/div><\/div>\n\n\n\n<p><\/p>\n\n\n\n<div class=\"wp-block-media-text alignwide is-stacked-on-mobile\"><figure class=\"wp-block-media-text__media\"><video controls src=\"https:\/\/conadi.gob.gt\/web\/wp-content\/uploads\/2024\/01\/Articulo-8-26-anos.mp4\"><\/video><\/figure><div class=\"wp-block-media-text__content\">\n<p><strong>CONADI, 26 a\u00f1os Impulsando la Inclusi\u00f3n en Guatemala.<\/strong> <br \/>Por: Vivian Ajcip, Unidad de Comunicaci\u00f3n y Relaciones P\u00fablicas &#8211; CONADI. <br \/>Int\u00e9rprete LENSEGUA: Ang\u00e9lica Gabriel.<\/p>\n<\/div><\/div>\n\n\n\n<p><\/p>\n\n\n\n<div class=\"wp-block-media-text alignwide is-stacked-on-mobile\"><figure class=\"wp-block-media-text__media\"><video controls src=\"https:\/\/conadi.gob.gt\/web\/wp-content\/uploads\/2024\/01\/Articulo-tamizaje.mp4\"><\/video><\/figure><div class=\"wp-block-media-text__content\">\n<p><strong>Tamizaje Neonatal para deteci\u00f3n de Enfermidades Raras. <\/strong><br \/>Por: Unidad de Comunicaci\u00f3n y Relaciones P\u00fablicas &#8211; CONADI. <br \/>Int\u00e9rprete LENSEGUA: Ang\u00e9lica Gabriel.<\/p>\n<\/div><\/div>\n\n\n\n<p><\/p>\n\n\n\n<div class=\"wp-block-media-text alignwide is-stacked-on-mobile\"><figure class=\"wp-block-media-text__media\"><video controls src=\"https:\/\/conadi.gob.gt\/web\/wp-content\/uploads\/2024\/01\/Articulo-9-gestion-y-accesibilidad-1.mp4\"><\/video><\/figure><div class=\"wp-block-media-text__content\">\n<p><strong>Gesti\u00f3n de riesgos y accesibilidad en los proceso electorales. <\/strong><br \/>Por: Donal de Le\u00f3n, comunicador social. <br \/>Int\u00e9rprete LENSEGUA: Ang\u00e9lica Gabriel.<\/p>\n<\/div><\/div>\n\n\n\n<p><\/p>\n\n\n\n<div class=\"wp-block-media-text alignwide is-stacked-on-mobile\"><figure class=\"wp-block-media-text__media\"><video controls src=\"https:\/\/conadi.gob.gt\/web\/wp-content\/uploads\/2024\/01\/Articulo-10-artes-musicales.mp4\"><\/video><\/figure><div class=\"wp-block-media-text__content\">\n<p><strong>Hacia una vida m\u00e1s inclusiva en las artes musicales. <\/strong><br \/>Por: Juan Garc\u00eda, periodista con discapacidad. Int\u00e9rprete LENSEGUA: Ang\u00e9lica Gabriel.<\/p>\n<\/div><\/div>\n<div class=\"pvc_clear\"><\/div><p id=\"pvc_stats_13091\" class=\"pvc_stats all  \" data-element-id=\"13091\" style=\"\"><i class=\"pvc-stats-icon medium\" aria-hidden=\"true\"><svg aria-hidden=\"true\" focusable=\"false\" data-prefix=\"far\" data-icon=\"chart-bar\" role=\"img\" xmlns=\"http:\/\/www.w3.org\/2000\/svg\" viewBox=\"0 0 512 512\" class=\"svg-inline--fa fa-chart-bar fa-w-16 fa-2x\"><path fill=\"currentColor\" d=\"M396.8 352h22.4c6.4 0 12.8-6.4 12.8-12.8V108.8c0-6.4-6.4-12.8-12.8-12.8h-22.4c-6.4 0-12.8 6.4-12.8 12.8v230.4c0 6.4 6.4 12.8 12.8 12.8zm-192 0h22.4c6.4 0 12.8-6.4 12.8-12.8V140.8c0-6.4-6.4-12.8-12.8-12.8h-22.4c-6.4 0-12.8 6.4-12.8 12.8v198.4c0 6.4 6.4 12.8 12.8 12.8zm96 0h22.4c6.4 0 12.8-6.4 12.8-12.8V204.8c0-6.4-6.4-12.8-12.8-12.8h-22.4c-6.4 0-12.8 6.4-12.8 12.8v134.4c0 6.4 6.4 12.8 12.8 12.8zM496 400H48V80c0-8.84-7.16-16-16-16H16C7.16 64 0 71.16 0 80v336c0 17.67 14.33 32 32 32h464c8.84 0 16-7.16 16-16v-16c0-8.84-7.16-16-16-16zm-387.2-48h22.4c6.4 0 12.8-6.4 12.8-12.8v-70.4c0-6.4-6.4-12.8-12.8-12.8h-22.4c-6.4 0-12.8 6.4-12.8 12.8v70.4c0 6.4 6.4 12.8 12.8 12.8z\" class=\"\"><\/path><\/svg><\/i> <img loading=\"lazy\" decoding=\"async\" width=\"16\" height=\"16\" alt=\"Loading\" src=\"https:\/\/conadi.gob.gt\/web\/wp-content\/plugins\/page-views-count\/ajax-loader-2x.gif\" border=0 \/><\/p><div class=\"pvc_clear\"><\/div>","protected":false},"excerpt":{"rendered":"<p>Conociendo Junta Directiva CONADI 2023-2025. Por: Consejo Editorial CONADI. Int\u00e9rprete LENSEGUA: Ang\u00e9lica Gabriel. CONADI una instituci\u00f3n mensajera de paz. Por: Unidad de Comunicaci\u00f3n y Relaciones P\u00fablicas &#8211; CONADI. Int\u00e9rprete LENSEGUA: Ang\u00e9lica Gabriel. Promesas paradeportivas en los juegos paral\u00edmpicos 2024. Por: Juan Garc\u00eda, periodista con discapacidad. Int\u00e9rprete LENSEGUA: Ang\u00e9lica Gabriel. Solol\u00e1 se fortalece con una Oficina &hellip; <\/p>\n<p class=\"link-more\"><a href=\"https:\/\/conadi.gob.gt\/web\/re-habil-con-voz-no-43\/\" class=\"more-link\">Leer m\u00e1s<span class=\"screen-reader-text\"> \u00abRe-H\u00e1bil con Voz No. 43\u00bb<\/span><\/a><\/p>\n<div class=\"pvc_clear\"><\/div>\n<p id=\"pvc_stats_13091\" class=\"pvc_stats all  \" data-element-id=\"13091\" style=\"\"><i class=\"pvc-stats-icon medium\" aria-hidden=\"true\"><svg aria-hidden=\"true\" focusable=\"false\" data-prefix=\"far\" data-icon=\"chart-bar\" role=\"img\" xmlns=\"http:\/\/www.w3.org\/2000\/svg\" viewBox=\"0 0 512 512\" class=\"svg-inline--fa fa-chart-bar fa-w-16 fa-2x\"><path fill=\"currentColor\" d=\"M396.8 352h22.4c6.4 0 12.8-6.4 12.8-12.8V108.8c0-6.4-6.4-12.8-12.8-12.8h-22.4c-6.4 0-12.8 6.4-12.8 12.8v230.4c0 6.4 6.4 12.8 12.8 12.8zm-192 0h22.4c6.4 0 12.8-6.4 12.8-12.8V140.8c0-6.4-6.4-12.8-12.8-12.8h-22.4c-6.4 0-12.8 6.4-12.8 12.8v198.4c0 6.4 6.4 12.8 12.8 12.8zm96 0h22.4c6.4 0 12.8-6.4 12.8-12.8V204.8c0-6.4-6.4-12.8-12.8-12.8h-22.4c-6.4 0-12.8 6.4-12.8 12.8v134.4c0 6.4 6.4 12.8 12.8 12.8zM496 400H48V80c0-8.84-7.16-16-16-16H16C7.16 64 0 71.16 0 80v336c0 17.67 14.33 32 32 32h464c8.84 0 16-7.16 16-16v-16c0-8.84-7.16-16-16-16zm-387.2-48h22.4c6.4 0 12.8-6.4 12.8-12.8v-70.4c0-6.4-6.4-12.8-12.8-12.8h-22.4c-6.4 0-12.8 6.4-12.8 12.8v70.4c0 6.4 6.4 12.8 12.8 12.8z\" class=\"\"><\/path><\/svg><\/i> <img loading=\"lazy\" decoding=\"async\" width=\"16\" height=\"16\" alt=\"Loading\" src=\"https:\/\/conadi.gob.gt\/web\/wp-content\/plugins\/page-views-count\/ajax-loader-2x.gif\" border=0 \/><\/p>\n<div class=\"pvc_clear\"><\/div>\n","protected":false},"author":12,"featured_media":0,"parent":0,"menu_order":0,"comment_status":"closed","ping_status":"closed","template":"","meta":{"inspiro_hide_title":false,"footnotes":""},"class_list":["post-13091","page","type-page","status-publish","hentry"],"_links":{"self":[{"href":"https:\/\/conadi.gob.gt\/web\/wp-json\/wp\/v2\/pages\/13091","targetHints":{"allow":["GET"]}}],"collection":[{"href":"https:\/\/conadi.gob.gt\/web\/wp-json\/wp\/v2\/pages"}],"about":[{"href":"https:\/\/conadi.gob.gt\/web\/wp-json\/wp\/v2\/types\/page"}],"author":[{"embeddable":true,"href":"https:\/\/conadi.gob.gt\/web\/wp-json\/wp\/v2\/users\/12"}],"replies":[{"embeddable":true,"href":"https:\/\/conadi.gob.gt\/web\/wp-json\/wp\/v2\/comments?post=13091"}],"version-history":[{"count":7,"href":"https:\/\/conadi.gob.gt\/web\/wp-json\/wp\/v2\/pages\/13091\/revisions"}],"predecessor-version":[{"id":14853,"href":"https:\/\/conadi.gob.gt\/web\/wp-json\/wp\/v2\/pages\/13091\/revisions\/14853"}],"wp:attachment":[{"href":"https:\/\/conadi.gob.gt\/web\/wp-json\/wp\/v2\/media?parent=13091"}],"curies":[{"name":"wp","href":"https:\/\/api.w.org\/{rel}","templated":true}]}}

Re-Hábil con Voz No. 43

<div class="wp-block-media-text alignwide is-stacked-on-mobile"><figure class="wp-block-media-text__media"><video controls src="https://conadi.gob.gt/web/wp-content/uploads/2024/01/Articulo-1-JD-23-25-2.mp4"></video></figure><div class="wp-block-media-text__content">
<p><strong>Conociendo Junta Directiva CONADI 2023-2025. </strong>Por: Consejo Editorial CONADI. <br />Intérprete LENSEGUA: Angélica Gabriel.</p>
</div></div>



<p></p>



<div class="wp-block-media-text alignwide is-stacked-on-mobile"><figure class="wp-block-media-text__media"><video controls src="https://conadi.gob.gt/web/wp-content/uploads/2024/01/Articulo-2-mensajera-de-paz.mp4"></video></figure><div class="wp-block-media-text__content">
<p><strong>CONADI una institución mensajera de paz</strong>. <br />Por: Unidad de Comunicación y Relaciones Públicas &#8211; CONADI. <br />Intérprete LENSEGUA: Angélica Gabriel.</p>
</div></div>



<p></p>



<div class="wp-block-media-text alignwide is-stacked-on-mobile"><figure class="wp-block-media-text__media"><video controls src="https://conadi.gob.gt/web/wp-content/uploads/2024/01/Articulo-3-paradeportivas.mp4"></video></figure><div class="wp-block-media-text__content">
<p><strong>Promesas paradeportivas en los juegos paralímpicos 2024. </strong><br />Por: Juan García, periodista con discapacidad. Intérprete LENSEGUA: Angélica Gabriel.</p>
</div></div>



<p></p>



<div class="wp-block-media-text alignwide is-stacked-on-mobile"><figure class="wp-block-media-text__media"><video controls src="https://conadi.gob.gt/web/wp-content/uploads/2024/01/Articulo-5-OMD-chacaya.mp4"></video></figure><div class="wp-block-media-text__content">
<p><strong>Sololá se fortalece con una Oficina Municipal de Discapacidad (OMD) en San José Chacayá. </strong><br />Por: Unidad de Comunicación y Relaciones Públicas &#8211; CONADI. <br />Intérprete LENSEGUA: Angélica Gabriel.</p>
</div></div>



<p></p>



<div class="wp-block-media-text alignwide is-stacked-on-mobile"><figure class="wp-block-media-text__media"><video controls src="https://conadi.gob.gt/web/wp-content/uploads/2024/01/Articulo-6-cosmovision.mp4"></video></figure><div class="wp-block-media-text__content">
<p><strong>Discapacidad desde la Cosmovisión de los Pueblos Originarios. </strong><br />Por: Departamento de Análisis de la Información y Datos Estadísticos &#8211; CONADI. <br />Intérprete LENSEGUA: Angélica Gabriel.</p>
</div></div>



<p></p>



<div class="wp-block-media-text alignwide is-stacked-on-mobile"><figure class="wp-block-media-text__media"><video controls src="https://conadi.gob.gt/web/wp-content/uploads/2024/01/Articulo-8-26-anos.mp4"></video></figure><div class="wp-block-media-text__content">
<p><strong>CONADI, 26 años Impulsando la Inclusión en Guatemala.</strong> <br />Por: Vivian Ajcip, Unidad de Comunicación y Relaciones Públicas &#8211; CONADI. <br />Intérprete LENSEGUA: Angélica Gabriel.</p>
</div></div>



<p></p>



<div class="wp-block-media-text alignwide is-stacked-on-mobile"><figure class="wp-block-media-text__media"><video controls src="https://conadi.gob.gt/web/wp-content/uploads/2024/01/Articulo-tamizaje.mp4"></video></figure><div class="wp-block-media-text__content">
<p><strong>Tamizaje Neonatal para deteción de Enfermidades Raras. </strong><br />Por: Unidad de Comunicación y Relaciones Públicas &#8211; CONADI. <br />Intérprete LENSEGUA: Angélica Gabriel.</p>
</div></div>



<p></p>



<div class="wp-block-media-text alignwide is-stacked-on-mobile"><figure class="wp-block-media-text__media"><video controls src="https://conadi.gob.gt/web/wp-content/uploads/2024/01/Articulo-9-gestion-y-accesibilidad-1.mp4"></video></figure><div class="wp-block-media-text__content">
<p><strong>Gestión de riesgos y accesibilidad en los proceso electorales. </strong><br />Por: Donal de León, comunicador social. <br />Intérprete LENSEGUA: Angélica Gabriel.</p>
</div></div>



<p></p>



<div class="wp-block-media-text alignwide is-stacked-on-mobile"><figure class="wp-block-media-text__media"><video controls src="https://conadi.gob.gt/web/wp-content/uploads/2024/01/Articulo-10-artes-musicales.mp4"></video></figure><div class="wp-block-media-text__content">
<p><strong>Hacia una vida más inclusiva en las artes musicales. </strong><br />Por: Juan García, periodista con discapacidad. Intérprete LENSEGUA: Angélica Gabriel.</p>
</div></div>
<div class="pvc_clear"></div><p id="pvc_stats_13091" class="pvc_stats all  " data-element-id="13091" style=""><i class="pvc-stats-icon medium" aria-hidden="true"><svg aria-hidden="true" focusable="false" data-prefix="far" data-icon="chart-bar" role="img" xmlns="http://www.w3.org/2000/svg" viewBox="0 0 512 512" class="svg-inline--fa fa-chart-bar fa-w-16 fa-2x"><path fill="currentColor" d="M396.8 352h22.4c6.4 0 12.8-6.4 12.8-12.8V108.8c0-6.4-6.4-12.8-12.8-12.8h-22.4c-6.4 0-12.8 6.4-12.8 12.8v230.4c0 6.4 6.4 12.8 12.8 12.8zm-192 0h22.4c6.4 0 12.8-6.4 12.8-12.8V140.8c0-6.4-6.4-12.8-12.8-12.8h-22.4c-6.4 0-12.8 6.4-12.8 12.8v198.4c0 6.4 6.4 12.8 12.8 12.8zm96 0h22.4c6.4 0 12.8-6.4 12.8-12.8V204.8c0-6.4-6.4-12.8-12.8-12.8h-22.4c-6.4 0-12.8 6.4-12.8 12.8v134.4c0 6.4 6.4 12.8 12.8 12.8zM496 400H48V80c0-8.84-7.16-16-16-16H16C7.16 64 0 71.16 0 80v336c0 17.67 14.33 32 32 32h464c8.84 0 16-7.16 16-16v-16c0-8.84-7.16-16-16-16zm-387.2-48h22.4c6.4 0 12.8-6.4 12.8-12.8v-70.4c0-6.4-6.4-12.8-12.8-12.8h-22.4c-6.4 0-12.8 6.4-12.8 12.8v70.4c0 6.4 6.4 12.8 12.8 12.8z" class=""></path></svg></i> <img loading="lazy" decoding="async" width="16" height="16" alt="Loading" src="https://conadi.gob.gt/web/wp-content/plugins/page-views-count/ajax-loader-2x.gif" border=0 /></p><div class="pvc_clear"></div>

<p>Conociendo Junta Directiva CONADI 2023-2025. Por: Consejo Editorial CONADI. Intérprete LENSEGUA: Angélica Gabriel. CONADI una institución mensajera de paz. Por: Unidad de Comunicación y Relaciones Públicas &#8211; CONADI. Intérprete LENSEGUA: Angélica Gabriel. Promesas paradeportivas en los juegos paralímpicos 2024. Por: Juan García, periodista con discapacidad. Intérprete LENSEGUA: Angélica Gabriel. Sololá se fortalece con una Oficina &hellip; </p>
<p class="link-more"><a href="https://conadi.gob.gt/web/re-habil-con-voz-no-43/" class="more-link">Leer más<span class="screen-reader-text"> «Re-Hábil con Voz No. 43»</span></a></p>
<div class="pvc_clear"></div>
<p id="pvc_stats_13091" class="pvc_stats all  " data-element-id="13091" style=""><i class="pvc-stats-icon medium" aria-hidden="true"><svg aria-hidden="true" focusable="false" data-prefix="far" data-icon="chart-bar" role="img" xmlns="http://www.w3.org/2000/svg" viewBox="0 0 512 512" class="svg-inline--fa fa-chart-bar fa-w-16 fa-2x"><path fill="currentColor" d="M396.8 352h22.4c6.4 0 12.8-6.4 12.8-12.8V108.8c0-6.4-6.4-12.8-12.8-12.8h-22.4c-6.4 0-12.8 6.4-12.8 12.8v230.4c0 6.4 6.4 12.8 12.8 12.8zm-192 0h22.4c6.4 0 12.8-6.4 12.8-12.8V140.8c0-6.4-6.4-12.8-12.8-12.8h-22.4c-6.4 0-12.8 6.4-12.8 12.8v198.4c0 6.4 6.4 12.8 12.8 12.8zm96 0h22.4c6.4 0 12.8-6.4 12.8-12.8V204.8c0-6.4-6.4-12.8-12.8-12.8h-22.4c-6.4 0-12.8 6.4-12.8 12.8v134.4c0 6.4 6.4 12.8 12.8 12.8zM496 400H48V80c0-8.84-7.16-16-16-16H16C7.16 64 0 71.16 0 80v336c0 17.67 14.33 32 32 32h464c8.84 0 16-7.16 16-16v-16c0-8.84-7.16-16-16-16zm-387.2-48h22.4c6.4 0 12.8-6.4 12.8-12.8v-70.4c0-6.4-6.4-12.8-12.8-12.8h-22.4c-6.4 0-12.8 6.4-12.8 12.8v70.4c0 6.4 6.4 12.8 12.8 12.8z" class=""></path></svg></i> <img loading="lazy" decoding="async" width="16" height="16" alt="Loading" src="https://conadi.gob.gt/web/wp-content/plugins/page-views-count/ajax-loader-2x.gif" border=0 /></p>
<div class="pvc_clear"></div>
