{"id":14272,"date":"2023-10-13T19:48:40","date_gmt":"2023-10-13T19:48:40","guid":{"rendered":"https:\/\/conadi.gob.gt\/web\/?page_id=14272"},"modified":"2024-01-24T17:52:45","modified_gmt":"2024-01-24T17:52:45","slug":"re-habil-con-voz-no-45","status":"publish","type":"page","link":"https:\/\/conadi.gob.gt\/web\/re-habil-con-voz-no-45\/","title":{"rendered":"Re-H\u00e1bil con Voz No. 45"},"content":{"rendered":"\n<div class=\"wp-block-media-text alignwide is-stacked-on-mobile\"><figure class=\"wp-block-media-text__media\"><video controls src=\"https:\/\/conadi.gob.gt\/web\/wp-content\/uploads\/2024\/01\/RR45-ARTICULO-PERSONAS-CON-DISCAPACIDAD-Se-benefician-con-Programa-Bolsas-de-Estudio-del-CONADI.mp4\"><\/video><\/figure><div class=\"wp-block-media-text__content\">\n<p><strong>Personas con Discapacidad se Benefician del Programa Bolsas de Estudio del CONADI. <\/strong><br \/>Por: David Winter, jefe del depatartamento de Fortalecimiento y Fomento de la Participaci\u00f3n Ciudadana.<br \/>Int\u00e9rprete LENSEGUA: Ang\u00e9lica Gabriel.<\/p>\n<\/div><\/div>\n\n\n\n<p><\/p>\n\n\n\n<div class=\"wp-block-media-text alignwide is-stacked-on-mobile\"><figure class=\"wp-block-media-text__media\"><video controls src=\"https:\/\/conadi.gob.gt\/web\/wp-content\/uploads\/2024\/01\/RR45-ARTICULO-Dia-Internacional-de-las-Personas-con-Discapacidad.mp4\"><\/video><\/figure><div class=\"wp-block-media-text__content\">\n<p><strong>D\u00eda Internacional de las Personas con Discapacidad.<\/strong><br \/>Por: Ramiro Nochez-McNutt, persona con discapacidad f\u00edsica.<br \/>Int\u00e9rprete LENSEGUA: Ang\u00e9lica Gabriel.<\/p>\n<\/div><\/div>\n\n\n\n<p><\/p>\n\n\n\n<div class=\"wp-block-media-text alignwide is-stacked-on-mobile\"><figure class=\"wp-block-media-text__media\"><video controls src=\"https:\/\/conadi.gob.gt\/web\/wp-content\/uploads\/2024\/01\/RR45-ARTICULO-3-Acceso-a-la-Justicia-para-las-Personas-con-Discapacidad.mp4\"><\/video><\/figure><div class=\"wp-block-media-text__content\">\n<p><strong>Acceso a la justicia para las Personas con Discapacidad. <\/strong><br \/>Por: Paola Solano, vicepresidenta de Asociaci\u00f3n ONG F\u00e9lix.<br \/>Int\u00e9rprete LENSEGUA: Ang\u00e9lica Gabriel.<\/p>\n<\/div><\/div>\n\n\n\n<p><\/p>\n\n\n\n<div class=\"wp-block-media-text alignwide is-stacked-on-mobile\"><figure class=\"wp-block-media-text__media\"><video controls src=\"https:\/\/conadi.gob.gt\/web\/wp-content\/uploads\/2024\/01\/RR45-ARTICULO-Una-estrategia-de-accesibilidad-al-patrimonio-cultural.mp4\"><\/video><\/figure><div class=\"wp-block-media-text__content\">\n<p><strong>Una Estrategia de Accesibilidad al Patrimonio Cultural<\/strong><br \/>Por: Cindy Rivas, coordinadora del proyecto AECID-CONADI<br \/>Int\u00e9rprete LENSEGUA: Ang\u00e9lica Gabriel.<\/p>\n<\/div><\/div>\n\n\n\n<p><\/p>\n\n\n\n<div class=\"wp-block-media-text alignwide is-stacked-on-mobile\"><figure class=\"wp-block-media-text__media\"><video controls src=\"https:\/\/conadi.gob.gt\/web\/wp-content\/uploads\/2024\/01\/RR45-ARTICULO-Higiene-Dental-PCD.mp4\"><\/video><\/figure><div class=\"wp-block-media-text__content\">\n<p><strong>Higiene Dental de Personas con Discapacidad.<\/strong><br \/>Por: Dra. Silvia Castellanos de Le\u00f3n, Grupo Dental Familiar<br \/>Int\u00e9rprete LENSEGUA: Ang\u00e9lica Gabriel.<\/p>\n<\/div><\/div>\n\n\n\n<p><\/p>\n\n\n\n<div class=\"wp-block-media-text alignwide is-stacked-on-mobile\"><figure class=\"wp-block-media-text__media\"><video controls src=\"https:\/\/conadi.gob.gt\/web\/wp-content\/uploads\/2024\/01\/RR45-ARTICULO-La-importancia-de-Acceso-a-la-Informacion-Publica.mp4\"><\/video><\/figure><div class=\"wp-block-media-text__content\">\n<p><strong>La Importancia del Acceso a la Informaci\u00f3n P\u00fablica. <\/strong><br \/>Por: Mirna Medina, t\u00e9cnico de AIP del CONADI.<br \/>Int\u00e9rprete LENSEGUA: Ang\u00e9lica Gabriel.<\/p>\n<\/div><\/div>\n\n\n\n<p><\/p>\n\n\n\n<div class=\"wp-block-media-text alignwide is-stacked-on-mobile\"><figure class=\"wp-block-media-text__media\"><video controls src=\"https:\/\/conadi.gob.gt\/web\/wp-content\/uploads\/2024\/01\/RR45-ARTICULO-7-La-seleccion-de-futbol-de-Talla-Baja-de-Guatemala.mp4\"><\/video><\/figure><div class=\"wp-block-media-text__content\">\n<p><strong>La Selecci\u00f3n de F\u00fatbol de Talla Baja de Guatemala<\/strong>.<br \/>Por: <a href=\"https:\/\/www.facebook.com\/Asofuttbgt?__cft__[0]=AZWX3iWFGe3xfpiEQhY7jtLtyluw_I7TaS2LMOWQWbfufHapGUS4QlqSuuPntCAltfmstsTpUeGlQVK0o2AM7gi3OV3bmGYyrx6qGiI3kr2sJadfK0DeEX-u5buWZpnoB-k94ur1qqcPPwZVSLTtEIQFKgaOQWoWxpEz8JP4nDscYi9HAQWtYtMPOosRFv9rkRI&amp;__tn__=-]K-R\">Selecci\u00f3n de Talla Baja Guatemala<\/a><br \/>Int\u00e9rprete LENSEGUA: Ang\u00e9lica Gabriel.<\/p>\n<\/div><\/div>\n\n\n\n<p><\/p>\n\n\n\n<div class=\"wp-block-media-text alignwide is-stacked-on-mobile\"><figure class=\"wp-block-media-text__media\"><video controls src=\"https:\/\/conadi.gob.gt\/web\/wp-content\/uploads\/2024\/01\/RR45-ARTICULO-Avances-significativos-en-procesos-legislativo-sobre-discapacidad.mp4\"><\/video><\/figure><div class=\"wp-block-media-text__content\">\n<p><strong>Avances significativos en proceso legislativo sobre discapacidad.<\/strong><br \/>Por: Lcda. Vivian Ajcip, Comunicaci\u00f3n CONADI.<br \/>Int\u00e9rprete LENSEGUA: Ang\u00e9lica Gabriel.<\/p>\n<\/div><\/div>\n\n\n\n<p><\/p>\n\n\n\n<div class=\"wp-block-media-text alignwide is-stacked-on-mobile\"><figure class=\"wp-block-media-text__media\"><video controls src=\"https:\/\/conadi.gob.gt\/web\/wp-content\/uploads\/2024\/01\/RR45-ARTICULO-Medios-de-comunicacion-y-su-importancia-para-la-inclusion.mp4\"><\/video><\/figure><div class=\"wp-block-media-text__content\">\n<p><strong>Medios de Comunicaci\u00f3n y su Importancia para la Inclusi\u00f3n. <\/strong><br \/>Por: Giovanni P\u00e9rez, licenciado en comunicaci\u00f3n.<br \/>Int\u00e9rprete LENSEGUA: Ang\u00e9lica Gabriel.<\/p>\n<\/div><\/div>\n<div class=\"pvc_clear\"><\/div><p id=\"pvc_stats_14272\" class=\"pvc_stats all  \" data-element-id=\"14272\" style=\"\"><i class=\"pvc-stats-icon medium\" aria-hidden=\"true\"><svg aria-hidden=\"true\" focusable=\"false\" data-prefix=\"far\" data-icon=\"chart-bar\" role=\"img\" xmlns=\"http:\/\/www.w3.org\/2000\/svg\" viewBox=\"0 0 512 512\" class=\"svg-inline--fa fa-chart-bar fa-w-16 fa-2x\"><path fill=\"currentColor\" d=\"M396.8 352h22.4c6.4 0 12.8-6.4 12.8-12.8V108.8c0-6.4-6.4-12.8-12.8-12.8h-22.4c-6.4 0-12.8 6.4-12.8 12.8v230.4c0 6.4 6.4 12.8 12.8 12.8zm-192 0h22.4c6.4 0 12.8-6.4 12.8-12.8V140.8c0-6.4-6.4-12.8-12.8-12.8h-22.4c-6.4 0-12.8 6.4-12.8 12.8v198.4c0 6.4 6.4 12.8 12.8 12.8zm96 0h22.4c6.4 0 12.8-6.4 12.8-12.8V204.8c0-6.4-6.4-12.8-12.8-12.8h-22.4c-6.4 0-12.8 6.4-12.8 12.8v134.4c0 6.4 6.4 12.8 12.8 12.8zM496 400H48V80c0-8.84-7.16-16-16-16H16C7.16 64 0 71.16 0 80v336c0 17.67 14.33 32 32 32h464c8.84 0 16-7.16 16-16v-16c0-8.84-7.16-16-16-16zm-387.2-48h22.4c6.4 0 12.8-6.4 12.8-12.8v-70.4c0-6.4-6.4-12.8-12.8-12.8h-22.4c-6.4 0-12.8 6.4-12.8 12.8v70.4c0 6.4 6.4 12.8 12.8 12.8z\" class=\"\"><\/path><\/svg><\/i> <img loading=\"lazy\" decoding=\"async\" width=\"16\" height=\"16\" alt=\"Loading\" src=\"https:\/\/conadi.gob.gt\/web\/wp-content\/plugins\/page-views-count\/ajax-loader-2x.gif\" border=0 \/><\/p><div class=\"pvc_clear\"><\/div>","protected":false},"excerpt":{"rendered":"<p>Personas con Discapacidad se Benefician del Programa Bolsas de Estudio del CONADI. Por: David Winter, jefe del depatartamento de Fortalecimiento y Fomento de la Participaci\u00f3n Ciudadana.Int\u00e9rprete LENSEGUA: Ang\u00e9lica Gabriel. D\u00eda Internacional de las Personas con Discapacidad.Por: Ramiro Nochez-McNutt, persona con discapacidad f\u00edsica.Int\u00e9rprete LENSEGUA: Ang\u00e9lica Gabriel. Acceso a la justicia para las Personas con Discapacidad. Por: &hellip; <\/p>\n<p class=\"link-more\"><a href=\"https:\/\/conadi.gob.gt\/web\/re-habil-con-voz-no-45\/\" class=\"more-link\">Leer m\u00e1s<span class=\"screen-reader-text\"> \u00abRe-H\u00e1bil con Voz No. 45\u00bb<\/span><\/a><\/p>\n<div class=\"pvc_clear\"><\/div>\n<p id=\"pvc_stats_14272\" class=\"pvc_stats all  \" data-element-id=\"14272\" style=\"\"><i class=\"pvc-stats-icon medium\" aria-hidden=\"true\"><svg aria-hidden=\"true\" focusable=\"false\" data-prefix=\"far\" data-icon=\"chart-bar\" role=\"img\" xmlns=\"http:\/\/www.w3.org\/2000\/svg\" viewBox=\"0 0 512 512\" class=\"svg-inline--fa fa-chart-bar fa-w-16 fa-2x\"><path fill=\"currentColor\" d=\"M396.8 352h22.4c6.4 0 12.8-6.4 12.8-12.8V108.8c0-6.4-6.4-12.8-12.8-12.8h-22.4c-6.4 0-12.8 6.4-12.8 12.8v230.4c0 6.4 6.4 12.8 12.8 12.8zm-192 0h22.4c6.4 0 12.8-6.4 12.8-12.8V140.8c0-6.4-6.4-12.8-12.8-12.8h-22.4c-6.4 0-12.8 6.4-12.8 12.8v198.4c0 6.4 6.4 12.8 12.8 12.8zm96 0h22.4c6.4 0 12.8-6.4 12.8-12.8V204.8c0-6.4-6.4-12.8-12.8-12.8h-22.4c-6.4 0-12.8 6.4-12.8 12.8v134.4c0 6.4 6.4 12.8 12.8 12.8zM496 400H48V80c0-8.84-7.16-16-16-16H16C7.16 64 0 71.16 0 80v336c0 17.67 14.33 32 32 32h464c8.84 0 16-7.16 16-16v-16c0-8.84-7.16-16-16-16zm-387.2-48h22.4c6.4 0 12.8-6.4 12.8-12.8v-70.4c0-6.4-6.4-12.8-12.8-12.8h-22.4c-6.4 0-12.8 6.4-12.8 12.8v70.4c0 6.4 6.4 12.8 12.8 12.8z\" class=\"\"><\/path><\/svg><\/i> <img loading=\"lazy\" decoding=\"async\" width=\"16\" height=\"16\" alt=\"Loading\" src=\"https:\/\/conadi.gob.gt\/web\/wp-content\/plugins\/page-views-count\/ajax-loader-2x.gif\" border=0 \/><\/p>\n<div class=\"pvc_clear\"><\/div>\n","protected":false},"author":41,"featured_media":0,"parent":0,"menu_order":0,"comment_status":"closed","ping_status":"closed","template":"","meta":{"inspiro_hide_title":false,"footnotes":""},"class_list":["post-14272","page","type-page","status-publish","hentry"],"_links":{"self":[{"href":"https:\/\/conadi.gob.gt\/web\/wp-json\/wp\/v2\/pages\/14272","targetHints":{"allow":["GET"]}}],"collection":[{"href":"https:\/\/conadi.gob.gt\/web\/wp-json\/wp\/v2\/pages"}],"about":[{"href":"https:\/\/conadi.gob.gt\/web\/wp-json\/wp\/v2\/types\/page"}],"author":[{"embeddable":true,"href":"https:\/\/conadi.gob.gt\/web\/wp-json\/wp\/v2\/users\/41"}],"replies":[{"embeddable":true,"href":"https:\/\/conadi.gob.gt\/web\/wp-json\/wp\/v2\/comments?post=14272"}],"version-history":[{"count":4,"href":"https:\/\/conadi.gob.gt\/web\/wp-json\/wp\/v2\/pages\/14272\/revisions"}],"predecessor-version":[{"id":14859,"href":"https:\/\/conadi.gob.gt\/web\/wp-json\/wp\/v2\/pages\/14272\/revisions\/14859"}],"wp:attachment":[{"href":"https:\/\/conadi.gob.gt\/web\/wp-json\/wp\/v2\/media?parent=14272"}],"curies":[{"name":"wp","href":"https:\/\/api.w.org\/{rel}","templated":true}]}}

Re-Hábil con Voz No. 45

<div class="wp-block-media-text alignwide is-stacked-on-mobile"><figure class="wp-block-media-text__media"><video controls src="https://conadi.gob.gt/web/wp-content/uploads/2024/01/RR45-ARTICULO-PERSONAS-CON-DISCAPACIDAD-Se-benefician-con-Programa-Bolsas-de-Estudio-del-CONADI.mp4"></video></figure><div class="wp-block-media-text__content">
<p><strong>Personas con Discapacidad se Benefician del Programa Bolsas de Estudio del CONADI. </strong><br />Por: David Winter, jefe del depatartamento de Fortalecimiento y Fomento de la Participación Ciudadana.<br />Intérprete LENSEGUA: Angélica Gabriel.</p>
</div></div>



<p></p>



<div class="wp-block-media-text alignwide is-stacked-on-mobile"><figure class="wp-block-media-text__media"><video controls src="https://conadi.gob.gt/web/wp-content/uploads/2024/01/RR45-ARTICULO-Dia-Internacional-de-las-Personas-con-Discapacidad.mp4"></video></figure><div class="wp-block-media-text__content">
<p><strong>Día Internacional de las Personas con Discapacidad.</strong><br />Por: Ramiro Nochez-McNutt, persona con discapacidad física.<br />Intérprete LENSEGUA: Angélica Gabriel.</p>
</div></div>



<p></p>



<div class="wp-block-media-text alignwide is-stacked-on-mobile"><figure class="wp-block-media-text__media"><video controls src="https://conadi.gob.gt/web/wp-content/uploads/2024/01/RR45-ARTICULO-3-Acceso-a-la-Justicia-para-las-Personas-con-Discapacidad.mp4"></video></figure><div class="wp-block-media-text__content">
<p><strong>Acceso a la justicia para las Personas con Discapacidad. </strong><br />Por: Paola Solano, vicepresidenta de Asociación ONG Félix.<br />Intérprete LENSEGUA: Angélica Gabriel.</p>
</div></div>



<p></p>



<div class="wp-block-media-text alignwide is-stacked-on-mobile"><figure class="wp-block-media-text__media"><video controls src="https://conadi.gob.gt/web/wp-content/uploads/2024/01/RR45-ARTICULO-Una-estrategia-de-accesibilidad-al-patrimonio-cultural.mp4"></video></figure><div class="wp-block-media-text__content">
<p><strong>Una Estrategia de Accesibilidad al Patrimonio Cultural</strong><br />Por: Cindy Rivas, coordinadora del proyecto AECID-CONADI<br />Intérprete LENSEGUA: Angélica Gabriel.</p>
</div></div>



<p></p>



<div class="wp-block-media-text alignwide is-stacked-on-mobile"><figure class="wp-block-media-text__media"><video controls src="https://conadi.gob.gt/web/wp-content/uploads/2024/01/RR45-ARTICULO-Higiene-Dental-PCD.mp4"></video></figure><div class="wp-block-media-text__content">
<p><strong>Higiene Dental de Personas con Discapacidad.</strong><br />Por: Dra. Silvia Castellanos de León, Grupo Dental Familiar<br />Intérprete LENSEGUA: Angélica Gabriel.</p>
</div></div>



<p></p>



<div class="wp-block-media-text alignwide is-stacked-on-mobile"><figure class="wp-block-media-text__media"><video controls src="https://conadi.gob.gt/web/wp-content/uploads/2024/01/RR45-ARTICULO-La-importancia-de-Acceso-a-la-Informacion-Publica.mp4"></video></figure><div class="wp-block-media-text__content">
<p><strong>La Importancia del Acceso a la Información Pública. </strong><br />Por: Mirna Medina, técnico de AIP del CONADI.<br />Intérprete LENSEGUA: Angélica Gabriel.</p>
</div></div>



<p></p>



<div class="wp-block-media-text alignwide is-stacked-on-mobile"><figure class="wp-block-media-text__media"><video controls src="https://conadi.gob.gt/web/wp-content/uploads/2024/01/RR45-ARTICULO-7-La-seleccion-de-futbol-de-Talla-Baja-de-Guatemala.mp4"></video></figure><div class="wp-block-media-text__content">
<p><strong>La Selección de Fútbol de Talla Baja de Guatemala</strong>.<br />Por: <a href="https://www.facebook.com/Asofuttbgt?__cft__[0]=AZWX3iWFGe3xfpiEQhY7jtLtyluw_I7TaS2LMOWQWbfufHapGUS4QlqSuuPntCAltfmstsTpUeGlQVK0o2AM7gi3OV3bmGYyrx6qGiI3kr2sJadfK0DeEX-u5buWZpnoB-k94ur1qqcPPwZVSLTtEIQFKgaOQWoWxpEz8JP4nDscYi9HAQWtYtMPOosRFv9rkRI&amp;__tn__=-]K-R">Selección de Talla Baja Guatemala</a><br />Intérprete LENSEGUA: Angélica Gabriel.</p>
</div></div>



<p></p>



<div class="wp-block-media-text alignwide is-stacked-on-mobile"><figure class="wp-block-media-text__media"><video controls src="https://conadi.gob.gt/web/wp-content/uploads/2024/01/RR45-ARTICULO-Avances-significativos-en-procesos-legislativo-sobre-discapacidad.mp4"></video></figure><div class="wp-block-media-text__content">
<p><strong>Avances significativos en proceso legislativo sobre discapacidad.</strong><br />Por: Lcda. Vivian Ajcip, Comunicación CONADI.<br />Intérprete LENSEGUA: Angélica Gabriel.</p>
</div></div>



<p></p>



<div class="wp-block-media-text alignwide is-stacked-on-mobile"><figure class="wp-block-media-text__media"><video controls src="https://conadi.gob.gt/web/wp-content/uploads/2024/01/RR45-ARTICULO-Medios-de-comunicacion-y-su-importancia-para-la-inclusion.mp4"></video></figure><div class="wp-block-media-text__content">
<p><strong>Medios de Comunicación y su Importancia para la Inclusión. </strong><br />Por: Giovanni Pérez, licenciado en comunicación.<br />Intérprete LENSEGUA: Angélica Gabriel.</p>
</div></div>
<div class="pvc_clear"></div><p id="pvc_stats_14272" class="pvc_stats all  " data-element-id="14272" style=""><i class="pvc-stats-icon medium" aria-hidden="true"><svg aria-hidden="true" focusable="false" data-prefix="far" data-icon="chart-bar" role="img" xmlns="http://www.w3.org/2000/svg" viewBox="0 0 512 512" class="svg-inline--fa fa-chart-bar fa-w-16 fa-2x"><path fill="currentColor" d="M396.8 352h22.4c6.4 0 12.8-6.4 12.8-12.8V108.8c0-6.4-6.4-12.8-12.8-12.8h-22.4c-6.4 0-12.8 6.4-12.8 12.8v230.4c0 6.4 6.4 12.8 12.8 12.8zm-192 0h22.4c6.4 0 12.8-6.4 12.8-12.8V140.8c0-6.4-6.4-12.8-12.8-12.8h-22.4c-6.4 0-12.8 6.4-12.8 12.8v198.4c0 6.4 6.4 12.8 12.8 12.8zm96 0h22.4c6.4 0 12.8-6.4 12.8-12.8V204.8c0-6.4-6.4-12.8-12.8-12.8h-22.4c-6.4 0-12.8 6.4-12.8 12.8v134.4c0 6.4 6.4 12.8 12.8 12.8zM496 400H48V80c0-8.84-7.16-16-16-16H16C7.16 64 0 71.16 0 80v336c0 17.67 14.33 32 32 32h464c8.84 0 16-7.16 16-16v-16c0-8.84-7.16-16-16-16zm-387.2-48h22.4c6.4 0 12.8-6.4 12.8-12.8v-70.4c0-6.4-6.4-12.8-12.8-12.8h-22.4c-6.4 0-12.8 6.4-12.8 12.8v70.4c0 6.4 6.4 12.8 12.8 12.8z" class=""></path></svg></i> <img loading="lazy" decoding="async" width="16" height="16" alt="Loading" src="https://conadi.gob.gt/web/wp-content/plugins/page-views-count/ajax-loader-2x.gif" border=0 /></p><div class="pvc_clear"></div>

<p>Personas con Discapacidad se Benefician del Programa Bolsas de Estudio del CONADI. Por: David Winter, jefe del depatartamento de Fortalecimiento y Fomento de la Participación Ciudadana.Intérprete LENSEGUA: Angélica Gabriel. Día Internacional de las Personas con Discapacidad.Por: Ramiro Nochez-McNutt, persona con discapacidad física.Intérprete LENSEGUA: Angélica Gabriel. Acceso a la justicia para las Personas con Discapacidad. Por: &hellip; </p>
<p class="link-more"><a href="https://conadi.gob.gt/web/re-habil-con-voz-no-45/" class="more-link">Leer más<span class="screen-reader-text"> «Re-Hábil con Voz No. 45»</span></a></p>
<div class="pvc_clear"></div>
<p id="pvc_stats_14272" class="pvc_stats all  " data-element-id="14272" style=""><i class="pvc-stats-icon medium" aria-hidden="true"><svg aria-hidden="true" focusable="false" data-prefix="far" data-icon="chart-bar" role="img" xmlns="http://www.w3.org/2000/svg" viewBox="0 0 512 512" class="svg-inline--fa fa-chart-bar fa-w-16 fa-2x"><path fill="currentColor" d="M396.8 352h22.4c6.4 0 12.8-6.4 12.8-12.8V108.8c0-6.4-6.4-12.8-12.8-12.8h-22.4c-6.4 0-12.8 6.4-12.8 12.8v230.4c0 6.4 6.4 12.8 12.8 12.8zm-192 0h22.4c6.4 0 12.8-6.4 12.8-12.8V140.8c0-6.4-6.4-12.8-12.8-12.8h-22.4c-6.4 0-12.8 6.4-12.8 12.8v198.4c0 6.4 6.4 12.8 12.8 12.8zm96 0h22.4c6.4 0 12.8-6.4 12.8-12.8V204.8c0-6.4-6.4-12.8-12.8-12.8h-22.4c-6.4 0-12.8 6.4-12.8 12.8v134.4c0 6.4 6.4 12.8 12.8 12.8zM496 400H48V80c0-8.84-7.16-16-16-16H16C7.16 64 0 71.16 0 80v336c0 17.67 14.33 32 32 32h464c8.84 0 16-7.16 16-16v-16c0-8.84-7.16-16-16-16zm-387.2-48h22.4c6.4 0 12.8-6.4 12.8-12.8v-70.4c0-6.4-6.4-12.8-12.8-12.8h-22.4c-6.4 0-12.8 6.4-12.8 12.8v70.4c0 6.4 6.4 12.8 12.8 12.8z" class=""></path></svg></i> <img loading="lazy" decoding="async" width="16" height="16" alt="Loading" src="https://conadi.gob.gt/web/wp-content/plugins/page-views-count/ajax-loader-2x.gif" border=0 /></p>
<div class="pvc_clear"></div>
