{"id":2095,"date":"2013-03-17T19:17:26","date_gmt":"2013-03-17T19:17:26","guid":{"rendered":"http:\/\/conadi.gob.gt\/1\/?page_id=2095"},"modified":"2024-08-13T17:57:07","modified_gmt":"2024-08-13T17:57:07","slug":"presentacion","status":"publish","type":"page","link":"https:\/\/conadi.gob.gt\/web\/presentacion\/","title":{"rendered":"Presentaci\u00f3n"},"content":{"rendered":"<h2>Misi\u00f3n<\/h2>\n<p>Somos el ente coordinador, asesor e impulsor que incide en la aplicaci\u00f3n de pol\u00edticas generales y de Estado, para asegurar el cumplimiento de derechos humanos y libertades fundamentales de las personas con discapacidad en Guatemala.<\/p>\n<h2>Visi\u00f3n<\/h2>\n<p>Ser el ente rector que garantice el cumplimiento de la normativa en materia de discapacidad, con s\u00f3lida presencia en el territorio guatemalteco y con reconocimiento internacional.<\/p>\n<h2>Principios y Valores<\/h2>\n<h2>Principios<\/h2>\n<p>El respeto de la dignidad inherente, la autonom\u00eda individual, incluida la libertad de tomar las propias decisiones, y la independencia de las personas<\/p>\n<p>La no discriminaci\u00f3n<\/p>\n<p>La participaci\u00f3n e inclusi\u00f3n plenas y efectivas en la sociedad<\/p>\n<p>El respeto por la diferencia y la aceptaci\u00f3n de las personas con discapacidad como parte de la diversidad y la condici\u00f3n humanas<\/p>\n<p>La igualdad de oportunidades<\/p>\n<p>La accesibilidad<\/p>\n<p>La igualdad entre hombre y la mujer<\/p>\n<p>El respeto a la evoluci\u00f3n de las facultades de los ni\u00f1os y las ni\u00f1as con discapacidad y de su derecho a preservar su identidad.<\/p>\n<h2>Valores<\/h2>\n<p>Los valores institucionales son el marco de referencia del comportamiento de los colaboradores internos y externos del CONADI, seg\u00fan la naturaleza intr\u00ednseca de la instituci\u00f3n, se definen los siguientes:<\/p>\n<p><strong>Integridad<\/strong><br \/>\nVirtud de todos los miembros del CONADI Consejo de Delegados, Junta Directiva, Organizaciones de Personas con Discapacidad adscritas al CONADI y nuestro personal, de actuar con honestidad y transparencia, efectuando adecuadamente el uso de los recursos institucionales y el cumplimiento de los objetivos.<\/p>\n<p><strong>Compromiso<\/strong><br \/>\nActitud de todos los involucrados en el quehacer institucional, que se refleje en el cumplimiento de las normas internas, en la lealtad, responsabilidad e identificaci\u00f3n institucional; promoviendo el cumplimiento de Derechos de las Personas con Discapacidad.<\/p>\n<p><strong>Respeto<\/strong><br \/>\nEl Consejo de Delegados, Junta Directiva, Organizaciones de Personas con Discapacidad adscritas al CONADI y el personal, mutuamente reconozcan, acepten, aprecien y valoren sus cualidades y derechos.<\/p>\n<p><strong>Solidaridad<\/strong><br \/>\nComo la base sobre la cual se proyecta a las diferentes personas y entidades que su denominador com\u00fan es el trabajar con personas con alg\u00fan tipo de discapacidad.<\/p>\n<div class=\"pvc_clear\"><\/div>\n<p id=\"pvc_stats_2095\" class=\"pvc_stats all  \" data-element-id=\"2095\" style=\"\"><i class=\"pvc-stats-icon medium\" aria-hidden=\"true\"><svg aria-hidden=\"true\" focusable=\"false\" data-prefix=\"far\" data-icon=\"chart-bar\" role=\"img\" xmlns=\"http:\/\/www.w3.org\/2000\/svg\" viewBox=\"0 0 512 512\" class=\"svg-inline--fa fa-chart-bar fa-w-16 fa-2x\"><path fill=\"currentColor\" d=\"M396.8 352h22.4c6.4 0 12.8-6.4 12.8-12.8V108.8c0-6.4-6.4-12.8-12.8-12.8h-22.4c-6.4 0-12.8 6.4-12.8 12.8v230.4c0 6.4 6.4 12.8 12.8 12.8zm-192 0h22.4c6.4 0 12.8-6.4 12.8-12.8V140.8c0-6.4-6.4-12.8-12.8-12.8h-22.4c-6.4 0-12.8 6.4-12.8 12.8v198.4c0 6.4 6.4 12.8 12.8 12.8zm96 0h22.4c6.4 0 12.8-6.4 12.8-12.8V204.8c0-6.4-6.4-12.8-12.8-12.8h-22.4c-6.4 0-12.8 6.4-12.8 12.8v134.4c0 6.4 6.4 12.8 12.8 12.8zM496 400H48V80c0-8.84-7.16-16-16-16H16C7.16 64 0 71.16 0 80v336c0 17.67 14.33 32 32 32h464c8.84 0 16-7.16 16-16v-16c0-8.84-7.16-16-16-16zm-387.2-48h22.4c6.4 0 12.8-6.4 12.8-12.8v-70.4c0-6.4-6.4-12.8-12.8-12.8h-22.4c-6.4 0-12.8 6.4-12.8 12.8v70.4c0 6.4 6.4 12.8 12.8 12.8z\" class=\"\"><\/path><\/svg><\/i> <img loading=\"lazy\" decoding=\"async\" width=\"16\" height=\"16\" alt=\"Loading\" src=\"https:\/\/conadi.gob.gt\/web\/wp-content\/plugins\/page-views-count\/ajax-loader-2x.gif\" border=0 \/><\/p>\n<div class=\"pvc_clear\"><\/div>\n","protected":false},"excerpt":{"rendered":"<p>Misi\u00f3n Somos el ente coordinador, asesor e impulsor que incide en la aplicaci\u00f3n de pol\u00edticas generales y de Estado, para asegurar el cumplimiento de derechos humanos y libertades fundamentales de las personas con discapacidad en Guatemala. Visi\u00f3n Ser el ente rector que garantice el cumplimiento de la normativa en materia de discapacidad, con s\u00f3lida presencia &hellip; <\/p>\n<p class=\"link-more\"><a href=\"https:\/\/conadi.gob.gt\/web\/presentacion\/\" class=\"more-link\">Leer m\u00e1s<span class=\"screen-reader-text\"> \u00abPresentaci\u00f3n\u00bb<\/span><\/a><\/p>\n<div class=\"pvc_clear\"><\/div>\n<p id=\"pvc_stats_2095\" class=\"pvc_stats all  \" data-element-id=\"2095\" style=\"\"><i class=\"pvc-stats-icon medium\" aria-hidden=\"true\"><svg aria-hidden=\"true\" focusable=\"false\" data-prefix=\"far\" data-icon=\"chart-bar\" role=\"img\" xmlns=\"http:\/\/www.w3.org\/2000\/svg\" viewBox=\"0 0 512 512\" class=\"svg-inline--fa fa-chart-bar fa-w-16 fa-2x\"><path fill=\"currentColor\" d=\"M396.8 352h22.4c6.4 0 12.8-6.4 12.8-12.8V108.8c0-6.4-6.4-12.8-12.8-12.8h-22.4c-6.4 0-12.8 6.4-12.8 12.8v230.4c0 6.4 6.4 12.8 12.8 12.8zm-192 0h22.4c6.4 0 12.8-6.4 12.8-12.8V140.8c0-6.4-6.4-12.8-12.8-12.8h-22.4c-6.4 0-12.8 6.4-12.8 12.8v198.4c0 6.4 6.4 12.8 12.8 12.8zm96 0h22.4c6.4 0 12.8-6.4 12.8-12.8V204.8c0-6.4-6.4-12.8-12.8-12.8h-22.4c-6.4 0-12.8 6.4-12.8 12.8v134.4c0 6.4 6.4 12.8 12.8 12.8zM496 400H48V80c0-8.84-7.16-16-16-16H16C7.16 64 0 71.16 0 80v336c0 17.67 14.33 32 32 32h464c8.84 0 16-7.16 16-16v-16c0-8.84-7.16-16-16-16zm-387.2-48h22.4c6.4 0 12.8-6.4 12.8-12.8v-70.4c0-6.4-6.4-12.8-12.8-12.8h-22.4c-6.4 0-12.8 6.4-12.8 12.8v70.4c0 6.4 6.4 12.8 12.8 12.8z\" class=\"\"><\/path><\/svg><\/i> <img loading=\"lazy\" decoding=\"async\" width=\"16\" height=\"16\" alt=\"Loading\" src=\"https:\/\/conadi.gob.gt\/web\/wp-content\/plugins\/page-views-count\/ajax-loader-2x.gif\" border=0 \/><\/p>\n<div class=\"pvc_clear\"><\/div>\n","protected":false},"author":12,"featured_media":0,"parent":0,"menu_order":0,"comment_status":"closed","ping_status":"closed","template":"","meta":{"inspiro_hide_title":false,"footnotes":""},"class_list":["post-2095","page","type-page","status-publish","hentry"],"_links":{"self":[{"href":"https:\/\/conadi.gob.gt\/web\/wp-json\/wp\/v2\/pages\/2095","targetHints":{"allow":["GET"]}}],"collection":[{"href":"https:\/\/conadi.gob.gt\/web\/wp-json\/wp\/v2\/pages"}],"about":[{"href":"https:\/\/conadi.gob.gt\/web\/wp-json\/wp\/v2\/types\/page"}],"author":[{"embeddable":true,"href":"https:\/\/conadi.gob.gt\/web\/wp-json\/wp\/v2\/users\/12"}],"replies":[{"embeddable":true,"href":"https:\/\/conadi.gob.gt\/web\/wp-json\/wp\/v2\/comments?post=2095"}],"version-history":[{"count":6,"href":"https:\/\/conadi.gob.gt\/web\/wp-json\/wp\/v2\/pages\/2095\/revisions"}],"predecessor-version":[{"id":15954,"href":"https:\/\/conadi.gob.gt\/web\/wp-json\/wp\/v2\/pages\/2095\/revisions\/15954"}],"wp:attachment":[{"href":"https:\/\/conadi.gob.gt\/web\/wp-json\/wp\/v2\/media?parent=2095"}],"curies":[{"name":"wp","href":"https:\/\/api.w.org\/{rel}","templated":true}]}}