{"id":2383,"date":"2013-04-15T16:39:59","date_gmt":"2013-04-15T16:39:59","guid":{"rendered":"http:\/\/conadi.gob.gt\/1\/?page_id=2383"},"modified":"2024-10-23T16:47:20","modified_gmt":"2024-10-23T16:47:20","slug":"leyes-y-politicas","status":"publish","type":"page","link":"https:\/\/conadi.gob.gt\/web\/leyes-y-politicas\/","title":{"rendered":"Leyes y Formatos Accesibles"},"content":{"rendered":"\n<p><\/p>\n\n\n<p><a href=\"https:\/\/conadi.gob.gt\/web\/wp-content\/uploads\/2024\/04\/decreto-6-2024.pdf\" data-type=\"URL\" data-id=\"https:\/\/conadi.gob.gt\/web\/wp-content\/uploads\/2024\/04\/decreto-6-2024.pdf\">DECRETO 6-2024, Ley de Certificaci\u00f3n Biopsicosocial de las Personas con Discapacidad<\/a><\/p>\n<p><a href=\"https:\/\/conadi.gob.gt\/web\/wp-content\/uploads\/2024\/08\/DECRETO-10-2024-MODIFICACION-AL-DECRETO-6-2024.pdf\" data-type=\"link\" data-id=\"https:\/\/conadi.gob.gt\/web\/wp-content\/uploads\/2024\/08\/DECRETO-10-2024-MODIFICACION-AL-DECRETO-6-2024.pdf\">DECRETO 10-2024, Modificaciones al Decreto 6-2024<\/a><\/p>\n<p><a href=\"https:\/\/conadi.gob.gt\/web\/wp-content\/uploads\/2023\/02\/CONCEPTOS-BASICOS-SOBRE-DISCAPACIDAD-1.pdf\">Trifoliar Conceptos B\u00e1sicos de Discapacidad<\/a><\/p>\n<p><a href=\"https:\/\/conadi.gob.gt\/web\/wp-content\/uploads\/2023\/02\/COMO-RELACIONARNOS-CON-LAS-PERSONAS-CON-DISCAPACIDAD-1.pdf\">Trifoliar C\u00f3mo Relacionarnos con las Personas con Discapacidad<\/a><\/p>\n<p><a href=\"https:\/\/conadi.gob.gt\/web\/wp-content\/uploads\/2023\/02\/QUE-ES-CONADI-1.pdf\">Trifoliar \u00bfQu\u00e9 es CONADI?<\/a><\/p>\n<p><a href=\"https:\/\/conadi.gob.gt\/web\/wp-content\/uploads\/2023\/02\/GUIA-INFORMATIVA-SOBRE-EL-CONADI-Y-LOS-DERECHOS-DE-LAS-PERSONAS-CON-DISCAPACIDAD.pdf\">GUIA INFORMATIVA SOBRE EL CONADI Y LOS DERECHOS DE LAS PERSONAS CON DISCAPACIDAD<\/a><\/p>\n<p><a href=\"https:\/\/conadi.gob.gt\/web\/wp-content\/uploads\/2022\/08\/CODIGO-ETICA-CONADI.pdf\">C\u00d3DIGO DE \u00c9TICA<\/a><\/p>\n<p style=\"text-align: left;\"><a href=\"https:\/\/conadi.gob.gt\/web\/wp-content\/uploads\/2022\/08\/REVISTA-CONADI-WEB.pdf\">REVISTA: DATOS ESTAD\u00cdSTICOS DE PERSONAS CON DISCAPACIDAD EN GUATEMALA<\/a><\/p>\n<p><a href=\"https:\/\/conadi.gob.gt\/web\/wp-content\/uploads\/2024\/05\/COMPENDIO-Marco-Normativo-de-Discapacidad-CONADI-Paginas-2.pdf\">COMPENDIO MARCO NORMATIVO SOBRE DISCAPACIDAD<\/a><\/p>\n<p><a href=\"https:\/\/drive.google.com\/file\/d\/1O-W-WHfE-jYaGeHcHNX0LZCuXH05a1-F\/view?usp=sharing\">ENDIS 2016 Versi\u00f3n pdf<\/a><\/p>\n<p><a href=\"https:\/\/drive.google.com\/file\/d\/1TbIToWu3BVEfXDH-KJm-ppMzISgyjjsj\/view?usp=sharing\">LEY DE LENGUA DE SE\u00d1AS (DECRETO 3-2020) EN LENGUA DE SE\u00d1AS<\/a><\/p>\n<p><a href=\"https:\/\/conadi.gob.gt\/web\/wp-content\/uploads\/2021\/04\/Decreto-3-2020-editable.docx\">LEY DE LENGUA DE SE\u00d1AS (DECRETO 3-2020) EN WORD<\/a><\/p>\n<p><a href=\"https:\/\/conadi.gob.gt\/web\/wp-content\/uploads\/2021\/06\/ACUERDO-MINISTERIAL-121-2021.pdf\">ACUERDO GUBERNATIVO 121-2021 REGLAMENTO DE LA LEY QUE RECONOCE LA LEY DE LENGUA DE SE\u00d1AS DE GUATEMALA (LENSEGUA)<\/a><\/p>\n<p><a href=\"https:\/\/conadi.gob.gt\/web\/wp-content\/uploads\/2021\/07\/Acuerdo-Gubernativo-No.121-2021-Reglamento-Lengua-de-Se\u00f1as.docx\">Acuerdo Gubernativo No.121-2021 Reglamento Lengua de Se\u00f1as<\/a>\u00a0<\/p>\n<p><a href=\"https:\/\/conadi.gob.gt\/web\/wp-content\/uploads\/2022\/03\/Politica-Nacional.pdf\" target=\"_blank\" rel=\"noopener\">Pol\u00edtica Nacional en Discapacidad<\/a><\/p>\n<p><a href=\"https:\/\/conadi.gob.gt\/web\/wp-content\/uploads\/2020\/02\/Convencion-59-2008-1.doc\">Convenci\u00f3n Word<\/a><\/p>\n<p><a href=\"https:\/\/conadi.gob.gt\/web\/wp-content\/uploads\/2020\/02\/Convencion-sobre-los-derechos.pdf\">Convenci\u00f3n Pdf<\/a><\/p>\n<p><a href=\"https:\/\/conadi.gob.gt\/web\/wp-content\/uploads\/2020\/02\/Convencion-interamericana.pdf\">Convenci\u00f3n Interamericana Pdf<\/a><\/p>\n<p><a href=\"https:\/\/conadi.gob.gt\/web\/wp-content\/uploads\/2020\/02\/Ley-135-96-Atenci\u00f3n-a-Personas-con-Di-scapacidad.pdf\">Ley 135-96 Pdf<\/a><\/p>\n<p><a href=\"https:\/\/conadi.gob.gt\/web\/wp-content\/uploads\/2022\/10\/DECRETO-005-2011-1.pdf\">DECRETO 005-2011 REFORMAS AL DECRETO NUMERO 135-96 DEL CONGRESO DE LA REPUBLICA, LEY DE ATENCI\u00d3N A LAS PERSONAS CON DISCAPACIDAD. <\/a><\/p>\n<p><a href=\".gt\/web\/wp-content\/uploads\/2020\/08\/Decreto-059-2008-Ratificaci\u00f3n-de-la-Convenci\u00f3n-sobre-los-Derechos-de-las-Personas-con-Discapacidad-convertido.docx\">Decreto 59-2008 word <\/a><\/p>\n<p><a href=\"https:\/\/conadi.gob.gt\/web\/wp-content\/uploads\/2020\/08\/Decreto-059-2008-Ratificaci\u00f3n-de-la-Convenci\u00f3n-sobre-los-Derechos-de-las-Personas-con-Discapacidad.pdf\">Decreto 59-2008 pdf<\/a><\/p>\n<p><a href=\"https:\/\/conadi.gob.gt\/web\/wp-content\/uploads\/2020\/08\/DECRETO-57-2008-LEY-DE-ACCESO-A-LA-INFORMACI\u00d3N-P\u00daBLICA.docx\">DECRETO 57-2008 LEY DE ACCESO A LA INFORMACI\u00d3N P\u00daBLICA WORD<\/a><\/p>\n<p><a href=\"https:\/\/conadi.gob.gt\/web\/wp-content\/uploads\/2020\/08\/DECRETO-57-2008-LEY-DE-ACCESO-A-LA-INFORMACI\u00d3N-P\u00daBLICA.pdf\">DECRETO 57-2008 LEY DE ACCESO A LA INFORMACI\u00d3N P\u00daBLICA PDF<\/a><\/p>\n<p><a href=\"https:\/\/conadi.gob.gt\/web\/wp-content\/uploads\/2022\/06\/PLAN-DE-ACCION-2017-2021-EDITABLE.docx\">PLAN DE ACCION 2017-2021 EDITABLE<\/a><\/p><div class=\"pvc_clear\"><\/div><p id=\"pvc_stats_2383\" class=\"pvc_stats all  \" data-element-id=\"2383\" style=\"\"><i class=\"pvc-stats-icon medium\" aria-hidden=\"true\"><svg aria-hidden=\"true\" focusable=\"false\" data-prefix=\"far\" data-icon=\"chart-bar\" role=\"img\" xmlns=\"http:\/\/www.w3.org\/2000\/svg\" viewBox=\"0 0 512 512\" class=\"svg-inline--fa fa-chart-bar fa-w-16 fa-2x\"><path fill=\"currentColor\" d=\"M396.8 352h22.4c6.4 0 12.8-6.4 12.8-12.8V108.8c0-6.4-6.4-12.8-12.8-12.8h-22.4c-6.4 0-12.8 6.4-12.8 12.8v230.4c0 6.4 6.4 12.8 12.8 12.8zm-192 0h22.4c6.4 0 12.8-6.4 12.8-12.8V140.8c0-6.4-6.4-12.8-12.8-12.8h-22.4c-6.4 0-12.8 6.4-12.8 12.8v198.4c0 6.4 6.4 12.8 12.8 12.8zm96 0h22.4c6.4 0 12.8-6.4 12.8-12.8V204.8c0-6.4-6.4-12.8-12.8-12.8h-22.4c-6.4 0-12.8 6.4-12.8 12.8v134.4c0 6.4 6.4 12.8 12.8 12.8zM496 400H48V80c0-8.84-7.16-16-16-16H16C7.16 64 0 71.16 0 80v336c0 17.67 14.33 32 32 32h464c8.84 0 16-7.16 16-16v-16c0-8.84-7.16-16-16-16zm-387.2-48h22.4c6.4 0 12.8-6.4 12.8-12.8v-70.4c0-6.4-6.4-12.8-12.8-12.8h-22.4c-6.4 0-12.8 6.4-12.8 12.8v70.4c0 6.4 6.4 12.8 12.8 12.8z\" class=\"\"><\/path><\/svg><\/i> <img loading=\"lazy\" decoding=\"async\" width=\"16\" height=\"16\" alt=\"Loading\" src=\"https:\/\/conadi.gob.gt\/web\/wp-content\/plugins\/page-views-count\/ajax-loader-2x.gif\" border=0 \/><\/p><div class=\"pvc_clear\"><\/div>","protected":false},"excerpt":{"rendered":"<p>DECRETO 6-2024, Ley de Certificaci\u00f3n Biopsicosocial de las Personas con Discapacidad DECRETO 10-2024, Modificaciones al Decreto 6-2024 Trifoliar Conceptos B\u00e1sicos de Discapacidad Trifoliar C\u00f3mo Relacionarnos con las Personas con Discapacidad Trifoliar \u00bfQu\u00e9 es CONADI? GUIA INFORMATIVA SOBRE EL CONADI Y LOS DERECHOS DE LAS PERSONAS CON DISCAPACIDAD C\u00d3DIGO DE \u00c9TICA REVISTA: DATOS ESTAD\u00cdSTICOS DE PERSONAS &hellip; <\/p>\n<p class=\"link-more\"><a href=\"https:\/\/conadi.gob.gt\/web\/leyes-y-politicas\/\" class=\"more-link\">Leer m\u00e1s<span class=\"screen-reader-text\"> \u00abLeyes y Formatos Accesibles\u00bb<\/span><\/a><\/p>\n<div class=\"pvc_clear\"><\/div>\n<p id=\"pvc_stats_2383\" class=\"pvc_stats all  \" data-element-id=\"2383\" style=\"\"><i class=\"pvc-stats-icon medium\" aria-hidden=\"true\"><svg aria-hidden=\"true\" focusable=\"false\" data-prefix=\"far\" data-icon=\"chart-bar\" role=\"img\" xmlns=\"http:\/\/www.w3.org\/2000\/svg\" viewBox=\"0 0 512 512\" class=\"svg-inline--fa fa-chart-bar fa-w-16 fa-2x\"><path fill=\"currentColor\" d=\"M396.8 352h22.4c6.4 0 12.8-6.4 12.8-12.8V108.8c0-6.4-6.4-12.8-12.8-12.8h-22.4c-6.4 0-12.8 6.4-12.8 12.8v230.4c0 6.4 6.4 12.8 12.8 12.8zm-192 0h22.4c6.4 0 12.8-6.4 12.8-12.8V140.8c0-6.4-6.4-12.8-12.8-12.8h-22.4c-6.4 0-12.8 6.4-12.8 12.8v198.4c0 6.4 6.4 12.8 12.8 12.8zm96 0h22.4c6.4 0 12.8-6.4 12.8-12.8V204.8c0-6.4-6.4-12.8-12.8-12.8h-22.4c-6.4 0-12.8 6.4-12.8 12.8v134.4c0 6.4 6.4 12.8 12.8 12.8zM496 400H48V80c0-8.84-7.16-16-16-16H16C7.16 64 0 71.16 0 80v336c0 17.67 14.33 32 32 32h464c8.84 0 16-7.16 16-16v-16c0-8.84-7.16-16-16-16zm-387.2-48h22.4c6.4 0 12.8-6.4 12.8-12.8v-70.4c0-6.4-6.4-12.8-12.8-12.8h-22.4c-6.4 0-12.8 6.4-12.8 12.8v70.4c0 6.4 6.4 12.8 12.8 12.8z\" class=\"\"><\/path><\/svg><\/i> <img loading=\"lazy\" decoding=\"async\" width=\"16\" height=\"16\" alt=\"Loading\" src=\"https:\/\/conadi.gob.gt\/web\/wp-content\/plugins\/page-views-count\/ajax-loader-2x.gif\" border=0 \/><\/p>\n<div class=\"pvc_clear\"><\/div>\n","protected":false},"author":12,"featured_media":0,"parent":0,"menu_order":0,"comment_status":"closed","ping_status":"closed","template":"","meta":{"inspiro_hide_title":false,"footnotes":""},"class_list":["post-2383","page","type-page","status-publish","hentry"],"_links":{"self":[{"href":"https:\/\/conadi.gob.gt\/web\/wp-json\/wp\/v2\/pages\/2383","targetHints":{"allow":["GET"]}}],"collection":[{"href":"https:\/\/conadi.gob.gt\/web\/wp-json\/wp\/v2\/pages"}],"about":[{"href":"https:\/\/conadi.gob.gt\/web\/wp-json\/wp\/v2\/types\/page"}],"author":[{"embeddable":true,"href":"https:\/\/conadi.gob.gt\/web\/wp-json\/wp\/v2\/users\/12"}],"replies":[{"embeddable":true,"href":"https:\/\/conadi.gob.gt\/web\/wp-json\/wp\/v2\/comments?post=2383"}],"version-history":[{"count":44,"href":"https:\/\/conadi.gob.gt\/web\/wp-json\/wp\/v2\/pages\/2383\/revisions"}],"predecessor-version":[{"id":16261,"href":"https:\/\/conadi.gob.gt\/web\/wp-json\/wp\/v2\/pages\/2383\/revisions\/16261"}],"wp:attachment":[{"href":"https:\/\/conadi.gob.gt\/web\/wp-json\/wp\/v2\/media?parent=2383"}],"curies":[{"name":"wp","href":"https:\/\/api.w.org\/{rel}","templated":true}]}}

<p></p>


<p><a href="https://conadi.gob.gt/web/wp-content/uploads/2024/04/decreto-6-2024.pdf" data-type="URL" data-id="https://conadi.gob.gt/web/wp-content/uploads/2024/04/decreto-6-2024.pdf">DECRETO 6-2024, Ley de Certificación Biopsicosocial de las Personas con Discapacidad</a></p>
<p><a href="https://conadi.gob.gt/web/wp-content/uploads/2024/08/DECRETO-10-2024-MODIFICACION-AL-DECRETO-6-2024.pdf" data-type="link" data-id="https://conadi.gob.gt/web/wp-content/uploads/2024/08/DECRETO-10-2024-MODIFICACION-AL-DECRETO-6-2024.pdf">DECRETO 10-2024, Modificaciones al Decreto 6-2024</a></p>
<p><a href="https://conadi.gob.gt/web/wp-content/uploads/2023/02/CONCEPTOS-BASICOS-SOBRE-DISCAPACIDAD-1.pdf">Trifoliar Conceptos Básicos de Discapacidad</a></p>
<p><a href="https://conadi.gob.gt/web/wp-content/uploads/2023/02/COMO-RELACIONARNOS-CON-LAS-PERSONAS-CON-DISCAPACIDAD-1.pdf">Trifoliar Cómo Relacionarnos con las Personas con Discapacidad</a></p>
<p><a href="https://conadi.gob.gt/web/wp-content/uploads/2023/02/QUE-ES-CONADI-1.pdf">Trifoliar ¿Qué es CONADI?</a></p>
<p><a href="https://conadi.gob.gt/web/wp-content/uploads/2023/02/GUIA-INFORMATIVA-SOBRE-EL-CONADI-Y-LOS-DERECHOS-DE-LAS-PERSONAS-CON-DISCAPACIDAD.pdf">GUIA INFORMATIVA SOBRE EL CONADI Y LOS DERECHOS DE LAS PERSONAS CON DISCAPACIDAD</a></p>
<p><a href="https://conadi.gob.gt/web/wp-content/uploads/2022/08/CODIGO-ETICA-CONADI.pdf">CÓDIGO DE ÉTICA</a></p>
<p style="text-align: left;"><a href="https://conadi.gob.gt/web/wp-content/uploads/2022/08/REVISTA-CONADI-WEB.pdf">REVISTA: DATOS ESTADÍSTICOS DE PERSONAS CON DISCAPACIDAD EN GUATEMALA</a></p>
<p><a href="https://conadi.gob.gt/web/wp-content/uploads/2024/05/COMPENDIO-Marco-Normativo-de-Discapacidad-CONADI-Paginas-2.pdf">COMPENDIO MARCO NORMATIVO SOBRE DISCAPACIDAD</a></p>
<p><a href="https://drive.google.com/file/d/1O-W-WHfE-jYaGeHcHNX0LZCuXH05a1-F/view?usp=sharing">ENDIS 2016 Versión pdf</a></p>
<p><a href="https://drive.google.com/file/d/1TbIToWu3BVEfXDH-KJm-ppMzISgyjjsj/view?usp=sharing">LEY DE LENGUA DE SEÑAS (DECRETO 3-2020) EN LENGUA DE SEÑAS</a></p>
<p><a href="https://conadi.gob.gt/web/wp-content/uploads/2021/04/Decreto-3-2020-editable.docx">LEY DE LENGUA DE SEÑAS (DECRETO 3-2020) EN WORD</a></p>
<p><a href="https://conadi.gob.gt/web/wp-content/uploads/2021/06/ACUERDO-MINISTERIAL-121-2021.pdf">ACUERDO GUBERNATIVO 121-2021 REGLAMENTO DE LA LEY QUE RECONOCE LA LEY DE LENGUA DE SEÑAS DE GUATEMALA (LENSEGUA)</a></p>
<p><a href="https://conadi.gob.gt/web/wp-content/uploads/2021/07/Acuerdo-Gubernativo-No.121-2021-Reglamento-Lengua-de-Señas.docx">Acuerdo Gubernativo No.121-2021 Reglamento Lengua de Señas</a> </p>
<p><a href="https://conadi.gob.gt/web/wp-content/uploads/2022/03/Politica-Nacional.pdf" target="_blank" rel="noopener">Política Nacional en Discapacidad</a></p>
<p><a href="https://conadi.gob.gt/web/wp-content/uploads/2020/02/Convencion-59-2008-1.doc">Convención Word</a></p>
<p><a href="https://conadi.gob.gt/web/wp-content/uploads/2020/02/Convencion-sobre-los-derechos.pdf">Convención Pdf</a></p>
<p><a href="https://conadi.gob.gt/web/wp-content/uploads/2020/02/Convencion-interamericana.pdf">Convención Interamericana Pdf</a></p>
<p><a href="https://conadi.gob.gt/web/wp-content/uploads/2020/02/Ley-135-96-Atención-a-Personas-con-Di-scapacidad.pdf">Ley 135-96 Pdf</a></p>
<p><a href="https://conadi.gob.gt/web/wp-content/uploads/2022/10/DECRETO-005-2011-1.pdf">DECRETO 005-2011 REFORMAS AL DECRETO NUMERO 135-96 DEL CONGRESO DE LA REPUBLICA, LEY DE ATENCIÓN A LAS PERSONAS CON DISCAPACIDAD. </a></p>
<p><a href=".gt/web/wp-content/uploads/2020/08/Decreto-059-2008-Ratificación-de-la-Convención-sobre-los-Derechos-de-las-Personas-con-Discapacidad-convertido.docx">Decreto 59-2008 word </a></p>
<p><a href="https://conadi.gob.gt/web/wp-content/uploads/2020/08/Decreto-059-2008-Ratificación-de-la-Convención-sobre-los-Derechos-de-las-Personas-con-Discapacidad.pdf">Decreto 59-2008 pdf</a></p>
<p><a href="https://conadi.gob.gt/web/wp-content/uploads/2020/08/DECRETO-57-2008-LEY-DE-ACCESO-A-LA-INFORMACIÓN-PÚBLICA.docx">DECRETO 57-2008 LEY DE ACCESO A LA INFORMACIÓN PÚBLICA WORD</a></p>
<p><a href="https://conadi.gob.gt/web/wp-content/uploads/2020/08/DECRETO-57-2008-LEY-DE-ACCESO-A-LA-INFORMACIÓN-PÚBLICA.pdf">DECRETO 57-2008 LEY DE ACCESO A LA INFORMACIÓN PÚBLICA PDF</a></p>
<p><a href="https://conadi.gob.gt/web/wp-content/uploads/2022/06/PLAN-DE-ACCION-2017-2021-EDITABLE.docx">PLAN DE ACCION 2017-2021 EDITABLE</a></p><div class="pvc_clear"></div><p id="pvc_stats_2383" class="pvc_stats all  " data-element-id="2383" style=""><i class="pvc-stats-icon medium" aria-hidden="true"><svg aria-hidden="true" focusable="false" data-prefix="far" data-icon="chart-bar" role="img" xmlns="http://www.w3.org/2000/svg" viewBox="0 0 512 512" class="svg-inline--fa fa-chart-bar fa-w-16 fa-2x"><path fill="currentColor" d="M396.8 352h22.4c6.4 0 12.8-6.4 12.8-12.8V108.8c0-6.4-6.4-12.8-12.8-12.8h-22.4c-6.4 0-12.8 6.4-12.8 12.8v230.4c0 6.4 6.4 12.8 12.8 12.8zm-192 0h22.4c6.4 0 12.8-6.4 12.8-12.8V140.8c0-6.4-6.4-12.8-12.8-12.8h-22.4c-6.4 0-12.8 6.4-12.8 12.8v198.4c0 6.4 6.4 12.8 12.8 12.8zm96 0h22.4c6.4 0 12.8-6.4 12.8-12.8V204.8c0-6.4-6.4-12.8-12.8-12.8h-22.4c-6.4 0-12.8 6.4-12.8 12.8v134.4c0 6.4 6.4 12.8 12.8 12.8zM496 400H48V80c0-8.84-7.16-16-16-16H16C7.16 64 0 71.16 0 80v336c0 17.67 14.33 32 32 32h464c8.84 0 16-7.16 16-16v-16c0-8.84-7.16-16-16-16zm-387.2-48h22.4c6.4 0 12.8-6.4 12.8-12.8v-70.4c0-6.4-6.4-12.8-12.8-12.8h-22.4c-6.4 0-12.8 6.4-12.8 12.8v70.4c0 6.4 6.4 12.8 12.8 12.8z" class=""></path></svg></i> <img loading="lazy" decoding="async" width="16" height="16" alt="Loading" src="https://conadi.gob.gt/web/wp-content/plugins/page-views-count/ajax-loader-2x.gif" border=0 /></p><div class="pvc_clear"></div>

<p>DECRETO 6-2024, Ley de Certificación Biopsicosocial de las Personas con Discapacidad DECRETO 10-2024, Modificaciones al Decreto 6-2024 Trifoliar Conceptos Básicos de Discapacidad Trifoliar Cómo Relacionarnos con las Personas con Discapacidad Trifoliar ¿Qué es CONADI? GUIA INFORMATIVA SOBRE EL CONADI Y LOS DERECHOS DE LAS PERSONAS CON DISCAPACIDAD CÓDIGO DE ÉTICA REVISTA: DATOS ESTADÍSTICOS DE PERSONAS &hellip; </p>
<p class="link-more"><a href="https://conadi.gob.gt/web/leyes-y-politicas/" class="more-link">Leer más<span class="screen-reader-text"> «Leyes y Formatos Accesibles»</span></a></p>
<div class="pvc_clear"></div>
<p id="pvc_stats_2383" class="pvc_stats all  " data-element-id="2383" style=""><i class="pvc-stats-icon medium" aria-hidden="true"><svg aria-hidden="true" focusable="false" data-prefix="far" data-icon="chart-bar" role="img" xmlns="http://www.w3.org/2000/svg" viewBox="0 0 512 512" class="svg-inline--fa fa-chart-bar fa-w-16 fa-2x"><path fill="currentColor" d="M396.8 352h22.4c6.4 0 12.8-6.4 12.8-12.8V108.8c0-6.4-6.4-12.8-12.8-12.8h-22.4c-6.4 0-12.8 6.4-12.8 12.8v230.4c0 6.4 6.4 12.8 12.8 12.8zm-192 0h22.4c6.4 0 12.8-6.4 12.8-12.8V140.8c0-6.4-6.4-12.8-12.8-12.8h-22.4c-6.4 0-12.8 6.4-12.8 12.8v198.4c0 6.4 6.4 12.8 12.8 12.8zm96 0h22.4c6.4 0 12.8-6.4 12.8-12.8V204.8c0-6.4-6.4-12.8-12.8-12.8h-22.4c-6.4 0-12.8 6.4-12.8 12.8v134.4c0 6.4 6.4 12.8 12.8 12.8zM496 400H48V80c0-8.84-7.16-16-16-16H16C7.16 64 0 71.16 0 80v336c0 17.67 14.33 32 32 32h464c8.84 0 16-7.16 16-16v-16c0-8.84-7.16-16-16-16zm-387.2-48h22.4c6.4 0 12.8-6.4 12.8-12.8v-70.4c0-6.4-6.4-12.8-12.8-12.8h-22.4c-6.4 0-12.8 6.4-12.8 12.8v70.4c0 6.4 6.4 12.8 12.8 12.8z" class=""></path></svg></i> <img loading="lazy" decoding="async" width="16" height="16" alt="Loading" src="https://conadi.gob.gt/web/wp-content/plugins/page-views-count/ajax-loader-2x.gif" border=0 /></p>
<div class="pvc_clear"></div>
