{"id":2557,"date":"2013-06-10T22:03:44","date_gmt":"2013-06-10T22:03:44","guid":{"rendered":"http:\/\/conadi.gob.gt\/1\/?page_id=2557"},"modified":"2025-03-03T16:13:24","modified_gmt":"2025-03-03T16:13:24","slug":"otras-descargas","status":"publish","type":"page","link":"https:\/\/conadi.gob.gt\/web\/otras-descargas\/","title":{"rendered":"Revista Re-H\u00e1bil"},"content":{"rendered":"\n<h2 class=\"wp-block-heading\">Re-H\u00e1bil 2024<\/h2>\n\n\n\n<div class=\"wp-block-columns is-layout-flex wp-container-core-columns-is-layout-28f84493 wp-block-columns-is-layout-flex\">\n<div class=\"wp-block-column is-layout-flow wp-block-column-is-layout-flow\">\n<figure class=\"wp-block-image size-full\"><a href=\"https:\/\/conadi.gob.gt\/web\/re-habil-con-voz-no-46\/\"><img decoding=\"async\" src=\"https:\/\/conadi.gob.gt\/web\/wp-content\/uploads\/2024\/09\/PORTADA-REHABIL-46.jpg\" alt=\"\" class=\"wp-image-16087\"\/><\/a><\/figure>\n\n\n\n<p class=\"has-text-align-center\">Re-H\u00e1bil No. 46<\/p>\n<\/div>\n\n\n\n<div class=\"wp-block-column is-layout-flow wp-block-column-is-layout-flow\">\n<figure class=\"wp-block-image size-large\"><img loading=\"lazy\" decoding=\"async\" width=\"801\" height=\"1024\" src=\"https:\/\/conadi.gob.gt\/web\/wp-content\/uploads\/2025\/03\/WhatsApp-Image-2025-02-24-at-11.48.08-801x1024.jpeg\" alt=\"\" class=\"wp-image-17085\" srcset=\"https:\/\/conadi.gob.gt\/web\/wp-content\/uploads\/2025\/03\/WhatsApp-Image-2025-02-24-at-11.48.08-801x1024.jpeg 801w, https:\/\/conadi.gob.gt\/web\/wp-content\/uploads\/2025\/03\/WhatsApp-Image-2025-02-24-at-11.48.08-235x300.jpeg 235w, https:\/\/conadi.gob.gt\/web\/wp-content\/uploads\/2025\/03\/WhatsApp-Image-2025-02-24-at-11.48.08-768x981.jpeg 768w, https:\/\/conadi.gob.gt\/web\/wp-content\/uploads\/2025\/03\/WhatsApp-Image-2025-02-24-at-11.48.08-1202x1536.jpeg 1202w, https:\/\/conadi.gob.gt\/web\/wp-content\/uploads\/2025\/03\/WhatsApp-Image-2025-02-24-at-11.48.08.jpeg 1252w\" sizes=\"auto, (max-width: 801px) 100vw, 801px\" \/><\/figure>\n\n\n\n<p class=\"has-text-align-center\">Re-H\u00e1bil No. 47<\/p>\n<\/div>\n\n\n\n<div class=\"wp-block-column is-layout-flow wp-block-column-is-layout-flow\">\n<figure class=\"wp-block-image size-large\"><img loading=\"lazy\" decoding=\"async\" width=\"801\" height=\"1024\" src=\"https:\/\/conadi.gob.gt\/web\/wp-content\/uploads\/2025\/03\/WhatsApp-Image-2025-02-24-at-11.48.08-1-801x1024.jpeg\" alt=\"\" class=\"wp-image-17086\" srcset=\"https:\/\/conadi.gob.gt\/web\/wp-content\/uploads\/2025\/03\/WhatsApp-Image-2025-02-24-at-11.48.08-1-801x1024.jpeg 801w, https:\/\/conadi.gob.gt\/web\/wp-content\/uploads\/2025\/03\/WhatsApp-Image-2025-02-24-at-11.48.08-1-235x300.jpeg 235w, https:\/\/conadi.gob.gt\/web\/wp-content\/uploads\/2025\/03\/WhatsApp-Image-2025-02-24-at-11.48.08-1-768x981.jpeg 768w, https:\/\/conadi.gob.gt\/web\/wp-content\/uploads\/2025\/03\/WhatsApp-Image-2025-02-24-at-11.48.08-1-1202x1536.jpeg 1202w, https:\/\/conadi.gob.gt\/web\/wp-content\/uploads\/2025\/03\/WhatsApp-Image-2025-02-24-at-11.48.08-1.jpeg 1252w\" sizes=\"auto, (max-width: 801px) 100vw, 801px\" \/><\/figure>\n\n\n\n<p class=\"has-text-align-center\">Re-H\u00e1bil No. 48<\/p>\n<\/div>\n<\/div>\n\n\n\n<h2 class=\"wp-block-heading\">Re-H\u00e1bil 2023<\/h2>\n\n\n\n<div class=\"wp-block-columns is-layout-flex wp-container-core-columns-is-layout-28f84493 wp-block-columns-is-layout-flex\">\n<div class=\"wp-block-column is-layout-flow wp-block-column-is-layout-flow\">\n<figure class=\"wp-block-image size-large\"><a href=\"https:\/\/conadi.gob.gt\/web\/re-habil-con-voz-no-43\/\"><img loading=\"lazy\" decoding=\"async\" width=\"791\" height=\"1024\" src=\"https:\/\/conadi.gob.gt\/web\/wp-content\/uploads\/2024\/01\/PORTADA-REHABIL-43-791x1024.jpg\" alt=\"\" class=\"wp-image-14812\" srcset=\"https:\/\/conadi.gob.gt\/web\/wp-content\/uploads\/2024\/01\/PORTADA-REHABIL-43-791x1024.jpg 791w, https:\/\/conadi.gob.gt\/web\/wp-content\/uploads\/2024\/01\/PORTADA-REHABIL-43-232x300.jpg 232w, https:\/\/conadi.gob.gt\/web\/wp-content\/uploads\/2024\/01\/PORTADA-REHABIL-43-768x994.jpg 768w, https:\/\/conadi.gob.gt\/web\/wp-content\/uploads\/2024\/01\/PORTADA-REHABIL-43-1187x1536.jpg 1187w, https:\/\/conadi.gob.gt\/web\/wp-content\/uploads\/2024\/01\/PORTADA-REHABIL-43-scaled.jpg 1978w\" sizes=\"auto, (max-width: 791px) 100vw, 791px\" \/><\/a><\/figure>\n\n\n\n<p class=\"has-text-align-center\">Re-H\u00e1bil No. 43<\/p>\n<\/div>\n\n\n\n<div class=\"wp-block-column is-layout-flow wp-block-column-is-layout-flow\">\n<figure class=\"wp-block-image size-full\"><a href=\"https:\/\/conadi.gob.gt\/web\/re-habil-con-voz-no-44\/\"><img decoding=\"async\" src=\"https:\/\/conadi.gob.gt\/web\/wp-content\/uploads\/2024\/01\/PORTADA-REHABIL-44.jpg\" alt=\"\" class=\"wp-image-14811\"\/><\/a><\/figure>\n\n\n\n<p class=\"has-text-align-center\">Re-H\u00e1bil No. 44<\/p>\n<\/div>\n\n\n\n<div class=\"wp-block-column is-layout-flow wp-block-column-is-layout-flow\">\n<figure class=\"wp-block-image size-large\"><a href=\"https:\/\/conadi.gob.gt\/web\/re-habil-con-voz-no-45\/\"><img loading=\"lazy\" decoding=\"async\" width=\"801\" height=\"1024\" src=\"https:\/\/conadi.gob.gt\/web\/wp-content\/uploads\/2024\/01\/PORTADA-REHABIL-45-1-801x1024.jpg\" alt=\"\" class=\"wp-image-14813\" srcset=\"https:\/\/conadi.gob.gt\/web\/wp-content\/uploads\/2024\/01\/PORTADA-REHABIL-45-1-801x1024.jpg 801w, https:\/\/conadi.gob.gt\/web\/wp-content\/uploads\/2024\/01\/PORTADA-REHABIL-45-1-235x300.jpg 235w, https:\/\/conadi.gob.gt\/web\/wp-content\/uploads\/2024\/01\/PORTADA-REHABIL-45-1-768x981.jpg 768w, https:\/\/conadi.gob.gt\/web\/wp-content\/uploads\/2024\/01\/PORTADA-REHABIL-45-1-1202x1536.jpg 1202w, https:\/\/conadi.gob.gt\/web\/wp-content\/uploads\/2024\/01\/PORTADA-REHABIL-45-1-scaled.jpg 2003w\" sizes=\"auto, (max-width: 801px) 100vw, 801px\" \/><\/a><\/figure>\n\n\n\n<p class=\"has-text-align-center\">Re-H\u00e1bil No. 45<\/p>\n<\/div>\n<\/div>\n<div class=\"pvc_clear\"><\/div><p id=\"pvc_stats_2557\" class=\"pvc_stats all  \" data-element-id=\"2557\" style=\"\"><i class=\"pvc-stats-icon medium\" aria-hidden=\"true\"><svg aria-hidden=\"true\" focusable=\"false\" data-prefix=\"far\" data-icon=\"chart-bar\" role=\"img\" xmlns=\"http:\/\/www.w3.org\/2000\/svg\" viewBox=\"0 0 512 512\" class=\"svg-inline--fa fa-chart-bar fa-w-16 fa-2x\"><path fill=\"currentColor\" d=\"M396.8 352h22.4c6.4 0 12.8-6.4 12.8-12.8V108.8c0-6.4-6.4-12.8-12.8-12.8h-22.4c-6.4 0-12.8 6.4-12.8 12.8v230.4c0 6.4 6.4 12.8 12.8 12.8zm-192 0h22.4c6.4 0 12.8-6.4 12.8-12.8V140.8c0-6.4-6.4-12.8-12.8-12.8h-22.4c-6.4 0-12.8 6.4-12.8 12.8v198.4c0 6.4 6.4 12.8 12.8 12.8zm96 0h22.4c6.4 0 12.8-6.4 12.8-12.8V204.8c0-6.4-6.4-12.8-12.8-12.8h-22.4c-6.4 0-12.8 6.4-12.8 12.8v134.4c0 6.4 6.4 12.8 12.8 12.8zM496 400H48V80c0-8.84-7.16-16-16-16H16C7.16 64 0 71.16 0 80v336c0 17.67 14.33 32 32 32h464c8.84 0 16-7.16 16-16v-16c0-8.84-7.16-16-16-16zm-387.2-48h22.4c6.4 0 12.8-6.4 12.8-12.8v-70.4c0-6.4-6.4-12.8-12.8-12.8h-22.4c-6.4 0-12.8 6.4-12.8 12.8v70.4c0 6.4 6.4 12.8 12.8 12.8z\" class=\"\"><\/path><\/svg><\/i> <img loading=\"lazy\" decoding=\"async\" width=\"16\" height=\"16\" alt=\"Loading\" src=\"https:\/\/conadi.gob.gt\/web\/wp-content\/plugins\/page-views-count\/ajax-loader-2x.gif\" border=0 \/><\/p><div class=\"pvc_clear\"><\/div>","protected":false},"excerpt":{"rendered":"<p>Re-H\u00e1bil 2024 Re-H\u00e1bil No. 46 Re-H\u00e1bil No. 47 Re-H\u00e1bil No. 48 Re-H\u00e1bil 2023 Re-H\u00e1bil No. 43 Re-H\u00e1bil No. 44 Re-H\u00e1bil No. 45<\/p>\n<div class=\"pvc_clear\"><\/div>\n<p id=\"pvc_stats_2557\" class=\"pvc_stats all  \" data-element-id=\"2557\" style=\"\"><i class=\"pvc-stats-icon medium\" aria-hidden=\"true\"><svg aria-hidden=\"true\" focusable=\"false\" data-prefix=\"far\" data-icon=\"chart-bar\" role=\"img\" xmlns=\"http:\/\/www.w3.org\/2000\/svg\" viewBox=\"0 0 512 512\" class=\"svg-inline--fa fa-chart-bar fa-w-16 fa-2x\"><path fill=\"currentColor\" d=\"M396.8 352h22.4c6.4 0 12.8-6.4 12.8-12.8V108.8c0-6.4-6.4-12.8-12.8-12.8h-22.4c-6.4 0-12.8 6.4-12.8 12.8v230.4c0 6.4 6.4 12.8 12.8 12.8zm-192 0h22.4c6.4 0 12.8-6.4 12.8-12.8V140.8c0-6.4-6.4-12.8-12.8-12.8h-22.4c-6.4 0-12.8 6.4-12.8 12.8v198.4c0 6.4 6.4 12.8 12.8 12.8zm96 0h22.4c6.4 0 12.8-6.4 12.8-12.8V204.8c0-6.4-6.4-12.8-12.8-12.8h-22.4c-6.4 0-12.8 6.4-12.8 12.8v134.4c0 6.4 6.4 12.8 12.8 12.8zM496 400H48V80c0-8.84-7.16-16-16-16H16C7.16 64 0 71.16 0 80v336c0 17.67 14.33 32 32 32h464c8.84 0 16-7.16 16-16v-16c0-8.84-7.16-16-16-16zm-387.2-48h22.4c6.4 0 12.8-6.4 12.8-12.8v-70.4c0-6.4-6.4-12.8-12.8-12.8h-22.4c-6.4 0-12.8 6.4-12.8 12.8v70.4c0 6.4 6.4 12.8 12.8 12.8z\" class=\"\"><\/path><\/svg><\/i> <img loading=\"lazy\" decoding=\"async\" width=\"16\" height=\"16\" alt=\"Loading\" src=\"https:\/\/conadi.gob.gt\/web\/wp-content\/plugins\/page-views-count\/ajax-loader-2x.gif\" border=0 \/><\/p>\n<div class=\"pvc_clear\"><\/div>\n","protected":false},"author":12,"featured_media":0,"parent":0,"menu_order":0,"comment_status":"open","ping_status":"closed","template":"","meta":{"inspiro_hide_title":false,"footnotes":""},"class_list":["post-2557","page","type-page","status-publish","hentry"],"_links":{"self":[{"href":"https:\/\/conadi.gob.gt\/web\/wp-json\/wp\/v2\/pages\/2557","targetHints":{"allow":["GET"]}}],"collection":[{"href":"https:\/\/conadi.gob.gt\/web\/wp-json\/wp\/v2\/pages"}],"about":[{"href":"https:\/\/conadi.gob.gt\/web\/wp-json\/wp\/v2\/types\/page"}],"author":[{"embeddable":true,"href":"https:\/\/conadi.gob.gt\/web\/wp-json\/wp\/v2\/users\/12"}],"replies":[{"embeddable":true,"href":"https:\/\/conadi.gob.gt\/web\/wp-json\/wp\/v2\/comments?post=2557"}],"version-history":[{"count":3,"href":"https:\/\/conadi.gob.gt\/web\/wp-json\/wp\/v2\/pages\/2557\/revisions"}],"predecessor-version":[{"id":17088,"href":"https:\/\/conadi.gob.gt\/web\/wp-json\/wp\/v2\/pages\/2557\/revisions\/17088"}],"wp:attachment":[{"href":"https:\/\/conadi.gob.gt\/web\/wp-json\/wp\/v2\/media?parent=2557"}],"curies":[{"name":"wp","href":"https:\/\/api.w.org\/{rel}","templated":true}]}}