{"id":2648,"date":"2013-09-30T16:59:06","date_gmt":"2013-09-30T16:59:06","guid":{"rendered":"http:\/\/conadi.gob.gt\/1\/?page_id=2648"},"modified":"2023-02-06T20:50:27","modified_gmt":"2023-02-06T20:50:27","slug":"acceso-a-la-informacion-2","status":"publish","type":"page","link":"https:\/\/conadi.gob.gt\/web\/acceso-a-la-informacion-2\/","title":{"rendered":"Acceso a la Informaci\u00f3n P\u00fablica de Oficio 2022"},"content":{"rendered":"\n<p class=\"has-text-align-center has-medium-font-size\"><strong>*Atenci\u00f3n de 8:00 a 16:30 horas de lunes a viernes&nbsp;<br \/>*1a. avenida 4-19 Zona 1&nbsp; &nbsp;<br \/>*PBX: 25016800 ext.2052&nbsp; E-mail:&nbsp;informacion.publica@conadi.gob.gt<\/strong><\/p>\n\n\n\n<figure class=\"wp-block-embed is-type-video is-provider-youtube wp-block-embed-youtube wp-embed-aspect-16-9 wp-has-aspect-ratio\"><div class=\"wp-block-embed__wrapper\">\n<iframe loading=\"lazy\" title=\"Ley de Acceso a la Informaci\u00f3n\" width=\"950\" height=\"534\" src=\"https:\/\/www.youtube.com\/embed\/cIyymve6K-s?feature=oembed\" frameborder=\"0\" allow=\"accelerometer; autoplay; clipboard-write; encrypted-media; gyroscope; picture-in-picture\" allowfullscreen><\/iframe>\n<\/div><\/figure>\n\n\n\n<p><\/p>\n\n\n<p><\/p>\n<table>\n<tbody>\n<tr>\n<td colspan=\"4\" width=\"481\">\n<p style=\"text-align: center;\"><strong><em>INFORMACI\u00d3N P\u00daBLICA DE OFICIO A\u00d1OS ANTERIORES<\/em><\/strong><\/p>\n<\/td>\n<\/tr>\n<tr>\n<td width=\"120\">\n<p style=\"text-align: center;\"><strong><a href=\"https:\/\/conadi.gob.gt\/web\/acceso-a-la-informacion\/\">2015 \u2013 2017<\/a><\/strong><strong>&nbsp;<\/strong><\/p>\n<\/td>\n<td style=\"text-align: center;\" width=\"120\"><strong><a href=\"https:\/\/conadi.gob.gt\/web\/acceso-a-la-informacion-2019\/\">2018 \u2013 2019<\/a><\/strong><strong style=\"font-size: revert; font-family: inherit; color: initial;\">&nbsp;<\/strong><\/td>\n<td style=\"text-align: center;\" width=\"120\"><strong><a href=\"https:\/\/conadi.gob.gt\/web\/acceso-a-la-informacion-2019-2020\/\">2020<\/a><\/strong><strong>&nbsp;<\/strong><\/td>\n<td width=\"120\">\n<p style=\"text-align: center;\"><strong><a href=\"https:\/\/conadi.gob.gt\/web\/acceso-a-la-informacion-publica-2021\/\">2021<\/a><\/strong><\/p>\n<\/td>\n<\/tr>\n<\/tbody>\n<\/table>\n<table style=\"height: 108px;\" width=\"479\">\n<tbody>\n<tr>\n<td colspan=\"4\" width=\"478\">\n<p style=\"text-align: center;\"><strong><em><span style=\"font-size: 10pt;\">DECRETO 57-2008 LEY DE ACCESO A LA INFORMACI\u00d3N P\u00daBLICA<\/span><\/em><\/strong><\/p>\n<\/td>\n<\/tr>\n<tr>\n<td width=\"163\">\n<p style=\"text-align: center;\"><strong><span style=\"font-size: 10pt;\"><a href=\"https:\/\/drive.google.com\/file\/d\/1e2Q3u2PhESuhJjJdn06LkSntK_UmsjKZ\/view?usp=sharing\">LENGUA DE SE\u00d1AS&nbsp;<\/a><\/span><\/strong><\/p>\n<\/td>\n<td style=\"text-align: center;\" width=\"78\"><strong><span style=\"font-size: 10pt;\"><a href=\"https:\/\/conadi.gob.gt\/web\/wp-content\/uploads\/2020\/08\/DECRETO-57-2008-LEY-DE-ACCESO-A-LA-INFORMACI\u00d3N-P\u00daBLICA.docx\">&nbsp;WORD<\/a><\/span><\/strong><\/td>\n<td style=\"text-align: center;\" width=\"121\"><strong><span style=\"font-size: 10pt;\"><a href=\"https:\/\/conadi.gob.gt\/web\/wp-content\/uploads\/2020\/08\/DECRETO-57-2008-LEY-DE-ACCESO-A-LA-INFORMACI\u00d3N-P\u00daBLICA.pdf\">&nbsp;PDF<\/a><\/span><\/strong><\/td>\n<td width=\"116\">\n<p style=\"text-align: center;\"><strong><span style=\"font-size: 10pt;\"><a href=\"https:\/\/drive.google.com\/file\/d\/1kqt9B8yAh_1_uRkMG58rPeitDX4HbEEk\/view?usp=sharing\">AUDIO<\/a><\/span><\/strong><\/p>\n<\/td>\n<\/tr>\n<\/tbody>\n<\/table>\n<p><em><span style=\"font-size: 14pt;\"><strong>Informaci\u00f3n p\u00fablica de oficio a\u00f1o 2022:<\/strong><\/span><\/em><\/p>\n<p><span style=\"font-size: 14pt;\"><strong>Art\u00edculo 10<\/strong><\/span><\/p>\n<p><span style=\"font-size: 12pt;\"><em><strong><a href=\"https:\/\/conadi.gob.gt\/web\/inciso-1-estructura-organica\/\">1.<\/a>&nbsp;<\/strong><\/em><\/span><span style=\"font-size: 12pt;\"><em><a href=\"https:\/\/conadi.gob.gt\/web\/inciso-1-estructura-organica-2\/\">Estructura org\u00e1nica, funciones y marco normativo<\/a><\/em><\/span><\/p>\n<p><span style=\"font-size: 12pt;\"><a href=\"https:\/\/conadi.gob.gt\/web\/inciso-2-direccion-y-telefono-de-la-entidad-y-de-todas-las-dependencias-que-la-conforman-2\/\"><em><strong>2.<\/strong>&nbsp;Direcci\u00f3n y Tel\u00e9fonos&nbsp;<\/em><\/a><\/span><\/p>\n<p><span style=\"font-size: 12pt;\"><a href=\"https:\/\/conadi.gob.gt\/web\/inciso-3-directorio-de-empleados-y-servidores-publicos-2\/\"><em><strong>3.<\/strong>&nbsp;Directorio de Empleados y Servidores P\u00fablicos<\/em><\/a><\/span><\/p>\n<p><span style=\"font-size: 12pt;\"><a href=\"https:\/\/conadi.gob.gt\/web\/inciso-4-numero-y-nombre-de-funcionarios-servidores-publicos-empleados-y-asesores-que-laboran-en-la-institucion-incluyendo-salarios-2\/\"><em><strong>4.<\/strong>&nbsp;Remuneraciones<\/em><\/a><\/span><\/p>\n<p><span style=\"font-size: 12pt;\"><a href=\"https:\/\/conadi.gob.gt\/web\/inciso-5-la-mision-y-objetivos-de-la-institucion-su-plan-operativo-anual-y-los-resultados-en-el-cumplimiento-de-los-mismos-2\/\"><em><strong>5.<\/strong>&nbsp;Misi\u00f3n, Objetivos y POA de la instituci\u00f3n<\/em><\/a><\/span><\/p>\n<p><span style=\"font-size: 12pt;\"><a href=\"https:\/\/conadi.gob.gt\/web\/inciso-6-manuales-de-procedimientos-tanto-administrativos-como-operativos-2\/\"><em><strong>6.<\/strong>&nbsp;Manuales de procedimientos<\/em><\/a><\/span><\/p>\n<p><span style=\"font-size: 12pt;\"><a href=\"https:\/\/conadi.gob.gt\/web\/inciso-7-la-informacion-sobre-el-presupuesto-de-ingresos-y-egresos-asignado-a-cada-ejercicio-fiscal-incluyendo-modificaciones-2\/\"><em><strong>7.<\/strong>&nbsp;Presupuesto de ingresos y egresos&nbsp;<\/em><\/a><\/span><\/p>\n<p><span style=\"font-size: 12pt;\"><a href=\"https:\/\/conadi.gob.gt\/web\/inciso-8-los-informes-mensuales-de-ejecucion-presupuestaria-2\/\"><em><strong>8.&nbsp;<\/strong>Ejecuci\u00f3n presupuestaria&nbsp;<\/em><\/a><\/span><\/p>\n<p><span style=\"font-size: 12pt;\"><a href=\"https:\/\/conadi.gob.gt\/web\/inciso-9-depositos-constituidos-con-fondos-publicos-2\/\"><em><strong>9.<\/strong>&nbsp;Dep\u00f3sitos&nbsp; con fondos p\u00fablicos&nbsp;&nbsp;<\/em><\/a><\/span><\/p>\n<p><span style=\"font-size: 12pt;\"><a href=\"https:\/\/conadi.gob.gt\/web\/inciso-10-procesos-de-cotizacion-y-licitacion-2\/\"><em><strong>10.<\/strong>&nbsp;Procesos de cotizaci\u00f3n y licitaci\u00f3n&nbsp;<\/em><\/a><\/span><\/p>\n<p><span style=\"font-size: 12pt;\"><a href=\"https:\/\/conadi.gob.gt\/web\/inciso-11-contrataciones-de-bienes-y-servicios-2\/\"><em><strong>11. <\/strong>Contrataciones de bienes y servicios&nbsp;<\/em><\/a><\/span><\/p>\n<p><span style=\"font-size: 12pt;\"><a href=\"https:\/\/conadi.gob.gt\/web\/inciso-12-viajes-nacionales-e-internacionales-2\/\"><em><strong>12.<\/strong>&nbsp;Viajes nacionales e internacionales&nbsp;<\/em><\/a><\/span><\/p>\n<p><span style=\"font-size: 12pt;\"><a href=\"https:\/\/conadi.gob.gt\/web\/inciso-13-inventario-de-bienes-muebles-e-inmuebles-2\/\"><em><strong>13.<\/strong>&nbsp;Inventario de bienes y servicios<\/em><\/a><\/span><\/p>\n<p><span style=\"font-size: 12pt;\"><em><a href=\"https:\/\/conadi.gob.gt\/web\/inciso-14-contratos-de-mantenimiento\/\"><strong>14.<\/strong>&nbsp;Contratos de mantenimiento<\/a>&nbsp;<\/em><\/span><\/p>\n<p><span style=\"font-size: 12pt;\"><a href=\"https:\/\/conadi.gob.gt\/web\/inciso-15-montos-asignados-2\/\"><em><strong>15.<\/strong>&nbsp;Programas de subsidios, becas o transferencias&nbsp;<\/em><\/a><\/span><\/p>\n<p><span style=\"font-size: 12pt;\"><em><a href=\"https:\/\/conadi.gob.gt\/web\/inciso-16-la-informacion-relacionada-a-los-contratos-licencias-o-concesiones-para-el-usufructo-o-explotacion-de-bienes-del-estado-2\/\"><strong>16.<\/strong>&nbsp;Contratos, licencias y concesiones<\/a>&nbsp;<\/em><\/span><\/p>\n<p><span style=\"font-size: 12pt;\"><a href=\"https:\/\/conadi.gob.gt\/web\/inciso-17-empresas-precalificadas-2\/\"><em><strong>17.<\/strong>&nbsp;Empresas precalificadas&nbsp;<\/em><\/a><\/span><\/p>\n<p><span style=\"font-size: 12pt;\"><a href=\"https:\/\/conadi.gob.gt\/web\/inciso-18-el-listado-de-las-obras-en-ejecucion-o-ejecutadas-2\/\"><em><strong>18.<\/strong>&nbsp;Obras en ejecuci\u00f3n o ejecutadas&nbsp;<\/em><\/a><\/span><\/p>\n<p><span style=\"font-size: 12pt;\"><a href=\"https:\/\/conadi.gob.gt\/web\/inciso-19-contratos-de-arrendamiento-2\/\"><em><strong>19.<\/strong>&nbsp;Contratos de arrendamiento&nbsp;<\/em><\/a><\/span><\/p>\n<p><span style=\"font-size: 12pt;\"><a href=\"https:\/\/conadi.gob.gt\/web\/inciso-20-contrataciones-por-cotizacion-y-licitacion-2\/\"><em><strong>20.<\/strong>&nbsp;Contrataciones por cotizaci\u00f3n y licitaci\u00f3n&nbsp;<\/em><\/a><\/span><\/p>\n<p><span style=\"font-size: 12pt;\"><a href=\"https:\/\/conadi.gob.gt\/web\/inciso-21-fideicomisos-2\/\"><em><strong>21.&nbsp;<\/strong>Fideicomisos&nbsp;<\/em><\/a><\/span><\/p>\n<p><span style=\"font-size: 12pt;\"><a href=\"https:\/\/conadi.gob.gt\/web\/inciso-22-compras-directas-2\/\"><em><strong>22.<\/strong>&nbsp;Compras directas&nbsp;<\/em><\/a><\/span><\/p>\n<p><span style=\"font-size: 12pt;\"><a href=\"https:\/\/conadi.gob.gt\/web\/inciso-23-informes-de-auditorias-gubernamentales-y-privadas-2\/\"><em><strong>23.<\/strong>&nbsp;Auditorias gubernamentales o privadas&nbsp;<\/em><\/a><\/span><\/p>\n<p><span style=\"font-size: 12pt;\"><a href=\"https:\/\/conadi.gob.gt\/web\/inciso-24-entidades-de-caracter-internacional\/\"><em><strong>24.<\/strong>&nbsp;Entidades car\u00e1cter internacional<\/em><\/a><\/span><\/p>\n<p><span style=\"font-size: 12pt;\"><a href=\"https:\/\/conadi.gob.gt\/web\/inciso-25-entidades-no-gubernamentales-o-de-caracter-privado-2\/\"><em><strong>25.&nbsp;<\/strong>Entidades no gubernamentales o privadas&nbsp;<\/em><\/a><\/span><\/p>\n<p><span style=\"font-size: 12pt;\"><a href=\"https:\/\/conadi.gob.gt\/web\/inciso-26-archivo-2\/\"><em><strong>26.<\/strong>&nbsp;Informe anual sobre funcionamiento y finalidad del archivo<\/em><\/a><\/span><\/p>\n<p><span style=\"font-size: 12pt;\"><a href=\"https:\/\/conadi.gob.gt\/web\/inciso-27-indice-de-la-informacion-clasificada-2\/\"><em><strong style=\"font-size: 12pt;\">27.<\/strong>&nbsp;\u00cdndice&nbsp;de la informaci\u00f3n clasificada&nbsp;<\/em><\/a><\/span><\/p>\n<p><span style=\"font-size: 12pt;\"><a href=\"https:\/\/conadi.gob.gt\/web\/inciso-28-pertenencia-sociolinguistica-2\/\"><em><strong>28.<\/strong>&nbsp;Informe de pertenencia socioling\u00fc\u00edstica&nbsp;<\/em><\/a><\/span><\/p>\n<p><span style=\"font-size: 12pt;\"><a href=\"https:\/\/conadi.gob.gt\/web\/inciso-29-informacion-de-utilidad-2\/\"><em><strong>29.<\/strong>&nbsp;Informaci\u00f3n adicional:&nbsp;<\/em><\/a><\/span>CONVENIOS, OFICINAS MUNICIPALES DE DISCAPACIDAD, MEMORIAS DE LABORES, LEYES, DECRETOS E INICIATIVAS DE LEY<\/p>\n<hr \/>\n<p><span style=\"font-size: 14pt;\"><strong>Art\u00edculo 11<\/strong><\/span><\/p>\n<p><span style=\"font-size: 12pt;\"><a href=\"https:\/\/conadi.gob.gt\/web\/articulo-11-inciso-1-el-ejercicio-de-su-presupuesto-asignado-por-ministerios-viceministerio-direcciones-generales-e-instituciones-descentralizadas-2\/\"><em><strong>1.&nbsp;<\/strong>Ejercicio presupuestario<\/em><\/a><\/span><\/p>\n<p><span style=\"font-size: 12pt;\"><a href=\"https:\/\/conadi.gob.gt\/web\/articulo-11-inciso-2-el-listado-de-asesores-2\/\"><em><strong>2. <\/strong>Listado de asesores<\/em><\/a><\/span><\/p>\n<p><span style=\"font-size: 12pt;\"><a href=\"https:\/\/conadi.gob.gt\/web\/articulo-11-inciso-3-viaticos-al-exterior-2\/\"><em><b style=\"font-size: 12pt;\">3. <\/b>Informe de Gastos y Vi\u00e1ticos&nbsp;al exterior<\/em><\/a><\/span><\/p>\n<hr \/>\n<p><span style=\"font-size: 18pt;\"><strong>SOLICITUD DE INFORMACI\u00d3N&nbsp;<\/strong><\/span><\/p>\n<blockquote>\n<p>[contact-form-7 id=\u00bb4106&#8243; title=\u00bbInformaci\u00f3n P\u00fablica\u00bb]<\/p>\n<\/blockquote><div class=\"pvc_clear\"><\/div><p id=\"pvc_stats_2648\" class=\"pvc_stats all  \" data-element-id=\"2648\" style=\"\"><i class=\"pvc-stats-icon medium\" aria-hidden=\"true\"><svg aria-hidden=\"true\" focusable=\"false\" data-prefix=\"far\" data-icon=\"chart-bar\" role=\"img\" xmlns=\"http:\/\/www.w3.org\/2000\/svg\" viewBox=\"0 0 512 512\" class=\"svg-inline--fa fa-chart-bar fa-w-16 fa-2x\"><path fill=\"currentColor\" d=\"M396.8 352h22.4c6.4 0 12.8-6.4 12.8-12.8V108.8c0-6.4-6.4-12.8-12.8-12.8h-22.4c-6.4 0-12.8 6.4-12.8 12.8v230.4c0 6.4 6.4 12.8 12.8 12.8zm-192 0h22.4c6.4 0 12.8-6.4 12.8-12.8V140.8c0-6.4-6.4-12.8-12.8-12.8h-22.4c-6.4 0-12.8 6.4-12.8 12.8v198.4c0 6.4 6.4 12.8 12.8 12.8zm96 0h22.4c6.4 0 12.8-6.4 12.8-12.8V204.8c0-6.4-6.4-12.8-12.8-12.8h-22.4c-6.4 0-12.8 6.4-12.8 12.8v134.4c0 6.4 6.4 12.8 12.8 12.8zM496 400H48V80c0-8.84-7.16-16-16-16H16C7.16 64 0 71.16 0 80v336c0 17.67 14.33 32 32 32h464c8.84 0 16-7.16 16-16v-16c0-8.84-7.16-16-16-16zm-387.2-48h22.4c6.4 0 12.8-6.4 12.8-12.8v-70.4c0-6.4-6.4-12.8-12.8-12.8h-22.4c-6.4 0-12.8 6.4-12.8 12.8v70.4c0 6.4 6.4 12.8 12.8 12.8z\" class=\"\"><\/path><\/svg><\/i> <img loading=\"lazy\" decoding=\"async\" width=\"16\" height=\"16\" alt=\"Loading\" src=\"https:\/\/conadi.gob.gt\/web\/wp-content\/plugins\/page-views-count\/ajax-loader-2x.gif\" border=0 \/><\/p><div class=\"pvc_clear\"><\/div>","protected":false},"excerpt":{"rendered":"<p>*Atenci\u00f3n de 8:00 a 16:30 horas de lunes a viernes&nbsp;*1a. avenida 4-19 Zona 1&nbsp; &nbsp;*PBX: 25016800 ext.2052&nbsp; E-mail:&nbsp;informacion.publica@conadi.gob.gt INFORMACI\u00d3N P\u00daBLICA DE OFICIO A\u00d1OS ANTERIORES 2015 \u2013 2017&nbsp; 2018 \u2013 2019&nbsp; 2020&nbsp; 2021 DECRETO 57-2008 LEY DE ACCESO A LA INFORMACI\u00d3N P\u00daBLICA LENGUA DE SE\u00d1AS&nbsp; &nbsp;WORD &nbsp;PDF AUDIO Informaci\u00f3n p\u00fablica de oficio a\u00f1o 2022: Art\u00edculo 10 &hellip; <\/p>\n<p class=\"link-more\"><a href=\"https:\/\/conadi.gob.gt\/web\/acceso-a-la-informacion-2\/\" class=\"more-link\">Leer m\u00e1s<span class=\"screen-reader-text\"> \u00abAcceso a la Informaci\u00f3n P\u00fablica de Oficio 2022\u00bb<\/span><\/a><\/p>\n<div class=\"pvc_clear\"><\/div>\n<p id=\"pvc_stats_2648\" class=\"pvc_stats all  \" data-element-id=\"2648\" style=\"\"><i class=\"pvc-stats-icon medium\" aria-hidden=\"true\"><svg aria-hidden=\"true\" focusable=\"false\" data-prefix=\"far\" data-icon=\"chart-bar\" role=\"img\" xmlns=\"http:\/\/www.w3.org\/2000\/svg\" viewBox=\"0 0 512 512\" class=\"svg-inline--fa fa-chart-bar fa-w-16 fa-2x\"><path fill=\"currentColor\" d=\"M396.8 352h22.4c6.4 0 12.8-6.4 12.8-12.8V108.8c0-6.4-6.4-12.8-12.8-12.8h-22.4c-6.4 0-12.8 6.4-12.8 12.8v230.4c0 6.4 6.4 12.8 12.8 12.8zm-192 0h22.4c6.4 0 12.8-6.4 12.8-12.8V140.8c0-6.4-6.4-12.8-12.8-12.8h-22.4c-6.4 0-12.8 6.4-12.8 12.8v198.4c0 6.4 6.4 12.8 12.8 12.8zm96 0h22.4c6.4 0 12.8-6.4 12.8-12.8V204.8c0-6.4-6.4-12.8-12.8-12.8h-22.4c-6.4 0-12.8 6.4-12.8 12.8v134.4c0 6.4 6.4 12.8 12.8 12.8zM496 400H48V80c0-8.84-7.16-16-16-16H16C7.16 64 0 71.16 0 80v336c0 17.67 14.33 32 32 32h464c8.84 0 16-7.16 16-16v-16c0-8.84-7.16-16-16-16zm-387.2-48h22.4c6.4 0 12.8-6.4 12.8-12.8v-70.4c0-6.4-6.4-12.8-12.8-12.8h-22.4c-6.4 0-12.8 6.4-12.8 12.8v70.4c0 6.4 6.4 12.8 12.8 12.8z\" class=\"\"><\/path><\/svg><\/i> <img loading=\"lazy\" decoding=\"async\" width=\"16\" height=\"16\" alt=\"Loading\" src=\"https:\/\/conadi.gob.gt\/web\/wp-content\/plugins\/page-views-count\/ajax-loader-2x.gif\" border=0 \/><\/p>\n<div class=\"pvc_clear\"><\/div>\n","protected":false},"author":7,"featured_media":0,"parent":0,"menu_order":0,"comment_status":"closed","ping_status":"closed","template":"","meta":{"inspiro_hide_title":false,"footnotes":""},"class_list":["post-2648","page","type-page","status-publish","hentry"],"_links":{"self":[{"href":"https:\/\/conadi.gob.gt\/web\/wp-json\/wp\/v2\/pages\/2648","targetHints":{"allow":["GET"]}}],"collection":[{"href":"https:\/\/conadi.gob.gt\/web\/wp-json\/wp\/v2\/pages"}],"about":[{"href":"https:\/\/conadi.gob.gt\/web\/wp-json\/wp\/v2\/types\/page"}],"author":[{"embeddable":true,"href":"https:\/\/conadi.gob.gt\/web\/wp-json\/wp\/v2\/users\/7"}],"replies":[{"embeddable":true,"href":"https:\/\/conadi.gob.gt\/web\/wp-json\/wp\/v2\/comments?post=2648"}],"version-history":[{"count":1094,"href":"https:\/\/conadi.gob.gt\/web\/wp-json\/wp\/v2\/pages\/2648\/revisions"}],"predecessor-version":[{"id":12601,"href":"https:\/\/conadi.gob.gt\/web\/wp-json\/wp\/v2\/pages\/2648\/revisions\/12601"}],"wp:attachment":[{"href":"https:\/\/conadi.gob.gt\/web\/wp-json\/wp\/v2\/media?parent=2648"}],"curies":[{"name":"wp","href":"https:\/\/api.w.org\/{rel}","templated":true}]}}