{"id":6472,"date":"2019-10-14T19:44:17","date_gmt":"2019-10-14T19:44:17","guid":{"rendered":"http:\/\/conadi.gob.gt\/web\/?page_id=6472"},"modified":"2019-10-14T19:44:17","modified_gmt":"2019-10-14T19:44:17","slug":"conadi-fortalece-la-cooperacion","status":"publish","type":"page","link":"https:\/\/conadi.gob.gt\/web\/conadi-fortalece-la-cooperacion\/","title":{"rendered":"CONADI FORTALECE LA COOPERACI\u00d3N"},"content":{"rendered":"<p>Como parte de las acciones que realiza el Consejo Nacional para la Atenci\u00f3n de las Personas con Discapacidad \u2013CONADI- para fortalecer la inclusi\u00f3n de las personas con discapacidad, suscribi\u00f3 dos convenios de cooperaci\u00f3n y colaboraci\u00f3n, con el objetivo de coadyuvar el cumplimiento de compromisos como pa\u00eds en materia de los derechos de las personas con discapacidad. Especialmente en el avance del cumplimiento del art\u00edculo 33 de la Convenci\u00f3n Sobre los Derechos de las Personas con Discapacidad que reconoce la aplicaci\u00f3n y seguimiento nacional con la posibilidad de establecer o designar un mecanismo de coordinaci\u00f3n para facilitar la adopci\u00f3n de medidas al respecto en diferentes sectores y procesos de seguimiento.<\/p>\n<p>El primer convenio que suscribi\u00f3 el CONADI fue con el Instituto de Defensa P\u00fablica Penal\u00a0 \u00a0\u00a0\u00a0\u00a0\u00a0\u00a0\u00a0\u00a0\u00a0\u00a0\u00a0\u00a0\u00a0\u00a0\u00a0\u2013IDPP- con el objetivo promover pol\u00edticas, programas y servicios con enfoque de derechos humanos, orientados a la atenci\u00f3n de las personas con discapacidad, garantizando procesos de inclusi\u00f3n en el IDPP.<\/p>\n<p>La firma de este convenio que tiene vigencia de un a\u00f1o, fue realizada por Rosa Idalia Aldana, presidenta del CONADI y director general del Instituto de Defensa P\u00fablica Penal -IDPP-, Idonaldo Arevael Fuentes.<\/p>\n<p>Asimismo, al trabajo que realiza el CONADI para mejorar la atenci\u00f3n hacia las personas con discapacidad en nuestro pa\u00eds, realiz\u00f3 un acercamiento con Instituto de Fomento Municipal \u00a0\u00a0\u00a0\u00a0\u00a0\u00a0\u00a0\u00a0\u00a0\u00a0\u00a0\u00a0\u00a0-INFOM- para suscribir un convenio de cooperaci\u00f3n y colaboraci\u00f3n, el cual cuenta con el aval de Rosa Idalia Aldana, presidenta del CONADI y Sebasti\u00e1n Toledo, director de esta instituci\u00f3n. Por parte del INFOM estuvieron presentes Jos\u00e9 Luis Reyes Flores, presidente de Junta Directiva y Arturo Argueta, director de Junta Directiva.<\/p>\n<p>Este convenio busca, la coordinaci\u00f3n y acompa\u00f1amiento de acciones que contribuyan a elaborar de manera conjunta programas, proyectos y actividades que abarquen el \u00e1mbito general de la capacitaci\u00f3n, colaboraci\u00f3n, cooperaci\u00f3n e inclusi\u00f3n de personas con discapacidad en las diferentes entidades municipales.<\/p>\n<p>El compromiso del CONADI ser\u00e1 brindar asesor\u00eda, acompa\u00f1amiento, as\u00ed como talleres y capacitaciones que promuevan acciones para el fortalecer la inclusi\u00f3n de las personas con discapacidad en la institucionalidad municipal.<\/p>\n<p>Es importante agregar que el Comit\u00e9 de Expertos de las Naciones Unidas reconoce que la discapacidad es un concepto que evoluciona y que resulta de la interacci\u00f3n entre las personas con deficiencias y las barreras debidas a la actitud y al entorno que evitan su partici\u00f3n plena y efectiva en la en la sociedad, en igualdad de condiciones con las dem\u00e1s.<\/p>\n<p>&nbsp;<\/p>\n<p><a href=\"https:\/\/conadi.gob.gt\/web\/wp-content\/uploads\/2019\/10\/collage.jpg\"><img loading=\"lazy\" decoding=\"async\" class=\"alignnone size-medium wp-image-6473\" src=\"https:\/\/conadi.gob.gt\/web\/wp-content\/uploads\/2019\/10\/collage-300x300.jpg\" alt=\"\" width=\"300\" height=\"300\" srcset=\"https:\/\/conadi.gob.gt\/web\/wp-content\/uploads\/2019\/10\/collage-300x300.jpg 300w, https:\/\/conadi.gob.gt\/web\/wp-content\/uploads\/2019\/10\/collage-150x150.jpg 150w, https:\/\/conadi.gob.gt\/web\/wp-content\/uploads\/2019\/10\/collage-768x768.jpg 768w, https:\/\/conadi.gob.gt\/web\/wp-content\/uploads\/2019\/10\/collage-1024x1024.jpg 1024w, https:\/\/conadi.gob.gt\/web\/wp-content\/uploads\/2019\/10\/collage.jpg 1207w\" sizes=\"auto, (max-width: 300px) 100vw, 300px\" \/><\/a><\/p>\n<div class=\"pvc_clear\"><\/div>\n<p id=\"pvc_stats_6472\" class=\"pvc_stats all  \" data-element-id=\"6472\" style=\"\"><i class=\"pvc-stats-icon medium\" aria-hidden=\"true\"><svg aria-hidden=\"true\" focusable=\"false\" data-prefix=\"far\" data-icon=\"chart-bar\" role=\"img\" xmlns=\"http:\/\/www.w3.org\/2000\/svg\" viewBox=\"0 0 512 512\" class=\"svg-inline--fa fa-chart-bar fa-w-16 fa-2x\"><path fill=\"currentColor\" d=\"M396.8 352h22.4c6.4 0 12.8-6.4 12.8-12.8V108.8c0-6.4-6.4-12.8-12.8-12.8h-22.4c-6.4 0-12.8 6.4-12.8 12.8v230.4c0 6.4 6.4 12.8 12.8 12.8zm-192 0h22.4c6.4 0 12.8-6.4 12.8-12.8V140.8c0-6.4-6.4-12.8-12.8-12.8h-22.4c-6.4 0-12.8 6.4-12.8 12.8v198.4c0 6.4 6.4 12.8 12.8 12.8zm96 0h22.4c6.4 0 12.8-6.4 12.8-12.8V204.8c0-6.4-6.4-12.8-12.8-12.8h-22.4c-6.4 0-12.8 6.4-12.8 12.8v134.4c0 6.4 6.4 12.8 12.8 12.8zM496 400H48V80c0-8.84-7.16-16-16-16H16C7.16 64 0 71.16 0 80v336c0 17.67 14.33 32 32 32h464c8.84 0 16-7.16 16-16v-16c0-8.84-7.16-16-16-16zm-387.2-48h22.4c6.4 0 12.8-6.4 12.8-12.8v-70.4c0-6.4-6.4-12.8-12.8-12.8h-22.4c-6.4 0-12.8 6.4-12.8 12.8v70.4c0 6.4 6.4 12.8 12.8 12.8z\" class=\"\"><\/path><\/svg><\/i> <img loading=\"lazy\" decoding=\"async\" width=\"16\" height=\"16\" alt=\"Loading\" src=\"https:\/\/conadi.gob.gt\/web\/wp-content\/plugins\/page-views-count\/ajax-loader-2x.gif\" border=0 \/><\/p>\n<div class=\"pvc_clear\"><\/div>\n","protected":false},"excerpt":{"rendered":"<p>Como parte de las acciones que realiza el Consejo Nacional para la Atenci\u00f3n de las Personas con Discapacidad \u2013CONADI- para fortalecer la inclusi\u00f3n de las personas con discapacidad, suscribi\u00f3 dos convenios de cooperaci\u00f3n y colaboraci\u00f3n, con el objetivo de coadyuvar el cumplimiento de compromisos como pa\u00eds en materia de los derechos de las personas con &hellip; <\/p>\n<p class=\"link-more\"><a href=\"https:\/\/conadi.gob.gt\/web\/conadi-fortalece-la-cooperacion\/\" class=\"more-link\">Leer m\u00e1s<span class=\"screen-reader-text\"> \u00abCONADI FORTALECE LA COOPERACI\u00d3N\u00bb<\/span><\/a><\/p>\n<div class=\"pvc_clear\"><\/div>\n<p id=\"pvc_stats_6472\" class=\"pvc_stats all  \" data-element-id=\"6472\" style=\"\"><i class=\"pvc-stats-icon medium\" aria-hidden=\"true\"><svg aria-hidden=\"true\" focusable=\"false\" data-prefix=\"far\" data-icon=\"chart-bar\" role=\"img\" xmlns=\"http:\/\/www.w3.org\/2000\/svg\" viewBox=\"0 0 512 512\" class=\"svg-inline--fa fa-chart-bar fa-w-16 fa-2x\"><path fill=\"currentColor\" d=\"M396.8 352h22.4c6.4 0 12.8-6.4 12.8-12.8V108.8c0-6.4-6.4-12.8-12.8-12.8h-22.4c-6.4 0-12.8 6.4-12.8 12.8v230.4c0 6.4 6.4 12.8 12.8 12.8zm-192 0h22.4c6.4 0 12.8-6.4 12.8-12.8V140.8c0-6.4-6.4-12.8-12.8-12.8h-22.4c-6.4 0-12.8 6.4-12.8 12.8v198.4c0 6.4 6.4 12.8 12.8 12.8zm96 0h22.4c6.4 0 12.8-6.4 12.8-12.8V204.8c0-6.4-6.4-12.8-12.8-12.8h-22.4c-6.4 0-12.8 6.4-12.8 12.8v134.4c0 6.4 6.4 12.8 12.8 12.8zM496 400H48V80c0-8.84-7.16-16-16-16H16C7.16 64 0 71.16 0 80v336c0 17.67 14.33 32 32 32h464c8.84 0 16-7.16 16-16v-16c0-8.84-7.16-16-16-16zm-387.2-48h22.4c6.4 0 12.8-6.4 12.8-12.8v-70.4c0-6.4-6.4-12.8-12.8-12.8h-22.4c-6.4 0-12.8 6.4-12.8 12.8v70.4c0 6.4 6.4 12.8 12.8 12.8z\" class=\"\"><\/path><\/svg><\/i> <img loading=\"lazy\" decoding=\"async\" width=\"16\" height=\"16\" alt=\"Loading\" src=\"https:\/\/conadi.gob.gt\/web\/wp-content\/plugins\/page-views-count\/ajax-loader-2x.gif\" border=0 \/><\/p>\n<div class=\"pvc_clear\"><\/div>\n","protected":false},"author":12,"featured_media":6473,"parent":0,"menu_order":0,"comment_status":"closed","ping_status":"closed","template":"","meta":{"inspiro_hide_title":false,"footnotes":""},"class_list":["post-6472","page","type-page","status-publish","has-post-thumbnail","hentry"],"_links":{"self":[{"href":"https:\/\/conadi.gob.gt\/web\/wp-json\/wp\/v2\/pages\/6472","targetHints":{"allow":["GET"]}}],"collection":[{"href":"https:\/\/conadi.gob.gt\/web\/wp-json\/wp\/v2\/pages"}],"about":[{"href":"https:\/\/conadi.gob.gt\/web\/wp-json\/wp\/v2\/types\/page"}],"author":[{"embeddable":true,"href":"https:\/\/conadi.gob.gt\/web\/wp-json\/wp\/v2\/users\/12"}],"replies":[{"embeddable":true,"href":"https:\/\/conadi.gob.gt\/web\/wp-json\/wp\/v2\/comments?post=6472"}],"version-history":[{"count":1,"href":"https:\/\/conadi.gob.gt\/web\/wp-json\/wp\/v2\/pages\/6472\/revisions"}],"predecessor-version":[{"id":6474,"href":"https:\/\/conadi.gob.gt\/web\/wp-json\/wp\/v2\/pages\/6472\/revisions\/6474"}],"wp:featuredmedia":[{"embeddable":true,"href":"https:\/\/conadi.gob.gt\/web\/wp-json\/wp\/v2\/media\/6473"}],"wp:attachment":[{"href":"https:\/\/conadi.gob.gt\/web\/wp-json\/wp\/v2\/media?parent=6472"}],"curies":[{"name":"wp","href":"https:\/\/api.w.org\/{rel}","templated":true}]}}

CONADI FORTALECE LA COOPERACIÓN

<p>Como parte de las acciones que realiza el Consejo Nacional para la Atención de las Personas con Discapacidad –CONADI- para fortalecer la inclusión de las personas con discapacidad, suscribió dos convenios de cooperación y colaboración, con el objetivo de coadyuvar el cumplimiento de compromisos como país en materia de los derechos de las personas con discapacidad. Especialmente en el avance del cumplimiento del artículo 33 de la Convención Sobre los Derechos de las Personas con Discapacidad que reconoce la aplicación y seguimiento nacional con la posibilidad de establecer o designar un mecanismo de coordinación para facilitar la adopción de medidas al respecto en diferentes sectores y procesos de seguimiento.</p>
<p>El primer convenio que suscribió el CONADI fue con el Instituto de Defensa Pública Penal                 –IDPP- con el objetivo promover políticas, programas y servicios con enfoque de derechos humanos, orientados a la atención de las personas con discapacidad, garantizando procesos de inclusión en el IDPP.</p>
<p>La firma de este convenio que tiene vigencia de un año, fue realizada por Rosa Idalia Aldana, presidenta del CONADI y director general del Instituto de Defensa Pública Penal -IDPP-, Idonaldo Arevael Fuentes.</p>
<p>Asimismo, al trabajo que realiza el CONADI para mejorar la atención hacia las personas con discapacidad en nuestro país, realizó un acercamiento con Instituto de Fomento Municipal              -INFOM- para suscribir un convenio de cooperación y colaboración, el cual cuenta con el aval de Rosa Idalia Aldana, presidenta del CONADI y Sebastián Toledo, director de esta institución. Por parte del INFOM estuvieron presentes José Luis Reyes Flores, presidente de Junta Directiva y Arturo Argueta, director de Junta Directiva.</p>
<p>Este convenio busca, la coordinación y acompañamiento de acciones que contribuyan a elaborar de manera conjunta programas, proyectos y actividades que abarquen el ámbito general de la capacitación, colaboración, cooperación e inclusión de personas con discapacidad en las diferentes entidades municipales.</p>
<p>El compromiso del CONADI será brindar asesoría, acompañamiento, así como talleres y capacitaciones que promuevan acciones para el fortalecer la inclusión de las personas con discapacidad en la institucionalidad municipal.</p>
<p>Es importante agregar que el Comité de Expertos de las Naciones Unidas reconoce que la discapacidad es un concepto que evoluciona y que resulta de la interacción entre las personas con deficiencias y las barreras debidas a la actitud y al entorno que evitan su partición plena y efectiva en la en la sociedad, en igualdad de condiciones con las demás.</p>
<p>&nbsp;</p>
<p><a href="https://conadi.gob.gt/web/wp-content/uploads/2019/10/collage.jpg"><img loading="lazy" decoding="async" class="alignnone size-medium wp-image-6473" src="https://conadi.gob.gt/web/wp-content/uploads/2019/10/collage-300x300.jpg" alt="" width="300" height="300" srcset="https://conadi.gob.gt/web/wp-content/uploads/2019/10/collage-300x300.jpg 300w, https://conadi.gob.gt/web/wp-content/uploads/2019/10/collage-150x150.jpg 150w, https://conadi.gob.gt/web/wp-content/uploads/2019/10/collage-768x768.jpg 768w, https://conadi.gob.gt/web/wp-content/uploads/2019/10/collage-1024x1024.jpg 1024w, https://conadi.gob.gt/web/wp-content/uploads/2019/10/collage.jpg 1207w" sizes="auto, (max-width: 300px) 100vw, 300px" /></a></p>
<div class="pvc_clear"></div>
<p id="pvc_stats_6472" class="pvc_stats all  " data-element-id="6472" style=""><i class="pvc-stats-icon medium" aria-hidden="true"><svg aria-hidden="true" focusable="false" data-prefix="far" data-icon="chart-bar" role="img" xmlns="http://www.w3.org/2000/svg" viewBox="0 0 512 512" class="svg-inline--fa fa-chart-bar fa-w-16 fa-2x"><path fill="currentColor" d="M396.8 352h22.4c6.4 0 12.8-6.4 12.8-12.8V108.8c0-6.4-6.4-12.8-12.8-12.8h-22.4c-6.4 0-12.8 6.4-12.8 12.8v230.4c0 6.4 6.4 12.8 12.8 12.8zm-192 0h22.4c6.4 0 12.8-6.4 12.8-12.8V140.8c0-6.4-6.4-12.8-12.8-12.8h-22.4c-6.4 0-12.8 6.4-12.8 12.8v198.4c0 6.4 6.4 12.8 12.8 12.8zm96 0h22.4c6.4 0 12.8-6.4 12.8-12.8V204.8c0-6.4-6.4-12.8-12.8-12.8h-22.4c-6.4 0-12.8 6.4-12.8 12.8v134.4c0 6.4 6.4 12.8 12.8 12.8zM496 400H48V80c0-8.84-7.16-16-16-16H16C7.16 64 0 71.16 0 80v336c0 17.67 14.33 32 32 32h464c8.84 0 16-7.16 16-16v-16c0-8.84-7.16-16-16-16zm-387.2-48h22.4c6.4 0 12.8-6.4 12.8-12.8v-70.4c0-6.4-6.4-12.8-12.8-12.8h-22.4c-6.4 0-12.8 6.4-12.8 12.8v70.4c0 6.4 6.4 12.8 12.8 12.8z" class=""></path></svg></i> <img loading="lazy" decoding="async" width="16" height="16" alt="Loading" src="https://conadi.gob.gt/web/wp-content/plugins/page-views-count/ajax-loader-2x.gif" border=0 /></p>
<div class="pvc_clear"></div>

<p>Como parte de las acciones que realiza el Consejo Nacional para la Atención de las Personas con Discapacidad –CONADI- para fortalecer la inclusión de las personas con discapacidad, suscribió dos convenios de cooperación y colaboración, con el objetivo de coadyuvar el cumplimiento de compromisos como país en materia de los derechos de las personas con &hellip; </p>
<p class="link-more"><a href="https://conadi.gob.gt/web/conadi-fortalece-la-cooperacion/" class="more-link">Leer más<span class="screen-reader-text"> «CONADI FORTALECE LA COOPERACIÓN»</span></a></p>
<div class="pvc_clear"></div>
<p id="pvc_stats_6472" class="pvc_stats all  " data-element-id="6472" style=""><i class="pvc-stats-icon medium" aria-hidden="true"><svg aria-hidden="true" focusable="false" data-prefix="far" data-icon="chart-bar" role="img" xmlns="http://www.w3.org/2000/svg" viewBox="0 0 512 512" class="svg-inline--fa fa-chart-bar fa-w-16 fa-2x"><path fill="currentColor" d="M396.8 352h22.4c6.4 0 12.8-6.4 12.8-12.8V108.8c0-6.4-6.4-12.8-12.8-12.8h-22.4c-6.4 0-12.8 6.4-12.8 12.8v230.4c0 6.4 6.4 12.8 12.8 12.8zm-192 0h22.4c6.4 0 12.8-6.4 12.8-12.8V140.8c0-6.4-6.4-12.8-12.8-12.8h-22.4c-6.4 0-12.8 6.4-12.8 12.8v198.4c0 6.4 6.4 12.8 12.8 12.8zm96 0h22.4c6.4 0 12.8-6.4 12.8-12.8V204.8c0-6.4-6.4-12.8-12.8-12.8h-22.4c-6.4 0-12.8 6.4-12.8 12.8v134.4c0 6.4 6.4 12.8 12.8 12.8zM496 400H48V80c0-8.84-7.16-16-16-16H16C7.16 64 0 71.16 0 80v336c0 17.67 14.33 32 32 32h464c8.84 0 16-7.16 16-16v-16c0-8.84-7.16-16-16-16zm-387.2-48h22.4c6.4 0 12.8-6.4 12.8-12.8v-70.4c0-6.4-6.4-12.8-12.8-12.8h-22.4c-6.4 0-12.8 6.4-12.8 12.8v70.4c0 6.4 6.4 12.8 12.8 12.8z" class=""></path></svg></i> <img loading="lazy" decoding="async" width="16" height="16" alt="Loading" src="https://conadi.gob.gt/web/wp-content/plugins/page-views-count/ajax-loader-2x.gif" border=0 /></p>
<div class="pvc_clear"></div>
